979
CXUS54 KFWD 022025
CF6AFW
PRELIMINARY LOCAL CLIMATOLOGICAL DATA (WS FORM: F-6)

                                          STATION:   FORT WORTH ALLIANCE
                                          MONTH:     NOVEMBER
                                          YEAR:      2014
                                          LATITUDE:   32 58 N
                                          LONGITUDE:  97 19 W

  TEMPERATURE IN F:       :PCPN:    SNOW:  WIND      :SUNSHINE: SKY     :PK WND
================================================================================
1   2   3   4   5  6A  6B    7    8   9   10  11  12  13   14  15   16   17  18
                                     12Z  AVG MX 2MIN
DY MAX MIN AVG DEP HDD CDD  WTR  SNW DPTH SPD SPD DIR MIN PSBL S-S WX    SPD DR
================================================================================

 1  62  31  47 -14  18   0 0.00  0.0    0  7.6 17 140   M    M   2        21 130
 2  68  46  57  -4   8   0 0.00  0.0    0 12.9 21 160   M    M   6        28 170
 3  77  55  66   6   0   1 0.00  0.0    0 13.8 24 170   M    M   9        34 180
 4  71  52  62   2   3   0 1.26  0.0    0  9.4 32  20   M    M  10 1      41  30
 5  58  48  53  -7  12   0 0.23  0.0    0  5.4 13  10   M    M  10 1      15  10
 6  71  39  55  -4  10   0 0.00  0.0    0  5.2 16  10   M    M   3        21 350
 7  70  36  53  -6  12   0 0.00  0.0    0  5.4 15 190   M    M   1        20 200
 8  70  40  55  -3  10   0 0.00  0.0    0  9.5 30  10   M    M   2 8      36 360
 9  75  35  55  -3  10   0 0.00  0.0    0  6.6 16 200   M    M   2        24 190
10  80  52  66   8   0   1 0.00  0.0    0 15.0 25 190   M    M   1        37 190
11  66  35  51  -6  14   0    T  0.0    0 16.1 29 300   M    M   4        38 300
12  40  29  35 -22  30   0    T    M    0 17.0 25  10   M    M   5 4      32 360
13  38  22  30 -26  35   0 0.00  0.0    0 12.2 23 360   M    M   6        28  10
14  41  23  32 -24  33   0 0.00  0.0    0  3.9  9 150   M    M   8        12 150
15  46  33  40 -16  25   0    T  0.0    0 11.6 20 150   M    M   9 1      27 150
16  41  25  33 -22  32   0 0.08    M    0 12.9 23  10   M    M  10 1346   28 360
17  43  20  32 -23  33   0 0.00  0.0    M  8.4 18 340   M    M   1        24  10
18  57  20  39 -15  26   0 0.00  0.0    0  6.8 17 250   M    M   1        23 240
19  65  33  49  -5  16   0 0.00  0.0    0  5.5 15 220   M    M   1        20 200
20  72  31  52  -2  13   0 0.00  0.0    0  6.6 18 160   M    M   4        24 150
21  68  60  64  11   1   0    T  0.0    0 10.9 18 160   M    M  10 1      25 170
22  63  54  59   6   6   0 1.15  0.0    0 10.5 32 150   M    M   9 13     39 150
23  76  46  61   9   4   0 0.00  0.0    0 12.1 30 320   M    M   2        44 300
24  60  34  47  -5  18   0 0.00  0.0    0  6.2 17 310   M    M   2 8      23 300
25  61  30  46  -6  19   0 0.00  0.0    0  4.4 14 260   M    M   2 8      18 260
26  63  37  50  -1  15   0 0.00  0.0    0  9.2 20 360   M    M   2        26 350
27  57  32  45  -6  20   0 0.00  0.0    0  4.8 13  20   M    M   0        16  20
28  70  37  54   4  11   0 0.00  0.0    0 10.7 23 200   M    M   2        34 200
29  77  50  64  14   1   0 0.00  0.0    0 14.2 25 210   M    M   0        34 190
30  79  51  65  15   0   0 0.00  0.0    0 12.3 22 210   M    M   3        31 220
================================================================================
SM 1885 1136       435   2  2.72     0.0 287.1          M      127
================================================================================
AV 62.8 37.9                               9.6 FASTST   M    M   4    MAX(MPH)
                                 MISC ---->  # 32  20               # 44  300
================================================================================
NOTES:
# LAST OF SEVERAL OCCURRENCES

COLUMN 17 PEAK WIND IN M.P.H.

PRELIMINARY LOCAL CLIMATOLOGICAL DATA (WS FORM: F-6) , PAGE 2

                                          STATION:  FORT WORTH ALLIANCE
                                          MONTH:    NOVEMBER
                                          YEAR:     2014
                                          LATITUDE:   32 58 N
                                          LONGITUDE:  97 19 W

[TEMPERATURE DATA]      [PRECIPITATION DATA]       SYMBOLS USED IN COLUMN 16

AVERAGE MONTHLY: 50.3   TOTAL FOR MONTH:   2.72    1 = FOG OR MIST
DPTR FM NORMAL:  -5.0   DPTR FM NORMAL:    0.19    2 = FOG REDUCING VISIBILITY
HIGHEST:    80 ON 10    GRTST 24HR  1.31 ON  4- 5      TO 1/4 MILE OR LESS
LOWEST:     20 ON 18,17                            3 = THUNDER
                        SNOW, ICE PELLETS, HAIL    4 = ICE PELLETS
                        TOTAL MONTH:   0.0 INCH    5 = HAIL
                        GRTST 24HR     0.0         6 = FREEZING RAIN OR DRIZZLE
                        GRTST DEPTH:   0           7 = DUSTSTORM OR SANDSTORM:
                                                       VSBY 1/2 MILE OR LESS
                                                   8 = SMOKE OR HAZE
[NO. OF DAYS WITH]      [WEATHER - DAYS WITH]      9 = BLOWING SNOW
                                                   X = TORNADO
MAX 32 OR BELOW:   0    0.01 INCH OR MORE:   4
MAX 90 OR ABOVE:   0    0.10 INCH OR MORE:   3
MIN 32 OR BELOW:  10    0.50 INCH OR MORE:   2
MIN  0 OR BELOW:   0    1.00 INCH OR MORE:   2

[HDD (BASE 65) ]
TOTAL THIS MO.   435    CLEAR  (SCALE 0-3)  17
DPTR FM NORMAL   123    PTCLDY (SCALE 4-7)   6
TOTAL FM JUL 1   470    CLOUDY (SCALE 8-10)  7
DPTR FM NORMAL    65

[CDD (BASE 65) ]
TOTAL THIS MO.     2
DPTR FM NORMAL   -19    [PRESSURE DATA]
TOTAL FM JAN 1  2544    HIGHEST SLP 30.65 ON 13
DPTR FM NORMAL   -35    LOWEST  SLP 29.36 ON 23

[REMARKS]
#FINAL-11-14#




U.S. Dept. of Commerce
NOAA National Weather Service
1325 East West Highway
Silver Spring, MD 20910
E-mail: w-nws.webmaster@noaa.gov
Page last modified: May 16, 2007
NATIONAL WEATHER SERVICE: for Safety, for Work, for Fun - FOR LIFE