774
CXUS54 KFWD 290730
CF6AFW
PRELIMINARY LOCAL CLIMATOLOGICAL DATA (WS FORM: F-6)

                                          STATION:   FORT WORTH ALLIANCE
                                          MONTH:     JANUARY
                                          YEAR:      2015
                                          LATITUDE:   32 58 N
                                          LONGITUDE:  97 19 W

  TEMPERATURE IN F:       :PCPN:    SNOW:  WIND      :SUNSHINE: SKY     :PK WND
================================================================================
1   2   3   4   5  6A  6B    7    8   9   10  11  12  13   14  15   16   17  18
                                     12Z  AVG MX 2MIN
DY MAX MIN AVG DEP HDD CDD  WTR  SNW DPTH SPD SPD DIR MIN PSBL S-S WX    SPD DR
================================================================================

 1  35  30  33 -12  32   0 0.49    M    0  5.7 12  40   M    M  10 16     12  40
 2  39  34  37  -8  28   0 0.54    M    0  8.1 20  10   M    M  10 13     23  10
 3  56  37  47   2  18   0 0.27    M    0  7.2 16 230   M    M   6 13     21 220
 4  39  26  33 -12  32   0 0.00  0.0    0 12.5 28 340   M    M   1        35 340
 5  46  16  31 -14  34   0 0.00  0.0    0  5.1 15 170   M    M   3        20 170
 6  57  24  41  -4  24   0 0.00  0.0    0  4.1 14  20   M    M   2        17  20
 7  39  20  30 -15  35   0 0.00  0.0    0 17.4 30 360   M    M   3        38  30
 8  38  12  25 -20  40   0 0.00  0.0    0  7.0 18 170   M    M   3        24 200
 9  39  22  31 -14  34   0 0.00  0.0    0  9.9 21 360   M    M   8        24  10
10  38  30  34 -11  31   0 0.06  0.0    0  7.2 14 170   M    M  10 18     17 160
11  42  33  38  -7  27   0 0.29  0.0    0  6.2 13 160   M    M  10 1      16 140
12  42  34  38  -7  27   0    T  0.0    0 13.6 22 360   M    M  10 18     26  10
13  39  31  35 -10  30   0 0.00  0.0    0  9.0 16 360   M    M  10 8      18 360
14  39  34  37  -8  28   0 0.00  0.0    0  5.8  9 350   M    M  10 8      12 330
15  56  29  43  -2  22   0 0.00  0.0    0  4.9 12 310   M    M   3 8      17 310
16  64  24  44  -1  21   0 0.00  0.0    0  4.5 14 210   M    M   4 1      20 200
17  67  39  53   7  12   0 0.00  0.0    0 10.7 24 340   M    M   2        31 190
18  71  27  49   3  16   0 0.00  0.0    0  6.7 17 210   M    M   1        24 190
19  71  36  54   8  11   0 0.00  0.0    0  3.2 12 200   M    M   2 8      17 210
20  69  31  50   4  15   0 0.00  0.0    0  6.5 17  20   M    M   3        23  30
21  60  36  48   2  17   0 0.35  0.0    0  8.3 15  50   M    M   7 1      23  60
22  45  37  41  -5  24   0 0.74  0.0    0 13.8 24  30   M    M  10 1      30  30
23  50  34  42  -4  23   0 0.00  0.0    0  8.9 18 300   M    M   7        27 340
24  60  30  45  -1  20   0 0.00  0.0    0  6.8 14 310   M    M   3        19 310
25  63  34  49   3  16   0 0.00  0.0    0 11.9 30 320   M    M   1        38 310
26  73  29  51   5  14   0 0.00  0.0    0  4.3 14 270   M    M   2        17 240
27  77  42  60  14   5   0 0.00  0.0    0  3.0  9 300   M    M   5 8      14 280
28  82  48  65  19   0   0 0.00  0.0    0  7.8 17 180   M    M   3 8      26 190
================================================================================
SM 1496  859       636   0  2.74     0.0 220.1          M      149
================================================================================
AV 53.4 30.7                               7.9 FASTST   M    M   5    MAX(MPH)
                                 MISC ---->  # 30 360               # 38   30
================================================================================
NOTES:
# LAST OF SEVERAL OCCURRENCES

COLUMN 17 PEAK WIND IN M.P.H.

PRELIMINARY LOCAL CLIMATOLOGICAL DATA (WS FORM: F-6) , PAGE 2

                                          STATION:  FORT WORTH ALLIANCE
                                          MONTH:    JANUARY
                                          YEAR:     2015
                                          LATITUDE:   32 58 N
                                          LONGITUDE:  97 19 W

[TEMPERATURE DATA]      [PRECIPITATION DATA]       SYMBOLS USED IN COLUMN 16

AVERAGE MONTHLY: 42.1   TOTAL FOR MONTH:   2.74    1 = FOG OR MIST
DPTR FM NORMAL:  -3.4   DPTR FM NORMAL:    1.15    2 = FOG REDUCING VISIBILITY
HIGHEST:    82 ON 28    GRTST 24HR  1.07 ON 21-22      TO 1/4 MILE OR LESS
LOWEST:     12 ON  8                               3 = THUNDER
                        SNOW, ICE PELLETS, HAIL    4 = ICE PELLETS
                        TOTAL MONTH:   0.0 INCH    5 = HAIL
                        GRTST 24HR     0.0         6 = FREEZING RAIN OR DRIZZLE
                        GRTST DEPTH:   0           7 = DUSTSTORM OR SANDSTORM:
                                                       VSBY 1/2 MILE OR LESS
                                                   8 = SMOKE OR HAZE
[NO. OF DAYS WITH]      [WEATHER - DAYS WITH]      9 = BLOWING SNOW
                                                   X = TORNADO
MAX 32 OR BELOW:   0    0.01 INCH OR MORE:   7
MAX 90 OR ABOVE:   0    0.10 INCH OR MORE:   6
MIN 32 OR BELOW:  15    0.50 INCH OR MORE:   2
MIN  0 OR BELOW:   0    1.00 INCH OR MORE:   0

[HDD (BASE 65) ]
TOTAL THIS MO.   636    CLEAR  (SCALE 0-3)  12
DPTR FM NORMAL    88    PTCLDY (SCALE 4-7)   7
TOTAL FM JUL 1  1608    CLOUDY (SCALE 8-10)  9
DPTR FM NORMAL    63

[CDD (BASE 65) ]
TOTAL THIS MO.     0
DPTR FM NORMAL     0    [PRESSURE DATA]
TOTAL FM JAN 1     0    HIGHEST SLP M ON M
DPTR FM NORMAL     0    LOWEST  SLP 29.84 ON  3

[REMARKS]




U.S. Dept. of Commerce
NOAA National Weather Service
1325 East West Highway
Silver Spring, MD 20910
E-mail: w-nws.webmaster@noaa.gov
Page last modified: May 16, 2007
NATIONAL WEATHER SERVICE: for Safety, for Work, for Fun - FOR LIFE