906
CXUS54 KLCH 020211
CF6AEX
PRELIMINARY LOCAL CLIMATOLOGICAL DATA (WS FORM: F-6)

                                          STATION:   ALEXANDRIA
                                          MONTH:     AUGUST
                                          YEAR:      2014
                                          LATITUDE:   31 19 N
                                          LONGITUDE:  92 33 W

  TEMPERATURE IN F:       :PCPN:    SNOW:  WIND      :SUNSHINE: SKY     :PK WND
================================================================================
1   2   3   4   5  6A  6B    7    8   9   10  11  12  13   14  15   16   17  18
                                     12Z  AVG MX 2MIN
DY MAX MIN AVG DEP HDD CDD  WTR  SNW DPTH SPD SPD DIR MIN PSBL S-S WX    SPD DR
================================================================================

 1  86  70  78  -5   0  13 1.31  0.0    0  7.3 16 330   M    M   9 13     19 320
 2  85  72  79  -4   0  14 0.01  0.0    0  5.6 13  40   M    M   9 128    16  10
 3  87  72  80  -3   0  15 0.12  0.0    0  3.1 13 110   M    M   7 138    16 120
 4  91  72  82  -1   0  17    T  0.0    0  4.0 13  30   M    M   1 138    17  40
 5  94  70  82  -1   0  17 0.00  0.0    0  1.6 10 200   M    M   1 1      14  30
 6  92  74  83   0   0  18    T  0.0    0  3.5 10  50   M    M   1 13     13  50
 7  91  74  83   0   0  18    T  0.0    0  4.7 14 210   M    M   1 13     18 200
 8  95  75  85   2   0  20 0.00  0.0    0  4.0 12 190   M    M   1 1      16 240
 9  95  77  86   3   0  21 0.00  0.0    0  5.6 13 150   M    M   2 1      16 160
10  93  73  83   0   0  18 0.01  0.0    0  3.7 15 130   M    M   1 3      23 150
11  92  72  82  -1   0  17 0.17  0.0    0  4.4 26  30   M    M   4 138    34  30
12  92  71  82  -1   0  17 0.00  0.0    0  5.6 10  30   M    M   3 1      15  40
13  90  66  78  -5   0  13 0.00  0.0    0  4.5 13  20   M    M   0 1      17  70
14  89  60  75  -8   0  10 0.00  0.0    0  2.3 10  50   M    M   1 1      16  60
15  91  63  77  -6   0  12 0.00  0.0    0  2.6 10 330   M    M   2 1      12 320
16  94  71  83   0   0  18 0.00  0.0    0  4.0 14 220   M    M   2 1      10 280
17  93  72  83   0   0  18 0.37  0.0    0  7.1 14 270   M    M   3 3       M  M
18  95  73  84   1   0  19    T  0.0    0  5.0 15 240   M    M   3 128    20 240
19  96  74  85   2   0  20    T  0.0    0  4.1 16 180   M    M   2 138    21 170
20  96  71  84   2   0  19 0.00  0.0    0  5.2 20 160   M    M   1 8      26 150
21  95  74  85   3   0  20 0.13  0.0    0  5.3 18 140   M    M   2 138    24 150
22  94  73  84   2   0  19 0.00  0.0    0  2.3  9 300   M    M   0 1      12 320
23  96  72  84   2   0  19 0.00  0.0    0  1.7  9 300   M    M   1 1      12  20
24  97  73  85   3   0  20 0.00  0.0    0  2.7 12 310   M    M   1 1      13 320
25  98  74  86   4   0  21 0.42  0.0    0  4.4 29  10   M    M   1 138    37  10
26  92  72  82   0   0  17 0.00  0.0    0  5.1 13  60   M    M   4 1      18  50
27  93  68  81  -1   0  16 0.00  0.0    0  3.1 12  70   M    M   3        15 120
28  93  72  83   1   0  18 0.00  0.0    0  3.2 16 220   M    M   2 13     23 220
29  92  74  83   1   0  18    T  0.0    0  5.1 17 120   M    M   2        21 120
30  78  73  76  -6   0  11 2.56  0.0    0  6.4 13 140   M    M   8 1      16 130
31  88  73  81   0   0  16    T  0.0    0  4.9 21 180   M    M   5        29 170
================================================================================
SM 2853 2220         0 529  5.10     0.0 132.1          M       83
================================================================================
AV 92.0 71.6                               4.3 FASTST   M    M   3    MAX(MPH)
                                 MISC ---->  # 29  10               # 37   10
================================================================================
NOTES:
# LAST OF SEVERAL OCCURRENCES

COLUMN 17 PEAK WIND IN M.P.H.

PRELIMINARY LOCAL CLIMATOLOGICAL DATA (WS FORM: F-6) , PAGE 2

                                          STATION:  ALEXANDRIA
                                          MONTH:    AUGUST
                                          YEAR:     2014
                                          LATITUDE:   31 19 N
                                          LONGITUDE:  92 33 W

[TEMPERATURE DATA]      [PRECIPITATION DATA]       SYMBOLS USED IN COLUMN 16

AVERAGE MONTHLY: 81.8   TOTAL FOR MONTH:   5.10    1 = FOG OR MIST
DPTR FM NORMAL:  -0.7   DPTR FM NORMAL:    1.60    2 = FOG REDUCING VISIBILITY
HIGHEST:    98 ON 25    GRTST 24HR  2.56 ON 30-30      TO 1/4 MILE OR LESS
LOWEST:     60 ON 14                               3 = THUNDER
                        SNOW, ICE PELLETS, HAIL    4 = ICE PELLETS
                        TOTAL MONTH:   0.0 INCH    5 = HAIL
                        GRTST 24HR     0.0         6 = FREEZING RAIN OR DRIZZLE
                        GRTST DEPTH:   0           7 = DUSTSTORM OR SANDSTORM:
                                                       VSBY 1/2 MILE OR LESS
                                                   8 = SMOKE OR HAZE
[NO. OF DAYS WITH]      [WEATHER - DAYS WITH]      9 = BLOWING SNOW
                                                   X = TORNADO
MAX 32 OR BELOW:   0    0.01 INCH OR MORE:   9
MAX 90 OR ABOVE:  25    0.10 INCH OR MORE:   7
MIN 32 OR BELOW:   0    0.50 INCH OR MORE:   2
MIN  0 OR BELOW:   0    1.00 INCH OR MORE:   2

[HDD (BASE 65) ]
TOTAL THIS MO.     0    CLEAR  (SCALE 0-3)  23
DPTR FM NORMAL     0    PTCLDY (SCALE 4-7)   6
TOTAL FM JUL 1     0    CLOUDY (SCALE 8-10)  2
DPTR FM NORMAL     0

[CDD (BASE 65) ]
TOTAL THIS MO.   529
DPTR FM NORMAL   -12    [PRESSURE DATA]
TOTAL FM JAN 1  1908    HIGHEST SLP 30.12 ON 22
DPTR FM NORMAL   -79    LOWEST  SLP 29.85 ON 25

[REMARKS]
#FINAL-08-14#




U.S. Dept. of Commerce
NOAA National Weather Service
1325 East West Highway
Silver Spring, MD 20910
E-mail: w-nws.webmaster@noaa.gov
Page last modified: May 16, 2007
NATIONAL WEATHER SERVICE: for Safety, for Work, for Fun - FOR LIFE