911
CXAK56 PADQ 011442
CF6ADQ

PRELIMINARY LOCAL CLIMATOLOGICAL DATA (WS FORM: F-6)

                                          STATION:   KODIAK
                                          MONTH:     09
                                          YEAR:      2014
                                          LATITUDE:   57 45 N
                                          LONGITUDE: 152 30 W

  TEMPERATURE IN F:       :PCPN:    SNOW:  WIND      :SUNSHINE: SKY     :PK WND
================================================================================
1   2   3   4   5  6A  6B    7     8   9   10  11  12  13   14  15   16  17  18
                                      12Z  AVG MX 2MIN
DY MAX MIN AVG DEP HDD CDD  WTR   SNW DPTH SPD SPD DIR MIN PSBL S-S WX   SPD DR
================================================================================

 1  65  43  54   1  11   0  0.00  0.0   0  7.7 20  260   M    M   M      24 250
 2  64  46  55   2  10   0  0.00  0.0   0  5.5 10   50   M    M   M      14 340
 3  57  49  53   0  12   0  0.55  0.0   0  4.3 13  290   M    M   M 1    17 290
 4  64  51  58   5   7   0  1.04  0.0   0  3.7 14  310   M    M   M 1    22  10
 5  63  53  58   6   7   0  0.10  0.0   0  3.5 13  290   M    M   M 12   15 320
 6  64  50  57   5   8   0  0.00  0.0   0  3.3 10  330   M    M   M 12   14 230
 7  60  49  55   3  10   0  0.01  0.0   0  2.4  8   90   M    M   M       9  90
 8  67  53  60   8   5   0     T  0.0   0  4.6 17  140   M    M   M      20 130
 9  58  53  56   5   9   0  0.55  0.0   0  4.8 15  310   M    M   M 1    20 310
10  63  54  59   8   6   0  0.05  0.0   0  0.0 10  140   M    M   M 1    14 150
11  57  53  55   4  10   0  0.52  0.0   0 11.4 28   50   M    M   M 1    34  30
12  62  51  57   6   8   0  1.09  0.0   0 11.3 25  160   M    M   M 1    34 160
13  59  46  53   3  12   0  0.17  0.0   0  7.4 17  140   M    M   M 1    23 130
14  56  51  54   4  11   0  1.99  0.0   0 12.5 29  130   M    M   M 1    37 120
15  62  46  54   4  11   0  0.13  0.0   0  4.1 21  270   M    M   M      25 270
16  54  41  48  -1  17   0  0.53  0.0   0 11.5 28  100   M    M   M 1    32 100
17  58  44  51   2  14   0  0.29  0.0   0  6.2 24  110   M    M   M 1    29 110
18  60  45  53   4  12   0  0.01  0.0   0  8.6 22  290   M    M   M      28 280
19  61  42  52   3  13   0  0.03  0.0   0  4.3 12  300   M    M   M      16 300
20  58  44  51   3  14   0  0.01  0.0   0  4.2 12   90   M    M   M      13  90
21  58  44  51   3  14   0     T  0.0   0  6.8 17  280   M    M   M      21 280
22  54  38  46  -2  19   0  0.00  0.0   0  8.2 15  290   M    M   M 8    20 310
23  55  35  45  -2  20   0  0.00  0.0   0  6.2  9  270   M    M   M      11 270
24  60  38  49   2  16   0  0.00  0.0   0 10.2 18  290   M    M   M      27 290
25  60  37  49   2  16   0  0.00  0.0   0  6.2 12  110   M    M   M      14 320
26  54  36  45  -1  20   0     T  0.0   0 13.2 22   20   M    M   M      29  30
27  52  47  50   4  15   0  0.45  0.0   0 13.0 22  300   M    M   M 1    29 340
28  61  49  55   9  10   0  0.00  0.0   0 16.9 36  280   M    M   M      47 290
29  54  45  50   5  15   0  0.00  0.0   0 14.9 32  290   M    M   M 8    39 300
30  59  34  47   2  18   0  0.00  0.0   0  9.9 22  300   M    M   M      28 290
================================================================================
SM 1779 1367       370   0  7.52  0.0    226.8           M        M
================================================================================
AV 59.3 45.6                              7.6 FASTST  PSBL  %   M    MAX(MPH)
                                 MISC ---->     36  280                 47 290
================================================================================
NOTES:
# LAST OF SEVERAL OCCURRENCES

COLUMN 17 PEAK WIND IN M.P.H.

PRELIMINARY LOCAL CLIMATOLOGICAL DATA (WS FORM: F-6) , PAGE 2

                                          STATION:   KODIAK
                                          MONTH:     09
                                          YEAR:      2014
                                          LATITUDE:  57 45 N
                                          LONGITUDE: 152 30 W

[TEMPERATURE DATA]      [PRECIPITATION DATA]       SYMBOLS USED IN COLUMN 16

AVERAGE MONTHLY:52.4   TOTAL FOR MONTH: 7.52       1 = FOG
DPTR FM NORMAL:  3.0   DPTR FM NORMAL: 0.17       2 = FOG REDUCING VISIBILITY
HIGHEST:    67 ON  8    GRTST 24HR   1.99 ON 14        TO 1/4 MILE OR LESS
LOWEST:     34 ON 30                               3 = THUNDER
                        SNOW, ICE PELLETS, HAIL    4 = ICE PELLETS
                        TOTAL MONTH:  0.0         5 = HAIL
                        GRTST 24HR   0.0           6 = GLAZE OR RIME
                        GRTST DEPTH:    0          7 = BLOWING DUST OR SAND:
                                                       VSBY 1/2 MILE OR LESS
                                                   8 = SMOKE OR HAZE
[NO. OF DAYS WITH]      [WEATHER - DAYS WITH]      9 = BLOWING SNOW
                                                   X = TORNADO
MAX 32 OR BELOW:   0    0.01 INCH OR MORE:  17
MAX 70 OR ABOVE:   0    0.10 INCH OR MORE:  12
MIN 32 OR BELOW:   0    0.50 INCH OR MORE:   7
MIN  0 OR BELOW:   0    1.00 INCH OR MORE:   3

[HDD (BASE 65) ]
TOTAL THIS MO.   370    CLEAR  (SCALE 0-3)   M
DPTR FM NORMAL   -98    PTCLDY (SCALE 4-7)   M
SEASONAL TOTAL   871    CLOUDY (SCALE 8-10)  M
DPTR FM NORMAL  -227

[CDD (BASE 65) ]
TOTAL THIS MO.     0
DPTR FM NORMAL     0    [PRESSURE DATA]
SEASONAL TOTAL     4    HIGHEST SLP     M
DPTR FM NORMAL     4    LOWEST  SLP     M

[REMARKS]
#FINAL-09-14#





U.S. Dept. of Commerce
NOAA National Weather Service
1325 East West Highway
Silver Spring, MD 20910
E-mail: w-nws.webmaster@noaa.gov
Page last modified: May 16, 2007
NATIONAL WEATHER SERVICE: for Safety, for Work, for Fun - FOR LIFE