856
CXUS51 KPHI 280800
CF6ACY
PRELIMINARY LOCAL CLIMATOLOGICAL DATA (WS FORM: F-6)

                                          STATION:   ATLANTIC CITY NJ
                                          MONTH:     JANUARY
                                          YEAR:      2015
                                          LATITUDE:   39 27 N
                                          LONGITUDE:  74 34 W

  TEMPERATURE IN F:       :PCPN:    SNOW:  WIND      :SUNSHINE: SKY     :PK WND
================================================================================
1   2   3   4   5  6A  6B    7    8   9   10  11  12  13   14  15   16   17  18
                                     12Z  AVG MX 2MIN
DY MAX MIN AVG DEP HDD CDD  WTR  SNW DPTH SPD SPD DIR MIN PSBL S-S WX    SPD DR
================================================================================

 1  42  23  33  -1  32   0 0.00  0.0    0  9.5 21 230   M    M   0        26 240
 2  45  23  34   0  31   0 0.00  0.0    0  6.6 20 280   M    M   0        24 280
 3  49  21  35   1  30   0 0.71  0.0    0  4.6 13 100   M    M   7 12     15  90
 4  64  48  56  23   9   0 0.16  0.0    0 11.9 38 300   M    M   6 12     46 300
 5  50  25  38   5  27   0 0.00  0.0    0 16.5 31 290   M    M   3        38 280
 6  25  11  18 -15  47   0 0.11  1.6    0  4.6 14 350   M    M   6 1      17 360
 7  25  12  19 -14  46   0 0.00  0.0    0 14.5 35 300   M    M   2 1      45 300
 8  21   8  15 -18  50   0 0.00  0.0    1 11.5 30 310   M    M   0        38 320
 9  36  21  29  -4  36   0 0.00  0.0    T 11.5 23 230   M    M   3        32 210
10  24   8  16 -17  49   0 0.00  0.0    0  9.3 21 310   M    M   0        27 330
11  39   6  23 -10  42   0 0.00  0.0    0  3.8 15 200   M    M   0        19 160
12  40  35  38   5  27   0 0.92  0.0    0  5.5 14 350   M    M  10 1      19 350
13  37  21  29  -4  36   0 0.00  0.0    0 12.4 18  70   M    M   6        25 350
14  36  21  29  -4  36   0 0.02    T    0  9.2 20  50   M    M  10 1      24  40
15  38  26  32  -1  33   0 0.00  0.0    0  5.9 17 300   M    M   5 1      21 310
16  43  24  34   1  31   0 0.00  0.0    0 12.9 28 300   M    M   1 1      35 290
17  32  16  24  -9  41   0 0.00  0.0    0  5.8 14 150   M    M   0        17 360
18  50  20  35   2  30   0 1.40  0.0    0  6.7 20 260   M    M   8 1      28 220
19  46  32  39   6  26   0 0.00  0.0    0 10.5 25 300   M    M   6 1      34 290
20  47  25  36   3  29   0 0.00  0.0    0  4.3 12 300   M    M   5 1      16 240
21  37  24  31  -2  34   0 0.14  2.0    0  6.1 13  70   M    M   6 1      17  60
22  35  26  31  -2  34   0 0.00  0.0    2  6.1 12 280   M    M   9 18     15 280
23  39  19  29  -4  36   0 0.15  0.0    0  3.4 12 220   M    M   2 1      16 200
24  38  33  36   3  29   0 1.39    T    0 13.1 21 320   M    M   8 1      28 310
25  50  32  41   8  24   0 0.00  0.0    0  9.4 25 290   M    M   6        30 300
26  37  29  33   0  32   0 0.18    T    0 18.8 26  50   M    M  10 1      37  50
27  33  21  27  -6  38   0 0.10  1.2    1 16.3 24 320   M    M   7 1      30 360
================================================================================
SM 1058  610       915   0  5.28     4.8 250.7          M      126
================================================================================
AV 39.2 22.6                               9.3 FASTST   M    M   5    MAX(MPH)
                                 MISC ---->  # 38 300               # 46  300
================================================================================
NOTES:
# LAST OF SEVERAL OCCURRENCES

COLUMN 17 PEAK WIND IN M.P.H.

PRELIMINARY LOCAL CLIMATOLOGICAL DATA (WS FORM: F-6) , PAGE 2

                                          STATION:  ATLANTIC CITY NJ
                                          MONTH:    JANUARY
                                          YEAR:     2015
                                          LATITUDE:   39 27 N
                                          LONGITUDE:  74 34 W

[TEMPERATURE DATA]      [PRECIPITATION DATA]       SYMBOLS USED IN COLUMN 16

AVERAGE MONTHLY: 30.9   TOTAL FOR MONTH:   5.28    1 = FOG OR MIST
DPTR FM NORMAL:  -2.2   DPTR FM NORMAL:    2.47    2 = FOG REDUCING VISIBILITY
HIGHEST:    64 ON  4    GRTST 24HR  1.54 ON 23-24      TO 1/4 MILE OR LESS
LOWEST:      6 ON 11                               3 = THUNDER
                        SNOW, ICE PELLETS, HAIL    4 = ICE PELLETS
                        TOTAL MONTH:   4.8 INCHES  5 = HAIL
                        GRTST 24HR   2.0 ON 21-21  6 = FREEZING RAIN OR DRIZZLE
                        GRTST DEPTH:   2 ON 22     7 = DUSTSTORM OR SANDSTORM:
                                                       VSBY 1/2 MILE OR LESS
                                                   8 = SMOKE OR HAZE
[NO. OF DAYS WITH]      [WEATHER - DAYS WITH]      9 = BLOWING SNOW
                                                   X = TORNADO
MAX 32 OR BELOW:   5    0.01 INCH OR MORE:  11
MAX 90 OR ABOVE:   0    0.10 INCH OR MORE:  10
MIN 32 OR BELOW:  24    0.50 INCH OR MORE:   4
MIN  0 OR BELOW:   0    1.00 INCH OR MORE:   2

[HDD (BASE 65) ]
TOTAL THIS MO.   915    CLEAR  (SCALE 0-3)  10
DPTR FM NORMAL    53    PTCLDY (SCALE 4-7)  12
TOTAL FM JUL 1  2591    CLOUDY (SCALE 8-10)  5
DPTR FM NORMAL   -40

[CDD (BASE 65) ]
TOTAL THIS MO.     0
DPTR FM NORMAL     0    [PRESSURE DATA]
TOTAL FM JAN 1     0    HIGHEST SLP M ON M
DPTR FM NORMAL     0    LOWEST  SLP 29.26 ON 24

[REMARKS]




U.S. Dept. of Commerce
NOAA National Weather Service
1325 East West Highway
Silver Spring, MD 20910
E-mail: w-nws.webmaster@noaa.gov
Page last modified: May 16, 2007
NATIONAL WEATHER SERVICE: for Safety, for Work, for Fun - FOR LIFE