572
CXUS51 KPHI 180800
CF6ACY
PRELIMINARY LOCAL CLIMATOLOGICAL DATA (WS FORM: F-6)

                                          STATION:   ATLANTIC CITY NJ
                                          MONTH:     APRIL
                                          YEAR:      2014
                                          LATITUDE:   39 27 N
                                          LONGITUDE:  74 34 W

  TEMPERATURE IN F:       :PCPN:    SNOW:  WIND      :SUNSHINE: SKY     :PK WND
================================================================================
1   2   3   4   5  6A  6B    7    8   9   10  11  12  13   14  15   16   17  18
                                     12Z  AVG MX 2MIN
DY MAX MIN AVG DEP HDD CDD  WTR  SNW DPTH SPD SPD DIR MIN PSBL S-S WX    SPD DR
================================================================================

 1  57  29  43  -4  22   0 0.00  0.0    0  6.4 16 150   M    M   0        20 150
 2  59  40  50   3  15   0    T  0.0    0  4.1 13 100   M    M   3        15 110
 3  58  43  51   3  14   0 0.01  0.0    0  6.8 18  80   M    M   7        21  80
 4  48  43  46  -2  19   0 0.02  0.0    0 13.7 24  70   M    M  10 12     32  80
 5  59  39  49   1  16   0 0.00  0.0    0 14.0 28 310   M    M   3 12     36 310
 6  57  29  43  -6  22   0 0.00  0.0    0  7.4 18 340   M    M   0        23 330
 7  53  29  41  -8  24   0 0.17  0.0    0  8.4 23 120   M    M   6 12     32 130
 8  65  49  57   8   8   0 0.11  0.0    0 12.2 22 290   M    M   5 1      27 250
 9  65  36  51   1  14   0 0.00  0.0    0  8.4 24 330   M    M   1        30 320
10  60  30  45  -5  20   0 0.00  0.0    0  9.7 20 190   M    M   0        27 200
11  75  52  64  14   1   0 0.00  0.0    0  7.8 16 160   M    M   0        23 230
12  69  50  60   9   5   0    T  0.0    0  7.2 20 160   M    M   1        24 180
13  73  49  61  10   4   0 0.00  0.0    0 13.0 29 200   M    M   0 1      39 200
14  73  55  64  13   1   0 0.00  0.0    0 16.8 29 190   M    M   1        39 200
15  61  33  47  -5  18   0 1.04    T    0 18.7 31 330   M    M  10 1      44 180
16  50  30  40 -12  25   0 0.11    T    T 12.5 26 320   M    M   0 1      37 310
17  46  28  37 -15  28   0 0.00  0.0    0 12.1 22 100   M    M   6        30  50
================================================================================
SM 1028  664       256   0  1.46    T    179.2          M       53
================================================================================
AV 60.5 39.1                              10.5 FASTST   M    M   3    MAX(MPH)
                                 MISC ---->  # 31 330               # 44  180
================================================================================
NOTES:
# LAST OF SEVERAL OCCURRENCES

COLUMN 17 PEAK WIND IN M.P.H.

PRELIMINARY LOCAL CLIMATOLOGICAL DATA (WS FORM: F-6) , PAGE 2

                                          STATION:  ATLANTIC CITY NJ
                                          MONTH:    APRIL
                                          YEAR:     2014
                                          LATITUDE:   39 27 N
                                          LONGITUDE:  74 34 W

[TEMPERATURE DATA]      [PRECIPITATION DATA]       SYMBOLS USED IN COLUMN 16

AVERAGE MONTHLY: 49.8   TOTAL FOR MONTH:   1.46    1 = FOG OR MIST
DPTR FM NORMAL:   0.1   DPTR FM NORMAL:   -0.75    2 = FOG REDUCING VISIBILITY
HIGHEST:    75 ON 11    GRTST 24HR  1.15 ON 15-16      TO 1/4 MILE OR LESS
LOWEST:     28 ON 17                               3 = THUNDER
                        SNOW, ICE PELLETS, HAIL    4 = ICE PELLETS
                        TOTAL MONTH:    T          5 = HAIL
                        GRTST 24HR    T  ON 16-16  6 = FREEZING RAIN OR DRIZZLE
                        GRTST DEPTH:   T           7 = DUSTSTORM OR SANDSTORM:
                                                       VSBY 1/2 MILE OR LESS
                                                   8 = SMOKE OR HAZE
[NO. OF DAYS WITH]      [WEATHER - DAYS WITH]      9 = BLOWING SNOW
                                                   X = TORNADO
MAX 32 OR BELOW:   0    0.01 INCH OR MORE:   6
MAX 90 OR ABOVE:   0    0.10 INCH OR MORE:   4
MIN 32 OR BELOW:   6    0.50 INCH OR MORE:   1
MIN  0 OR BELOW:   0    1.00 INCH OR MORE:   1

[HDD (BASE 65) ]
TOTAL THIS MO.   256    CLEAR  (SCALE 0-3)  10
DPTR FM NORMAL    -8    PTCLDY (SCALE 4-7)   5
TOTAL FM JUL 1  4978    CLOUDY (SCALE 8-10)  2
DPTR FM NORMAL   417

[CDD (BASE 65) ]
TOTAL THIS MO.     0
DPTR FM NORMAL     0    [PRESSURE DATA]
TOTAL FM JAN 1     0    HIGHEST SLP M ON M
DPTR FM NORMAL     0    LOWEST  SLP 29.46 ON  8

[REMARKS]




U.S. Dept. of Commerce
NOAA National Weather Service
1325 East West Highway
Silver Spring, MD 20910
E-mail: w-nws.webmaster@noaa.gov
Page last modified: May 16, 2007
NATIONAL WEATHER SERVICE: for Safety, for Work, for Fun - FOR LIFE