624
CXUS56 KEKA 291230
CF6ACV
PRELIMINARY LOCAL CLIMATOLOGICAL DATA (WS FORM: F-6)

                                          STATION:   ARCATA CA
                                          MONTH:     JULY
                                          YEAR:      2014
                                          LATITUDE:   40 58 N
                                          LONGITUDE: 124  6 W

  TEMPERATURE IN F:       :PCPN:    SNOW:  WIND      :SUNSHINE: SKY     :PK WND
================================================================================
1   2   3   4   5  6A  6B    7    8   9   10  11  12  13   14  15   16   17  18
                                     12Z  AVG MX 2MIN
DY MAX MIN AVG DEP HDD CDD  WTR  SNW DPTH SPD SPD DIR MIN PSBL S-S WX    SPD DR
================================================================================

 1  66  52  59   4   6   0 0.00  0.0    0  6.1 14 230   M    M   7 2      18 240
 2  66  55  61   6   4   0 0.00  0.0    0  7.6 21 320   M    M   8 28     28 320
 3  64  50  57   2   8   0 0.00  0.0    0  7.2 21 320   M    M   6 1      26 330
 4  62  50  56   1   9   0 0.00  0.0    0  5.3 13 330   M    M   7 18     16 330
 5  63  48  56   1   9   0 0.00  0.0    0  5.3 20 320   M    M   4 1      25 330
 6  65  50  58   3   7   0 0.00  0.0    0  5.0 15 320   M    M   6 1      19 320
 7  64  56  60   4   5   0 0.00  0.0    0  4.5 12 160   M    M  10 18     14 160
 8  65  55  60   4   5   0    T  0.0    0  4.9 10 170   M    M   7 28     18 200
 9  67  54  61   5   4   0 0.00  0.0    0  7.5 18 190   M    M   6 2      31 200
10  60  54  57   1   8   0 0.00  0.0    0  5.4 13 220   M    M  10 1      16 210
11  63  55  59   3   6   0 0.00  0.0    0  4.3  9 310   M    M  10 1      15 300
12  62  55  59   3   6   0 0.00  0.0    0  8.5 14 330   M    M   8 1      31 280
13  67  54  61   5   4   0 0.00  0.0    0  9.6 20 320   M    M   8 2      24 320
14  65  55  60   4   5   0 0.00  0.0    0  5.0 12 320   M    M   9 28     14 330
15  66  54  60   4   5   0 0.00  0.0    0  6.3 15 220   M    M   6 2      19 230
16  65  56  61   5   4   0    T  0.0    0  4.1 10 210   M    M   2 18     14 230
17  65  55  60   4   5   0 0.00  0.0    0  5.8 14 230   M    M   9 28     18 240
18  64  54  59   3   6   0 0.00  0.0    0  6.6 12 240   M    M   8 1      16 210
19  63  52  58   2   7   0 0.00  0.0    0  4.6 12 190   M    M   7 2      13 190
20  64  55  60   4   5   0 0.00  0.0    0  4.6  9 310   M    M   9 2      13 330
21  65  56  61   5   4   0 0.00  0.0    0  5.4 13 240   M    M   7 1      18 230
22  65  53  59   3   6   0 0.00  0.0    0  3.3 10 270   M    M   7 1      13 280
23  69  54  62   6   3   0 0.00  0.0    0  5.8 20 330   M    M   9        30 290
24  74  47  61   5   4   0 0.00  0.0    0  9.5 24 340   M    M   0        33 340
25  66  49  58   2   7   0 0.00  0.0    0  6.5 55  10   M    M   3 2       M  M
26  65  50  58   1   7   0 0.00  0.0    0  4.5 13 330   M    M   4 1      15 320
27  69  52  61   4   4   0 0.00  0.0    0  3.7 13 290   M    M   1 18     25 320
28  65  54  60   3   5   0 0.00  0.0    0  3.9  9 170   M    M   9 28     11 310
================================================================================
SM 1824 1484       158   0    T      0.0 160.8          M      187
================================================================================
AV 65.1 53.0                               5.7 FASTST   M    M   7    MAX(MPH)
                                 MISC ---->  # 55  10               # 33  340
================================================================================
NOTES:
# LAST OF SEVERAL OCCURRENCES

COLUMN 17 PEAK WIND IN M.P.H.

PRELIMINARY LOCAL CLIMATOLOGICAL DATA (WS FORM: F-6) , PAGE 2

                                          STATION:  ARCATA CA
                                          MONTH:    JULY
                                          YEAR:     2014
                                          LATITUDE:   40 58 N
                                          LONGITUDE: 124  6 W

[TEMPERATURE DATA]      [PRECIPITATION DATA]       SYMBOLS USED IN COLUMN 16

AVERAGE MONTHLY: 59.1   TOTAL FOR MONTH:      T    1 = FOG OR MIST
DPTR FM NORMAL:   3.2   DPTR FM NORMAL:   -0.26    2 = FOG REDUCING VISIBILITY
HIGHEST:    74 ON 24    GRTST 24HR    T  ON 16-16      TO 1/4 MILE OR LESS
LOWEST:     47 ON 24                               3 = THUNDER
                        SNOW, ICE PELLETS, HAIL    4 = ICE PELLETS
                        TOTAL MONTH:   0.0 INCH    5 = HAIL
                        GRTST 24HR     0.0         6 = FREEZING RAIN OR DRIZZLE
                        GRTST DEPTH:   0           7 = DUSTSTORM OR SANDSTORM:
                                                       VSBY 1/2 MILE OR LESS
                                                   8 = SMOKE OR HAZE
[NO. OF DAYS WITH]      [WEATHER - DAYS WITH]      9 = BLOWING SNOW
                                                   X = TORNADO
MAX 32 OR BELOW:   0    0.01 INCH OR MORE:   0
MAX 90 OR ABOVE:   0    0.10 INCH OR MORE:   0
MIN 32 OR BELOW:   0    0.50 INCH OR MORE:   0
MIN  0 OR BELOW:   0    1.00 INCH OR MORE:   0

[HDD (BASE 65) ]
TOTAL THIS MO.   158    CLEAR  (SCALE 0-3)   4
DPTR FM NORMAL   -97    PTCLDY (SCALE 4-7)  14
TOTAL FM JUL 1   158    CLOUDY (SCALE 8-10) 10
DPTR FM NORMAL   -97

[CDD (BASE 65) ]
TOTAL THIS MO.     0
DPTR FM NORMAL     0    [PRESSURE DATA]
TOTAL FM JAN 1     3    HIGHEST SLP M ON M
DPTR FM NORMAL     3    LOWEST  SLP 29.78 ON  1

[REMARKS]




U.S. Dept. of Commerce
NOAA National Weather Service
1325 East West Highway
Silver Spring, MD 20910
E-mail: w-nws.webmaster@noaa.gov
Page last modified: May 16, 2007
NATIONAL WEATHER SERVICE: for Safety, for Work, for Fun - FOR LIFE