637
CXUS56 KEKA 011230
CF6ACV
PRELIMINARY LOCAL CLIMATOLOGICAL DATA (WS FORM: F-6)

                                          STATION:   ARCATA CA
                                          MONTH:     NOVEMBER
                                          YEAR:      2014
                                          LATITUDE:   40 58 N
                                          LONGITUDE: 124  6 W

  TEMPERATURE IN F:       :PCPN:    SNOW:  WIND      :SUNSHINE: SKY     :PK WND
================================================================================
1   2   3   4   5  6A  6B    7    8   9   10  11  12  13   14  15   16   17  18
                                     12Z  AVG MX 2MIN
DY MAX MIN AVG DEP HDD CDD  WTR  SNW DPTH SPD SPD DIR MIN PSBL S-S WX    SPD DR
================================================================================

 1  59  40  50  -2  15   0    T    M    0  4.7 15 320   M    M   2 1      18 320
 2  60  39  50  -1  15   0 0.00  0.0    0  5.1 18 330   M    M   0 1      23 320
 3  60  44  52   1  13   0 0.00  0.0    0  2.5  9 280   M    M   0 1      11 280
 4  65  51  58   7   7   0    T  0.0    0  2.9 10 170   M    M   8 18     15 150
 5  66  49  58   7   7   0 0.00  0.0    0  3.0  7 110   M    M   2 2       9 120
 6  63  53  58   7   7   0 0.30  0.0    0  3.4 14 120   M    M   8 2      19 120
 7  59  49  54   3  11   0 0.00  0.0    0  1.8  8 330   M    M   9 28     10 300
 8  61  49  55   5  10   0 0.00  0.0    0  1.9  8 320   M    M   9 2       9 310
 9  60  51  56   6   9   0 0.00  0.0    0  4.6 18  30   M    M   8 2       M  30
10  62  45  54   4  11   0 0.00  0.0    0  3.5 10 260   M    M   3 18     13 260
11  62  43  53   3  12   0 0.00  0.0    0  3.7  9 160   M    M   6 28     12 190
12  62  50  56   6   9   0 0.19  0.0    0  4.9 15  90   M    M   6 1      19 140
13  62  55  59   9   6   0 0.44  0.0    0  6.1 14 230   M    M   8 18     17 240
14  58  53  56   6   9   0 0.28  0.0    0  4.1 13 280   M    M  10 1      15 290
15  61  46  54   5  11   0 0.00  0.0    0  3.0 10 360   M    M   5 18     20  80
16  63  40  52   3  13   0 0.00  0.0    0  3.5  7  80   M    M   0 1      13  60
17  62  39  51   2  14   0 0.00  0.0    0  4.5 10  90   M    M   0 1      17 260
18  65  40  53   4  12   0 0.00  0.0    0  4.9 13 120   M    M   0 8      18 130
19  65  52  59  10   6   0 0.83  0.0    0  6.7 17 130   M    M   9 18     23 130
20  55  51  53   4  12   0 0.44  0.0    0  7.4 15 130   M    M   8 1      22 130
21  58  51  55   7  10   0 1.08  0.0    0 10.4 18 160   M    M   9 1      26 150
22  60  45  53   5  12   0 0.50    M    0  5.7 18 330   M    M   6 1      25 320
23  56  41  49   1  16   0 0.00  0.0    0  3.5  8  90   M    M   0 18     10  80
24  63  41  52   4  13   0 0.00  0.0    0  3.1  8  90   M    M   5 18     11  80
25  61  43  52   4  13   0 0.00  0.0    0  2.6  8  90   M    M   0 18     10 270
26  65  45  55   7  10   0 0.00  0.0    0  2.3  9  90   M    M   0 18     11 270
27  62  48  55   7  10   0 0.00  0.0    0  3.6 15 200   M    M   0 1      22 210
28  64  49  57  10   8   0 0.37    M    0  9.4 18 130   M    M   8 1      28 130
29  57  43  50   3  15   0 0.63    M    0  6.1 16 160   M    M   9 1      20 340
30  61  42  52   5  13   0 0.05    M    0  3.9 12 120   M    M   7 1      15 140
================================================================================
SM 1837 1387       329   0  5.11     0.0 132.8          M      145
================================================================================
AV 61.2 46.2                               4.4 FASTST   M    M   5    MAX(MPH)
                                 MISC ---->  # 18 330               # 28  130
================================================================================
NOTES:
# LAST OF SEVERAL OCCURRENCES

COLUMN 17 PEAK WIND IN M.P.H.

PRELIMINARY LOCAL CLIMATOLOGICAL DATA (WS FORM: F-6) , PAGE 2

                                          STATION:  ARCATA CA
                                          MONTH:    NOVEMBER
                                          YEAR:     2014
                                          LATITUDE:   40 58 N
                                          LONGITUDE: 124  6 W

[TEMPERATURE DATA]      [PRECIPITATION DATA]       SYMBOLS USED IN COLUMN 16

AVERAGE MONTHLY: 53.7   TOTAL FOR MONTH:   5.11    1 = FOG OR MIST
DPTR FM NORMAL:   4.4   DPTR FM NORMAL:   -1.62    2 = FOG REDUCING VISIBILITY
HIGHEST:    66 ON  5    GRTST 24HR  1.58 ON 21-22      TO 1/4 MILE OR LESS
LOWEST:     39 ON 17, 2                            3 = THUNDER
                        SNOW, ICE PELLETS, HAIL    4 = ICE PELLETS
                        TOTAL MONTH:   0.0 INCH    5 = HAIL
                        GRTST 24HR     0.0         6 = FREEZING RAIN OR DRIZZLE
                        GRTST DEPTH:   0           7 = DUSTSTORM OR SANDSTORM:
                                                       VSBY 1/2 MILE OR LESS
                                                   8 = SMOKE OR HAZE
[NO. OF DAYS WITH]      [WEATHER - DAYS WITH]      9 = BLOWING SNOW
                                                   X = TORNADO
MAX 32 OR BELOW:   0    0.01 INCH OR MORE:  11
MAX 90 OR ABOVE:   0    0.10 INCH OR MORE:  10
MIN 32 OR BELOW:   0    0.50 INCH OR MORE:   4
MIN  0 OR BELOW:   0    1.00 INCH OR MORE:   1

[HDD (BASE 65) ]
TOTAL THIS MO.   329    CLEAR  (SCALE 0-3)  11
DPTR FM NORMAL  -142    PTCLDY (SCALE 4-7)   9
TOTAL FM JUL 1  1083    CLOUDY (SCALE 8-10) 10
DPTR FM NORMAL  -588

[CDD (BASE 65) ]
TOTAL THIS MO.     0
DPTR FM NORMAL     0    [PRESSURE DATA]
TOTAL FM JAN 1     9    HIGHEST SLP 30.47 ON 25
DPTR FM NORMAL     7    LOWEST  SLP 29.72 ON 29

[REMARKS]
#FINAL-11-14#




U.S. Dept. of Commerce
NOAA National Weather Service
1325 East West Highway
Silver Spring, MD 20910
E-mail: w-nws.webmaster@noaa.gov
Page last modified: May 16, 2007
NATIONAL WEATHER SERVICE: for Safety, for Work, for Fun - FOR LIFE