568
CXUS54 KFWD 230730
CF6ACT
PRELIMINARY LOCAL CLIMATOLOGICAL DATA (WS FORM: F-6)

                                          STATION:   WACO
                                          MONTH:     APRIL
                                          YEAR:      2014
                                          LATITUDE:   31 37 N
                                          LONGITUDE:  97 13 W

  TEMPERATURE IN F:       :PCPN:    SNOW:  WIND      :SUNSHINE: SKY     :PK WND
================================================================================
1   2   3   4   5  6A  6B    7    8   9   10  11  12  13   14  15   16   17  18
                                     12Z  AVG MX 2MIN
DY MAX MIN AVG DEP HDD CDD  WTR  SNW DPTH SPD SPD DIR MIN PSBL S-S WX    SPD DR
================================================================================

 1  83  63  73  11   0   8 0.00  0.0    0 13.5 23 180   M    M   7        26 160
 2  82  70  76  13   0  11    T  0.0    0 14.7 25 190   M    M  10 18     33 180
 3  82  69  76  13   0  11    T  0.0    0 16.0 26 180   M    M   7 38     32 170
 4  70  47  59  -4   6   0 0.00  0.0    0 14.9 31 350   M    M   1        39 340
 5  62  46  54  -9  11   0    T  0.0    0  7.5 17 110   M    M   5 3      21 110
 6  55  48  52 -12  13   0 0.45  0.0    0  9.9 20  10   M    M  10 13     24  10
 7  70  49  60  -4   5   0    T  0.0    0  4.3 28 360   M    M   7 1      39 360
 8  73  43  58  -6   7   0    T  0.0    0 13.8 32 340   M    M   1        41 330
 9  80  40  60  -4   5   0 0.00  0.0    0 11.7 22 180   M    M   0        29 180
10  84  58  71   6   0   6 0.00  0.0    0 20.7 30 190   M    M   0        37 180
11  83  62  73   8   0   8 0.00  0.0    0 17.6 26 180   M    M   3        35 190
12  83  65  74   9   0   9 0.00  0.0    0 20.1 29 160   M    M   4        36 150
13  77  65  71   6   0   6 0.63  0.0    0 12.6 29 150   M    M   8 13     37 150
14  71  41  56 -10   9   0 0.58  0.0    0 18.0 32 360   M    M   6 13     41 350
15  62  31  47 -19  18   0 0.00  0.0    0  5.6 12 150   M    M   0        17 330
16  69  43  56 -10   9   0 0.00  0.0    0 14.8 24 170   M    M   0        33 170
17  69  52  61  -5   4   0 0.01  0.0    0  7.2 14 100   M    M   8 18     17 100
18  76  52  64  -3   1   0 0.01  0.0    0  3.8 10  60   M    M   4 18     13  30
19  77  46  62  -5   3   0 0.00  0.0    0  5.0 16 130   M    M   1 18     18 130
20  79  56  68   1   0   3 0.02  0.0    0  8.2 18 170   M    M   6 13     23 180
21  81  62  72   4   0   7    T  0.0    0  8.8 15 170   M    M   6 13     20 170
22  83  57  70   2   0   5 0.00  0.0    0  5.5 14  50   M    M   3 128    18  70
================================================================================
SM 1651 1165        91  74  1.70     0.0 254.2          M       97
================================================================================
AV 75.0 53.0                              11.6 FASTST   M    M   4    MAX(MPH)
                                 MISC ---->  # 32 340               # 41  330
================================================================================
NOTES:
# LAST OF SEVERAL OCCURRENCES

COLUMN 17 PEAK WIND IN M.P.H.

PRELIMINARY LOCAL CLIMATOLOGICAL DATA (WS FORM: F-6) , PAGE 2

                                          STATION:  WACO
                                          MONTH:    APRIL
                                          YEAR:     2014
                                          LATITUDE:   31 37 N
                                          LONGITUDE:  97 13 W

[TEMPERATURE DATA]      [PRECIPITATION DATA]       SYMBOLS USED IN COLUMN 16

AVERAGE MONTHLY: 64.0   TOTAL FOR MONTH:   1.70    1 = FOG OR MIST
DPTR FM NORMAL:  -1.0   DPTR FM NORMAL:   -0.13    2 = FOG REDUCING VISIBILITY
HIGHEST:    84 ON 10    GRTST 24HR  1.21 ON 13-14      TO 1/4 MILE OR LESS
LOWEST:     31 ON 15                               3 = THUNDER
                        SNOW, ICE PELLETS, HAIL    4 = ICE PELLETS
                        TOTAL MONTH:   0.0 INCH    5 = HAIL
                        GRTST 24HR     0.0         6 = FREEZING RAIN OR DRIZZLE
                        GRTST DEPTH:   0           7 = DUSTSTORM OR SANDSTORM:
                                                       VSBY 1/2 MILE OR LESS
                                                   8 = SMOKE OR HAZE
[NO. OF DAYS WITH]      [WEATHER - DAYS WITH]      9 = BLOWING SNOW
                                                   X = TORNADO
MAX 32 OR BELOW:   0    0.01 INCH OR MORE:   6
MAX 90 OR ABOVE:   0    0.10 INCH OR MORE:   3
MIN 32 OR BELOW:   1    0.50 INCH OR MORE:   2
MIN  0 OR BELOW:   0    1.00 INCH OR MORE:   0

[HDD (BASE 65) ]
TOTAL THIS MO.    91    CLEAR  (SCALE 0-3)   8
DPTR FM NORMAL    21    PTCLDY (SCALE 4-7)  11
TOTAL FM JUL 1  2584    CLOUDY (SCALE 8-10)  3
DPTR FM NORMAL   456

[CDD (BASE 65) ]
TOTAL THIS MO.    74
DPTR FM NORMAL     6    [PRESSURE DATA]
TOTAL FM JAN 1    89    HIGHEST SLP M ON M
DPTR FM NORMAL   -22    LOWEST  SLP 29.51 ON 13

[REMARKS]




U.S. Dept. of Commerce
NOAA National Weather Service
1325 East West Highway
Silver Spring, MD 20910
E-mail: w-nws.webmaster@noaa.gov
Page last modified: May 16, 2007
NATIONAL WEATHER SERVICE: for Safety, for Work, for Fun - FOR LIFE