931
CXUS54 KFWD 300730
CF6ACT
PRELIMINARY LOCAL CLIMATOLOGICAL DATA (WS FORM: F-6)

                                          STATION:   WACO
                                          MONTH:     SEPTEMBER
                                          YEAR:      2014
                                          LATITUDE:   31 37 N
                                          LONGITUDE:  97 13 W

  TEMPERATURE IN F:       :PCPN:    SNOW:  WIND      :SUNSHINE: SKY     :PK WND
================================================================================
1   2   3   4   5  6A  6B    7    8   9   10  11  12  13   14  15   16   17  18
                                     12Z  AVG MX 2MIN
DY MAX MIN AVG DEP HDD CDD  WTR  SNW DPTH SPD SPD DIR MIN PSBL S-S WX    SPD DR
================================================================================

 1  98  76  87   4   0  22 0.00  0.0    0 15.0 22 180   M    M   4        28 170
 2  98  77  88   6   0  23 0.00  0.0    0 13.5 23 140   M    M   3        29 140
 3  98  77  88   6   0  23 0.00  0.0    0 12.8 21 170   M    M   2        27 180
 4  98  76  87   5   0  22 0.00  0.0    0 11.8 25 180   M    M   2        31 180
 5  97  74  86   4   0  21 0.00  0.0    0  8.4 23 170   M    M   2        29 170
 6  97  73  85   4   0  20 0.83  0.0    0  6.8 24 120   M    M   4 13     30 130
 7  89  71  80  -1   0  15 0.02  0.0    0  6.0 14  40   M    M   6        18  40
 8  95  72  84   3   0  19 0.00  0.0    0  5.2 14 160   M    M   1 1      18 170
 9  97  76  87   7   0  22 0.00  0.0    0 11.8 21 180   M    M   1        25 170
10  99  77  88   8   0  23 0.00  0.0    0 15.9 23 170   M    M   0        28 180
11  96  76  86   6   0  21 0.01  0.0    0 10.4 22 180   M    M   2 3      27 180
12  82  60  71  -8   0   6 0.02  0.0    0 12.9 24  10   M    M  10 1      30  10
13  72  58  65 -14   0   0 0.02  0.0    0 12.5 22 360   M    M   9 1      25  10
14  79  63  71  -8   0   6 0.00  0.0    0  3.9 12  50   M    M   7        15  50
15  81  67  74  -4   0   9 0.04  0.0    0  3.0  8  40   M    M   1        11 130
16  91  72  82   4   0  17    T  0.0    0  4.8 22 170   M    M   1        26 170
17  94  72  83   5   0  18 0.27  0.0    0  6.6 20 170   M    M   5 13     23 180
18  86  72  79   2   0  14 0.06  0.0    0  5.9 22 130   M    M   6 1      27 140
19  88  69  79   2   0  14    T  0.0    0  5.0 14 120   M    M   7 12     16 120
20  91  71  81   4   0  16 0.01  0.0    0  5.9 15 100   M    M   5 1      21 140
21  93  67  80   4   0  15 0.00  0.0    0  3.1 12  70   M    M   1        17  70
22  91  65  78   2   0  13 0.00  0.0    0  7.4 15  40   M    M   2        20  60
23  85  57  71  -5   0   6 0.00  0.0    0  4.4 10  60   M    M   0        14  20
24  88  53  71  -4   0   6 0.00  0.0    0  4.7 12 120   M    M   0        16  70
25  89  54  72  -3   0   7 0.00  0.0    0  4.8 15 180   M    M   3        18 180
26  88  64  76   2   0  11 0.00  0.0    0  5.0 15 130   M    M   3 1      23 120
27  87  67  77   3   0  12    T  0.0    0  4.9 14 120   M    M   4        17 120
28  91  65  78   4   0  13 0.00  0.0    0  5.0 14  80   M    M   4        20  60
29  91  63  77   3   0  12 0.00  0.0    0  4.4 14  30   M    M   1        20  50
================================================================================
SM 2629 1984         0 426  1.28     0.0 221.8          M       96
================================================================================
AV 90.7 68.4                               7.6 FASTST   M    M   3    MAX(MPH)
                                 MISC ---->  # 25 180               # 31  180
================================================================================
NOTES:
# LAST OF SEVERAL OCCURRENCES

COLUMN 17 PEAK WIND IN M.P.H.

PRELIMINARY LOCAL CLIMATOLOGICAL DATA (WS FORM: F-6) , PAGE 2

                                          STATION:  WACO
                                          MONTH:    SEPTEMBER
                                          YEAR:     2014
                                          LATITUDE:   31 37 N
                                          LONGITUDE:  97 13 W

[TEMPERATURE DATA]      [PRECIPITATION DATA]       SYMBOLS USED IN COLUMN 16

AVERAGE MONTHLY: 79.5   TOTAL FOR MONTH:   1.28    1 = FOG OR MIST
DPTR FM NORMAL:   1.3   DPTR FM NORMAL:   -1.68    2 = FOG REDUCING VISIBILITY
HIGHEST:    99 ON 10    GRTST 24HR  0.85 ON  6- 7      TO 1/4 MILE OR LESS
LOWEST:     53 ON 24                               3 = THUNDER
                        SNOW, ICE PELLETS, HAIL    4 = ICE PELLETS
                        TOTAL MONTH:   0.0 INCH    5 = HAIL
                        GRTST 24HR     0.0         6 = FREEZING RAIN OR DRIZZLE
                        GRTST DEPTH:   0           7 = DUSTSTORM OR SANDSTORM:
                                                       VSBY 1/2 MILE OR LESS
                                                   8 = SMOKE OR HAZE
[NO. OF DAYS WITH]      [WEATHER - DAYS WITH]      9 = BLOWING SNOW
                                                   X = TORNADO
MAX 32 OR BELOW:   0    0.01 INCH OR MORE:   9
MAX 90 OR ABOVE:  17    0.10 INCH OR MORE:   2
MIN 32 OR BELOW:   0    0.50 INCH OR MORE:   1
MIN  0 OR BELOW:   0    1.00 INCH OR MORE:   0

[HDD (BASE 65) ]
TOTAL THIS MO.     0    CLEAR  (SCALE 0-3)  16
DPTR FM NORMAL    -2    PTCLDY (SCALE 4-7)  11
TOTAL FM JUL 1     0    CLOUDY (SCALE 8-10)  2
DPTR FM NORMAL    -2

[CDD (BASE 65) ]
TOTAL THIS MO.   426
DPTR FM NORMAL    37    [PRESSURE DATA]
TOTAL FM JAN 1  2501    HIGHEST SLP M ON M
DPTR FM NORMAL   -83    LOWEST  SLP 29.69 ON 10

[REMARKS]




U.S. Dept. of Commerce
NOAA National Weather Service
1325 East West Highway
Silver Spring, MD 20910
E-mail: w-nws.webmaster@noaa.gov
Page last modified: May 16, 2007
NATIONAL WEATHER SERVICE: for Safety, for Work, for Fun - FOR LIFE