352
CXUS54 KFWD 010730
CF6ACT
PRELIMINARY LOCAL CLIMATOLOGICAL DATA (WS FORM: F-6)

                                          STATION:   WACO
                                          MONTH:     JANUARY
                                          YEAR:      2015
                                          LATITUDE:   31 37 N
                                          LONGITUDE:  97 13 W

  TEMPERATURE IN F:       :PCPN:    SNOW:  WIND      :SUNSHINE: SKY     :PK WND
================================================================================
1   2   3   4   5  6A  6B    7    8   9   10  11  12  13   14  15   16   17  18
                                     12Z  AVG MX 2MIN
DY MAX MIN AVG DEP HDD CDD  WTR  SNW DPTH SPD SPD DIR MIN PSBL S-S WX    SPD DR
================================================================================

 1  38  33  36 -11  29   0 0.22  0.0    0  8.2 14 350   M    M  10 13     16 350
 2  41  37  39  -8  26   0 0.24  0.0    0  9.1 16 300   M    M  10 13     19 310
 3  58  35  47   0  18   0 0.34  0.0    0  7.5 16 320   M    M   5 13     19 330
 4  45  24  35 -12  30   0 0.00  0.0    0 12.8 24 340   M    M   0        31 340
 5  48  22  35 -12  30   0 0.00  0.0    0  6.7 14 200   M    M   0        17 180
 6  61  31  46  -1  19   0 0.00  0.0    0  5.4 14 190   M    M   0        17 190
 7  46  24  35 -12  30   0 0.00  0.0    0 18.5 33  10   M    M   0        40 350
 8  39  18  29 -18  36   0 0.00  0.0    0  9.0 21  10   M    M   0        25  10
 9  36  32  34 -13  31   0 0.03    T    0  8.6 20 360   M    M   9 4      24 360
10  35  31  33 -14  32   0 0.31  0.0    0  4.9 14  40   M    M  10 16     17  40
11  45  34  40  -7  25   0 0.36  0.0    0  4.1  9 110   M    M   9 1      11 110
12  45  36  41  -6  24   0    T  0.0    0 12.1 20  10   M    M  10 1      25 360
13  39  34  37 -10  28   0 0.00  0.0    0 10.1 16 360   M    M  10 18     20 360
14  42  36  39  -8  26   0    T  0.0    0  6.6 10 350   M    M  10 1      13 350
15  56  31  44  -3  21   0 0.00  0.0    0  6.2 14 360   M    M   3 1      18 350
16  64  27  46  -1  19   0 0.00  0.0    0  6.8 14 180   M    M   0        18 190
17  73  37  55   8  10   0 0.00  0.0    0 11.2 23 330   M    M   0 1      28 350
18  69  29  49   2  16   0 0.00  0.0    0  7.8 16 200   M    M   0 8      20 200
19  72  33  53   6  12   0 0.00  0.0    0  6.5 13 140   M    M   0        19 150
20  63  32  48   1  17   0 0.00  0.0    0  4.1 13 350   M    M   0 128    14 350
21  56  44  50   3  15   0 0.24  0.0    0  9.4 16  50   M    M   9 1      20  60
22  48  41  45  -2  20   0 1.31  0.0    0 17.6 31  50   M    M   9 1      38  20
23  51  34  43  -5  22   0 0.01  0.0    0 11.2 21 360   M    M   7        25 360
24  64  30  47  -1  18   0 0.00  0.0    0  6.2 12 260   M    M   0        14 270
25  68  34  51   3  14   0 0.00  0.0    0 10.9 28 340   M    M   0        34 340
26  74  30  52   4  13   0 0.00  0.0    0  6.5 14 270   M    M   0        18 260
27  79  37  58  10   7   0 0.00  0.0    0  3.6 12 330   M    M   0        14 320
28  80  39  60  12   5   0 0.00  0.0    0  8.4 21 180   M    M   0        24 170
29  71  42  57   9   8   0 0.00  0.0    0 10.9 22 360   M    M   2        28 360
30  55  43  49   1  16   0 0.00  0.0    0  7.2 15  40   M    M   3        20  40
31  58  45  52   4  13   0 0.42    M    0  8.2 20 160   M    M   8 1      26 160
================================================================================
SM 1719 1035       630   0  3.48    T    266.3          M      124
================================================================================
AV 55.5 33.4                               8.6 FASTST   M    M   4    MAX(MPH)
                                 MISC ---->  # 33  10               # 40  350
================================================================================
NOTES:
# LAST OF SEVERAL OCCURRENCES

COLUMN 17 PEAK WIND IN M.P.H.

PRELIMINARY LOCAL CLIMATOLOGICAL DATA (WS FORM: F-6) , PAGE 2

                                          STATION:  WACO
                                          MONTH:    JANUARY
                                          YEAR:     2015
                                          LATITUDE:   31 37 N
                                          LONGITUDE:  97 13 W

[TEMPERATURE DATA]      [PRECIPITATION DATA]       SYMBOLS USED IN COLUMN 16

AVERAGE MONTHLY: 44.4   TOTAL FOR MONTH:   3.48    1 = FOG OR MIST
DPTR FM NORMAL:  -2.8   DPTR FM NORMAL:    1.36    2 = FOG REDUCING VISIBILITY
HIGHEST:    80 ON 28    GRTST 24HR  1.54 ON 21-22      TO 1/4 MILE OR LESS
LOWEST:     18 ON  8                               3 = THUNDER
                        SNOW, ICE PELLETS, HAIL    4 = ICE PELLETS
                        TOTAL MONTH:    T          5 = HAIL
                        GRTST 24HR    T  ON  9- 9  6 = FREEZING RAIN OR DRIZZLE
                        GRTST DEPTH:   0           7 = DUSTSTORM OR SANDSTORM:
                                                       VSBY 1/2 MILE OR LESS
                                                   8 = SMOKE OR HAZE
[NO. OF DAYS WITH]      [WEATHER - DAYS WITH]      9 = BLOWING SNOW
                                                   X = TORNADO
MAX 32 OR BELOW:   0    0.01 INCH OR MORE:  10
MAX 90 OR ABOVE:   0    0.10 INCH OR MORE:   8
MIN 32 OR BELOW:  13    0.50 INCH OR MORE:   1
MIN  0 OR BELOW:   0    1.00 INCH OR MORE:   1

[HDD (BASE 65) ]
TOTAL THIS MO.   630    CLEAR  (SCALE 0-3)  18
DPTR FM NORMAL    74    PTCLDY (SCALE 4-7)   3
TOTAL FM JUL 1  1444    CLOUDY (SCALE 8-10) 10
DPTR FM NORMAL    36

[CDD (BASE 65) ]
TOTAL THIS MO.     0
DPTR FM NORMAL    -3    [PRESSURE DATA]
TOTAL FM JAN 1     0    HIGHEST SLP M ON M
DPTR FM NORMAL     0    LOWEST  SLP 29.40 ON 31

[REMARKS]
#FINAL-01-15#




U.S. Dept. of Commerce
NOAA National Weather Service
1325 East West Highway
Silver Spring, MD 20910
E-mail: w-nws.webmaster@noaa.gov
Page last modified: May 16, 2007
NATIONAL WEATHER SERVICE: for Safety, for Work, for Fun - FOR LIFE