864
CXUS52 KTAE 011103
CF6ABY
PRELIMINARY LOCAL CLIMATOLOGICAL DATA (WS FORM: F-6)

                                          STATION:   ALBANY
                                          MONTH:     JULY
                                          YEAR:      2014
                                          LATITUDE:   31 31 N
                                          LONGITUDE:  84 11 W

  TEMPERATURE IN F:       :PCPN:    SNOW:  WIND      :SUNSHINE: SKY     :PK WND
================================================================================
1   2   3   4   5  6A  6B    7    8   9   10  11  12  13   14  15   16   17  18
                                     12Z  AVG MX 2MIN
DY MAX MIN AVG DEP HDD CDD  WTR  SNW DPTH SPD SPD DIR MIN PSBL S-S WX    SPD DR
================================================================================

 1  95  72  84   2   0  19 0.00  0.0    0  2.7 12 360   M    M   1 1      16 350
 2  95  75  85   3   0  20 0.00  0.0    0  3.1 10 110   M    M   2        14 100
 3  96  75  86   4   0  21 0.00  0.0    0  5.5 15 260   M    M   1        20 270
 4  90  67  79  -3   0  14 0.00  0.0    0  4.2 14 290   M    M   0        17 250
 5  94  69  82   0   0  17 0.00  0.0    0  5.8 15  90   M    M   2        20  80
 6  93  73  83   1   0  18 0.00  0.0    0  5.4 10 150   M    M   4        17 130
 7  93  71  82   0   0  17 0.00  0.0    0  4.9 14 200   M    M   3        18 190
 8  94  71  83   1   0  18 0.00  0.0    0  5.5 10 190   M    M   1 1       M  M
 9  95  73  84   2   0  19 0.00  0.0    0  5.9 31 200   M    M   2 18     38 200
10  94  71  83   1   0  18    T  0.0    0  3.6 26 180   M    M   3 13     33 190
11  92  71  82   0   0  17    T  0.0    0  2.6 18 170   M    M   3 128    23 170
12  93  73  83   1   0  18    T  0.0    0  4.8 21 140   M    M   4 38     28 220
13  94  72  83   1   0  18    T  0.0    0  3.0 15 200   M    M   6 1      17 200
14  95  74  85   3   0  20 0.00  0.0    0  5.0 15 190   M    M   3        17 200
15  88  71  80  -2   0  15 0.27  0.0    0  4.4 20 290   M    M   4 13     26 290
16  89  71  80  -3   0  15 0.00  0.0    0  3.4 10 330   M    M   6 8      15 290
17  89  64  77  -6   0  12 0.00  0.0    0  2.0 12 270   M    M   0        17 270
18  91  65  78  -5   0  13    T  0.0    0  2.6 12 140   M    M   2        15 100
19  84  75  80  -3   0  15 0.15  0.0    0  7.3 16 210   M    M   7 1      21 210
20  86  74  80  -3   0  15 0.11  0.0    0  4.0 21 220   M    M   7 13     29 230
21  81  73  77  -6   0  12    M  0.0    0  3.0 14 210   M    M   5 1      18 230
22  89  74  82  -1   0  17 0.00  0.0    0  1.5 10 190   M    M   5        14 190
23  93  72  83   0   0  18 0.00  0.0    0  2.8 21 210   M    M   3 12     26 220
24  92  73  83   0   0  18 0.00  0.0    0  5.6 14 240   M    M   2 1      23 240
25  94  74  84   1   0  19 0.00  0.0    0  5.8 16 220   M    M   4        21 230
26  96  76  86   3   0  21 0.00  0.0    0  3.8 12 310   M    M   4 18     15 300
27  97  76  87   5   0  22 0.00  0.0    0  5.4 14 280   M    M   3 18     20 230
28  97  74  86   4   0  21    T  0.0    0  7.8 18 340   M    M   0 13     23 320
29  91  68  80  -2   0  15 0.00  0.0    0  4.6 15 300   M    M   2        20 300
30  89  63  76  -6   0  11 0.00  0.0    0  3.4 13 290   M    M   0 8      17 340
31  92  64  78  -4   0  13 0.00  0.0    0  2.6 10 250   M    M   2        14 230
================================================================================
SM 2851 2214         0 526  0.53     0.0 132.0          M       91
================================================================================
AV 92.0 71.4                               4.3 FASTST   M    M   3    MAX(MPH)
                                 MISC ---->  # 31 200               # 38  200
================================================================================
NOTES:
# LAST OF SEVERAL OCCURRENCES

COLUMN 17 PEAK WIND IN M.P.H.

PRELIMINARY LOCAL CLIMATOLOGICAL DATA (WS FORM: F-6) , PAGE 2

                                          STATION:  ALBANY
                                          MONTH:    JULY
                                          YEAR:     2014
                                          LATITUDE:   31 31 N
                                          LONGITUDE:  84 11 W

[TEMPERATURE DATA]      [PRECIPITATION DATA]       SYMBOLS USED IN COLUMN 16

AVERAGE MONTHLY: 81.7   TOTAL FOR MONTH:   0.53    1 = FOG OR MIST
DPTR FM NORMAL:  -0.7   DPTR FM NORMAL:   -4.93    2 = FOG REDUCING VISIBILITY
HIGHEST:    97 ON 28,27 GRTST 24HR  0.27 ON 15-15      TO 1/4 MILE OR LESS
LOWEST:     63 ON 30                               3 = THUNDER
                        SNOW, ICE PELLETS, HAIL    4 = ICE PELLETS
                        TOTAL MONTH:   0.0 INCH    5 = HAIL
                        GRTST 24HR     0.0         6 = FREEZING RAIN OR DRIZZLE
                        GRTST DEPTH:   0           7 = DUSTSTORM OR SANDSTORM:
                                                       VSBY 1/2 MILE OR LESS
                                                   8 = SMOKE OR HAZE
[NO. OF DAYS WITH]      [WEATHER - DAYS WITH]      9 = BLOWING SNOW
                                                   X = TORNADO
MAX 32 OR BELOW:   0    0.01 INCH OR MORE:   3
MAX 90 OR ABOVE:  23    0.10 INCH OR MORE:   3
MIN 32 OR BELOW:   0    0.50 INCH OR MORE:   0
MIN  0 OR BELOW:   0    1.00 INCH OR MORE:   0

[HDD (BASE 65) ]
TOTAL THIS MO.     0    CLEAR  (SCALE 0-3)  17
DPTR FM NORMAL     0    PTCLDY (SCALE 4-7)  14
TOTAL FM JUL 1     0    CLOUDY (SCALE 8-10)  0
DPTR FM NORMAL     0

[CDD (BASE 65) ]
TOTAL THIS MO.   526
DPTR FM NORMAL   -15    [PRESSURE DATA]
TOTAL FM JAN 1  1385    HIGHEST SLP 30.15 ON 12
DPTR FM NORMAL   -61    LOWEST  SLP 29.86 ON 16

[REMARKS]
#FINAL-07-14#




U.S. Dept. of Commerce
NOAA National Weather Service
1325 East West Highway
Silver Spring, MD 20910
E-mail: w-nws.webmaster@noaa.gov
Page last modified: May 16, 2007
NATIONAL WEATHER SERVICE: for Safety, for Work, for Fun - FOR LIFE