412
CXUS52 KTAE 010800
CF6ABY
PRELIMINARY LOCAL CLIMATOLOGICAL DATA (WS FORM: F-6)

                                          STATION:   ALBANY
                                          MONTH:     SEPTEMBER
                                          YEAR:      2014
                                          LATITUDE:   31 31 N
                                          LONGITUDE:  84 11 W

  TEMPERATURE IN F:       :PCPN:    SNOW:  WIND      :SUNSHINE: SKY     :PK WND
================================================================================
1   2   3   4   5  6A  6B    7    8   9   10  11  12  13   14  15   16   17  18
                                     12Z  AVG MX 2MIN
DY MAX MIN AVG DEP HDD CDD  WTR  SNW DPTH SPD SPD DIR MIN PSBL S-S WX    SPD DR
================================================================================

 1  96  72  84   3   0  19 0.00  0.0    0  2.7 13 210   M    M   2        15 210
 2  96  73  85   4   0  20 0.00  0.0    0  4.3 10 190   M    M   2 3       M  M
 3   M   M   M   M   M   M 1.37  0.0    0  2.4  7  99   M    M   6         M  M
 4  90  73  82   2   0  17    M  0.0    0  3.0 12  80   M    M   4         M  M
 5  91  73  82   2   0  17 0.00  0.0    0  5.4  9  40   M    M   4         M  M
 6   M   M   M   M   M   M 0.70  0.0    0  2.2  8 130   M    M   5 3       M  M
 7  93  73  83   3   0  18 0.00  0.0    0  1.4  5 110   M    M   8 13      M  M
 8  87  71  79  -1   0  14 1.84  0.0    0  2.6 16 190   M    M   8 1      20 190
 9  90  70  80   0   0  15 0.03  0.0    0  3.8 10  50   M    M   5 1      16  70
10  91  73  82   3   0  17 0.00  0.0    0  3.2  9 170   M    M   5        13 180
11  94  72  83   4   0  18 0.00  0.0    0  0.9  7 210   M    M   2         9 250
12  95  73  84   5   0  19 0.00  0.0    0  1.5  9 110   M    M   2        12 170
13  92  74  83   4   0  18 1.23  0.0    0  4.6 25 300   M    M   2 13     32 310
14  92  73  83   5   0  18 1.64  0.0    0  2.7 17  90   M    M   4 1      23  90
15  92  74  83   5   0  18    T  0.0    0  3.7  M   M   M    M   6 38      M  M
16  88  71  80   2   0  15    T  0.0    0  3.0 17 220   M    M   7        22 230
17  91  70  81   3   0  16    T  0.0    0  2.0 12 260   M    M   2        15  30
18  89  67  78   1   0  13 0.00  0.0    0  2.5  9  70   M    M   0        14  40
19  87  69  78   1   0  13 0.17  0.0    0  5.8 23  60   M    M   2 13     29  50
20  85  67  76  -1   0  11 0.00  0.0    0  7.8 15  50   M    M   6        20  40
21  87  62  75  -1   0  10 0.00  0.0    0  1.7  9 250   M    M   0        12 250
22  89  62  76   0   0  11 0.27  0.0    0  3.2 21 360   M    M   4 13     28 350
23  81  66  74  -2   0   9 0.00  0.0    0  8.1 17  60   M    M   6        22  70
24  73  60  67  -9   0   2 0.00  0.0    0 10.4 20  50   M    M   7        25  50
25  72  62  67  -8   0   2    T  0.0    0  4.3 12  50   M    M   9 1      15  50
26  84  62  73  -2   0   8    T  0.0    0  8.0 14  60   M    M   7 1      18  50
27  76  69  73  -2   0   8 0.00  0.0    0  7.5 14  60   M    M  10        20  50
28  78  72  75   1   0  10 0.00  0.0    0  6.4 13  80   M    M   8        16  70
29  79  72  76   2   0  11    M  0.0    0  5.9 13  50   M    M  10 1      16  40
30  78  67  73  -1   0   8 0.00  0.0    0  4.2 12  60   M    M   9        14  30
================================================================================
SM 2436 1942         0 375  7.25     0.0 125.2          M      152
================================================================================
AV 87.0 69.4                               4.2 FASTST   M    M   5    MAX(MPH)
                                 MISC ---->  # 25 300               # 32  310
================================================================================
NOTES:
# LAST OF SEVERAL OCCURRENCES

COLUMN 17 PEAK WIND IN M.P.H.

PRELIMINARY LOCAL CLIMATOLOGICAL DATA (WS FORM: F-6) , PAGE 2

                                          STATION:  ALBANY
                                          MONTH:    SEPTEMBER
                                          YEAR:     2014
                                          LATITUDE:   31 31 N
                                          LONGITUDE:  84 11 W

[TEMPERATURE DATA]      [PRECIPITATION DATA]       SYMBOLS USED IN COLUMN 16

AVERAGE MONTHLY: 78.2   TOTAL FOR MONTH:   7.25    1 = FOG OR MIST
DPTR FM NORMAL:   0.5   DPTR FM NORMAL:    3.81    2 = FOG REDUCING VISIBILITY
HIGHEST:    96 ON  2, 1 GRTST 24HR  1.84 ON  8- 8      TO 1/4 MILE OR LESS
LOWEST:     60 ON 24                               3 = THUNDER
                        SNOW, ICE PELLETS, HAIL    4 = ICE PELLETS
                        TOTAL MONTH:   0.0 INCH    5 = HAIL
                        GRTST 24HR     0.0         6 = FREEZING RAIN OR DRIZZLE
                        GRTST DEPTH:   0           7 = DUSTSTORM OR SANDSTORM:
                                                       VSBY 1/2 MILE OR LESS
                                                   8 = SMOKE OR HAZE
[NO. OF DAYS WITH]      [WEATHER - DAYS WITH]      9 = BLOWING SNOW
                                                   X = TORNADO
MAX 32 OR BELOW:   0    0.01 INCH OR MORE:   8
MAX 90 OR ABOVE:  13    0.10 INCH OR MORE:   7
MIN 32 OR BELOW:   0    0.50 INCH OR MORE:   5
MIN  0 OR BELOW:   0    1.00 INCH OR MORE:   4

[HDD (BASE 65) ]
TOTAL THIS MO.     0    CLEAR  (SCALE 0-3)   9
DPTR FM NORMAL    -1    PTCLDY (SCALE 4-7)  16
TOTAL FM JUL 1     0    CLOUDY (SCALE 8-10)  5
DPTR FM NORMAL    -1

[CDD (BASE 65) ]
TOTAL THIS MO.   375
DPTR FM NORMAL    -8    [PRESSURE DATA]
TOTAL FM JAN 1  2308    HIGHEST SLP 30.17 ON 24
DPTR FM NORMAL   -48    LOWEST  SLP 29.82 ON 30

[REMARKS]
#FINAL-09-14#




U.S. Dept. of Commerce
NOAA National Weather Service
1325 East West Highway
Silver Spring, MD 20910
E-mail: w-nws.webmaster@noaa.gov
Page last modified: May 16, 2007
NATIONAL WEATHER SERVICE: for Safety, for Work, for Fun - FOR LIFE