313
CXUS55 KABR 281400
CF6ABR
PRELIMINARY LOCAL CLIMATOLOGICAL DATA (WS FORM: F-6)

                                          STATION:   ABERDEEN SD
                                          MONTH:     NOVEMBER
                                          YEAR:      2014
                                          LATITUDE:   45 27 N
                                          LONGITUDE:  98 26 W

  TEMPERATURE IN F:       :PCPN:    SNOW:  WIND      :SUNSHINE: SKY     :PK WND
================================================================================
1   2   3   4   5  6A  6B    7    8   9   10  11  12  13   14  15   16   17  18
                                     12Z  AVG MX 2MIN
DY MAX MIN AVG DEP HDD CDD  WTR  SNW DPTH SPD SPD DIR MIN PSBL S-S WX    SPD DR
================================================================================

 1  52  30  41   4  24   0 0.00  0.0    0 23.5 33 170   M    M   0        45 180
 2  59  35  47  10  18   0 0.00  0.0    0 13.3 23 180   M    M   0        31 170
 3  48  33  41   5  24   0 0.02  0.0    0  9.0 20 310   M    M   7        23 300
 4  53  23  38   2  27   0 0.00  0.0    0  9.6 22 310   M    M   2        29 310
 5  54  35  45  10  20   0 0.04  0.0    0 14.7 36 320   M    M  10        44 320
 6  53  21  37   2  28   0 0.00  0.0    0  6.4 18 160   M    M   2        24 150
 7  68  39  54  20  11   0 0.01  0.0    0 20.5 43 330   M    M   5        54 320
 8  45  29  37   3  28   0 0.00  0.0    0 11.2 29 350   M    M   7        34 360
 9  36  24  30  -3  35   0 0.10  0.6    0  9.2 21  60   M    M   8 18     26  60
10  24  17  21 -11  44   0 0.29  4.9    4 20.0 28  10   M    M  10 18     35  20
11  20   9  15 -17  50   0    T    T    5 16.2 23 320   M    M   8 8      29 320
12  22   8  15 -16  50   0    T  0.1    5 16.5 26 330   M    M   8 18     31 330
13  18  -7   6 -25  59   0 0.00  0.0    5 12.5 23 330   M    M   5        27 320
14  14 -17  -1 -31  66   0 0.00  0.0    5  3.6  9 100   M    M   2        11 100
15  18  -3   8 -22  57   0 0.07  0.7    5  9.4 20 310   M    M   8 18     25 320
16  22  -9   7 -22  58   0    T    T    6 15.8 35 330   M    M   4 8      42 330
17  15   2   9 -19  56   0    T    T    5 15.6 24 310   M    M   3        30 310
18  29  11  20  -8  45   0    T    T    5 14.2 39 320   M    M   8 8      47 330
19  25  13  19  -8  46   0    T    T    5 18.8 31 320   M    M   5 8      40 320
20  22   2  12 -15  53   0 0.00  0.0    5  8.0 15 330   M    M   0        19 320
21  34   8  21  -5  44   0 0.00  0.0    5 13.7 21 190   M    M   1        26 170
22  38  19  29   3  36   0 0.00  0.0    4  9.0 17 170   M    M   0 1      21 170
23  41  19  30   5  35   0    T  0.0    3 18.4 32 320   M    M   9        38 310
24  27   6  17  -7  48   0    T    T    1 18.1 30 330   M    M   4        36 340
25  32   7  20  -4  45   0 0.10  1.5    1  9.3 16  40   M    M   9 1      22  30
26  31  -7  12 -11  53   0 0.01  0.2    2 14.9 30  10   M    M   6 1      39  30
27  18 -15   2 -21  63   0    T  0.1    2  7.4 18 150   M    M   4 18     23 140
================================================================================
SM  918  332      1123   0  0.64     8.1 358.8          M      135
================================================================================
AV 34.0 12.3                              13.3 FASTST   M    M   5    MAX(MPH)
                                 MISC ---->  # 43 330               # 54  320
================================================================================
NOTES:
# LAST OF SEVERAL OCCURRENCES

COLUMN 17 PEAK WIND IN M.P.H.

PRELIMINARY LOCAL CLIMATOLOGICAL DATA (WS FORM: F-6) , PAGE 2

                                          STATION:  ABERDEEN SD
                                          MONTH:    NOVEMBER
                                          YEAR:     2014
                                          LATITUDE:   45 27 N
                                          LONGITUDE:  98 26 W

[TEMPERATURE DATA]      [PRECIPITATION DATA]       SYMBOLS USED IN COLUMN 16

AVERAGE MONTHLY: 23.1   TOTAL FOR MONTH:   0.64    1 = FOG OR MIST
DPTR FM NORMAL:  -7.0   DPTR FM NORMAL:   -0.04    2 = FOG REDUCING VISIBILITY
HIGHEST:    68 ON  7    GRTST 24HR  0.36 ON  9-10      TO 1/4 MILE OR LESS
LOWEST:    -17 ON 14                               3 = THUNDER
                        SNOW, ICE PELLETS, HAIL    4 = ICE PELLETS
                        TOTAL MONTH:   8.1 INCHES  5 = HAIL
                        GRTST 24HR   4.9 ON   M    6 = FREEZING RAIN OR DRIZZLE
                        GRTST DEPTH:   6 ON 16     7 = DUSTSTORM OR SANDSTORM:
                                                       VSBY 1/2 MILE OR LESS
                                                   8 = SMOKE OR HAZE
[NO. OF DAYS WITH]      [WEATHER - DAYS WITH]      9 = BLOWING SNOW
                                                   X = TORNADO
MAX 32 OR BELOW:  15    0.01 INCH OR MORE:   8
MAX 90 OR ABOVE:   0    0.10 INCH OR MORE:   3
MIN 32 OR BELOW:  23    0.50 INCH OR MORE:   0
MIN  0 OR BELOW:   6    1.00 INCH OR MORE:   0

[HDD (BASE 65) ]
TOTAL THIS MO.  1123    CLEAR  (SCALE 0-3)   8
DPTR FM NORMAL   179    PTCLDY (SCALE 4-7)  12
TOTAL FM JUL 1  1885    CLOUDY (SCALE 8-10)  7
DPTR FM NORMAL    50

[CDD (BASE 65) ]
TOTAL THIS MO.     0
DPTR FM NORMAL     0    [PRESSURE DATA]
TOTAL FM JAN 1   342    HIGHEST SLP M ON M
DPTR FM NORMAL  -183    LOWEST  SLP 29.42 ON M

[REMARKS]




U.S. Dept. of Commerce
NOAA National Weather Service
1325 East West Highway
Silver Spring, MD 20910
E-mail: w-nws.webmaster@noaa.gov
Page last modified: May 16, 2007
NATIONAL WEATHER SERVICE: for Safety, for Work, for Fun - FOR LIFE