475
CXUS55 KABR 221400
CF6ABR
PRELIMINARY LOCAL CLIMATOLOGICAL DATA (WS FORM: F-6)

                                          STATION:   ABERDEEN SD
                                          MONTH:     APRIL
                                          YEAR:      2014
                                          LATITUDE:   45 27 N
                                          LONGITUDE:  98 26 W

  TEMPERATURE IN F:       :PCPN:    SNOW:  WIND      :SUNSHINE: SKY     :PK WND
================================================================================
1   2   3   4   5  6A  6B    7    8   9   10  11  12  13   14  15   16   17  18
                                     12Z  AVG MX 2MIN
DY MAX MIN AVG DEP HDD CDD  WTR  SNW DPTH SPD SPD DIR MIN PSBL S-S WX    SPD DR
================================================================================

 1  28   6  17 -20  48   0    T    T    3 10.7 32 340   M    M   1 189    40 350
 2  33  11  22 -16  43   0 0.01    T    T  9.2 22  50   M    M   7 1      27  60
 3  33  28  31  -7  34   0 0.01    T    T 11.7 23 330   M    M  10 16     27 330
 4  40  21  31  -8  34   0 0.00  0.0    T 11.2 23 360   M    M   6        29 340
 5  64  21  43   4  22   0 0.00  0.0    T 12.6 23 350   M    M   0        29 340
 6  61  21  41   1  24   0 0.01  0.0    0  6.9 26 260   M    M   1 18     33 250
 7  58  23  41   1  24   0 0.06  0.0    0  9.4 29 340   M    M   3 1      35 310
 8  58  25  42   1  23   0 0.00  0.0    0  9.2 16 180   M    M   0        21 180
 9  80  32  56  15   9   0    T  0.0    0 14.8 39 250   M    M   2        47 250
10  62  35  49   7  16   0    T  0.0    0 12.4 25 320   M    M   3        33 300
11  66  28  47   5  18   0    T  0.0    0  7.6 23  40   M    M   4 12     31  40
12  67  37  52   9  13   0 0.00  0.0    0 15.5 30  70   M    M   3        37  70
13  41  20  31 -12  34   0    T    T    0 23.0 35 350   M    M   5        42  10
14  36  14  25 -19  40   0    T    T    0  8.9 24 350   M    M   6 8      30 320
15  47   8  28 -16  37   0 0.00  0.0    0 13.3 25  90   M    M   2        35 150
16  33  20  27 -18  38   0 0.02  0.2    0 18.0 28  50   M    M   7 1      37  40
17  47  15  31 -14  34   0 0.00  0.0    0  7.7 16 180   M    M   2        20 180
18  68  33  51   5  14   0    T  0.0    0 21.5 38 150   M    M   4        48 140
19  70  36  53   7  12   0 0.00  0.0    0 13.1 29 320   M    M   1        37 170
20  78  32  55   8  10   0 0.00  0.0    0  8.1 33 330   M    M   1        40 330
21  61  31  46  -1  19   0 0.00  0.0    0 11.1 25 320   M    M   1        30 340
================================================================================
SM 1131  497       546   0  0.11     0.2 255.9          M       69
================================================================================
AV 53.9 23.7                              12.2 FASTST   M    M   3    MAX(MPH)
                                 MISC ---->  # 39 250               # 48  140
================================================================================
NOTES:
# LAST OF SEVERAL OCCURRENCES

COLUMN 17 PEAK WIND IN M.P.H.

PRELIMINARY LOCAL CLIMATOLOGICAL DATA (WS FORM: F-6) , PAGE 2

                                          STATION:  ABERDEEN SD
                                          MONTH:    APRIL
                                          YEAR:     2014
                                          LATITUDE:   45 27 N
                                          LONGITUDE:  98 26 W

[TEMPERATURE DATA]      [PRECIPITATION DATA]       SYMBOLS USED IN COLUMN 16

AVERAGE MONTHLY: 38.8   TOTAL FOR MONTH:   0.11    1 = FOG OR MIST
DPTR FM NORMAL:  -3.5   DPTR FM NORMAL:   -1.00    2 = FOG REDUCING VISIBILITY
HIGHEST:    80 ON  9    GRTST 24HR  0.06 ON  6- 7      TO 1/4 MILE OR LESS
LOWEST:      6 ON  1                               3 = THUNDER
                        SNOW, ICE PELLETS, HAIL    4 = ICE PELLETS
                        TOTAL MONTH:   0.2 INCH    5 = HAIL
                        GRTST 24HR   0.2 ON   M    6 = FREEZING RAIN OR DRIZZLE
                        GRTST DEPTH:   3 ON  1     7 = DUSTSTORM OR SANDSTORM:
                                                       VSBY 1/2 MILE OR LESS
                                                   8 = SMOKE OR HAZE
[NO. OF DAYS WITH]      [WEATHER - DAYS WITH]      9 = BLOWING SNOW
                                                   X = TORNADO
MAX 32 OR BELOW:   1    0.01 INCH OR MORE:   5
MAX 90 OR ABOVE:   0    0.10 INCH OR MORE:   0
MIN 32 OR BELOW:  17    0.50 INCH OR MORE:   0
MIN  0 OR BELOW:   0    1.00 INCH OR MORE:   0

[HDD (BASE 65) ]
TOTAL THIS MO.   546    CLEAR  (SCALE 0-3)  12
DPTR FM NORMAL    68    PTCLDY (SCALE 4-7)   8
TOTAL FM JUL 1  8927    CLOUDY (SCALE 8-10)  1
DPTR FM NORMAL   898

[CDD (BASE 65) ]
TOTAL THIS MO.     0
DPTR FM NORMAL     0    [PRESSURE DATA]
TOTAL FM JAN 1     0    HIGHEST SLP M ON M
DPTR FM NORMAL     0    LOWEST  SLP 29.49 ON  9

[REMARKS]




U.S. Dept. of Commerce
NOAA National Weather Service
1325 East West Highway
Silver Spring, MD 20910
E-mail: w-nws.webmaster@noaa.gov
Page last modified: May 16, 2007
NATIONAL WEATHER SERVICE: for Safety, for Work, for Fun - FOR LIFE