225
CXUS55 KABR 221400
CF6ABR
PRELIMINARY LOCAL CLIMATOLOGICAL DATA (WS FORM: F-6)

                                          STATION:   ABERDEEN SD
                                          MONTH:     AUGUST
                                          YEAR:      2014
                                          LATITUDE:   45 27 N
                                          LONGITUDE:  98 26 W

  TEMPERATURE IN F:       :PCPN:    SNOW:  WIND      :SUNSHINE: SKY     :PK WND
================================================================================
1   2   3   4   5  6A  6B    7    8   9   10  11  12  13   14  15   16   17  18
                                     12Z  AVG MX 2MIN
DY MAX MIN AVG DEP HDD CDD  WTR  SNW DPTH SPD SPD DIR MIN PSBL S-S WX    SPD DR
================================================================================

 1  87  49  68  -3   0   3 0.00  0.0    0  3.5 10  80   M    M   0 18     16 130
 2  86  59  73   2   0   8 0.00  0.0    0  4.0 14 250   M    M   2 8      17 250
 3  84  57  71   0   0   6 0.44  0.0    0  4.5 20 350   M    M   2 123    25 350
 4  72  57  65  -6   0   0 0.00  0.0    0  7.3 14  30   M    M   4        19  30
 5  77  54  66  -5   0   1 0.00  0.0    0  6.0 14 150   M    M   1        18 110
 6  80  56  68  -3   0   3 0.00  0.0    0  8.0 21 110   M    M   3        26 140
 7  77  63  70  -1   0   5 0.00  0.0    0  5.7 12 150   M    M  10        15 170
 8  73  57  65  -6   0   0    T  0.0    0  6.6 13 140   M    M   9 1      17 140
 9  80  63  72   2   0   7 0.34  0.0    0  7.2 15 160   M    M   8 13     18 160
10  77  56  67  -3   0   2 0.00  0.0    0 10.2 20 350   M    M   5 12     24 340
11  75  52  64  -6   1   0 0.00  0.0    0  8.8 18  10   M    M   0        26 350
12  82  44  63  -7   2   0 0.00  0.0    0  3.3 10 210   M    M   0        14 210
13  85  50  68  -2   0   3 0.00  0.0    0  7.4 15 150   M    M   0        20 140
14  75  62  69  -1   0   4 0.25  0.0    0 10.1 21 180   M    M   4 13     25 180
15  80  66  73   3   0   8 0.01  0.0    0  8.9 20 160   M    M   6 13     26 140
16  80  64  72   3   0   7 0.00  0.0    0  5.0 14 150   M    M   8 12     15 190
17  82  55  69   0   0   4 0.02  0.0    0  7.1 36 290   M    M   7 13     47 290
18  83  55  69   0   0   4 0.02  0.0    0  8.9 26 330   M    M   4 3      31 330
19  85  55  70   1   0   5 0.00  0.0    0  5.4 10 310   M    M   0        13 350
20  87  60  74   6   0   9 0.28  0.0    0 10.0 24 340   M    M   1 13     30 340
21  85  63  74   6   0   9 0.71  0.0    0  7.8 16 340   M    M   3 13     20 340
================================================================================
SM 1692 1197         3  88  2.07     0.0 145.7          M       77
================================================================================
AV 80.6 57.0                               6.9 FASTST   M    M   4    MAX(MPH)
                                 MISC ---->  # 36 290               # 47  290
================================================================================
NOTES:
# LAST OF SEVERAL OCCURRENCES

COLUMN 17 PEAK WIND IN M.P.H.

PRELIMINARY LOCAL CLIMATOLOGICAL DATA (WS FORM: F-6) , PAGE 2

                                          STATION:  ABERDEEN SD
                                          MONTH:    AUGUST
                                          YEAR:     2014
                                          LATITUDE:   45 27 N
                                          LONGITUDE:  98 26 W

[TEMPERATURE DATA]      [PRECIPITATION DATA]       SYMBOLS USED IN COLUMN 16

AVERAGE MONTHLY: 68.8   TOTAL FOR MONTH:   2.07    1 = FOG OR MIST
DPTR FM NORMAL:  -1.2   DPTR FM NORMAL:    0.43    2 = FOG REDUCING VISIBILITY
HIGHEST:    87 ON 20, 1 GRTST 24HR  0.99 ON 20-21      TO 1/4 MILE OR LESS
LOWEST:     44 ON 12                               3 = THUNDER
                        SNOW, ICE PELLETS, HAIL    4 = ICE PELLETS
                        TOTAL MONTH:   0.0 INCH    5 = HAIL
                        GRTST 24HR     0.0         6 = FREEZING RAIN OR DRIZZLE
                        GRTST DEPTH:   0           7 = DUSTSTORM OR SANDSTORM:
                                                       VSBY 1/2 MILE OR LESS
                                                   8 = SMOKE OR HAZE
[NO. OF DAYS WITH]      [WEATHER - DAYS WITH]      9 = BLOWING SNOW
                                                   X = TORNADO
MAX 32 OR BELOW:   0    0.01 INCH OR MORE:   8
MAX 90 OR ABOVE:   0    0.10 INCH OR MORE:   5
MIN 32 OR BELOW:   0    0.50 INCH OR MORE:   1
MIN  0 OR BELOW:   0    1.00 INCH OR MORE:   0

[HDD (BASE 65) ]
TOTAL THIS MO.     3    CLEAR  (SCALE 0-3)  10
DPTR FM NORMAL   -14    PTCLDY (SCALE 4-7)   9
TOTAL FM JUL 1    40    CLOUDY (SCALE 8-10)  2
DPTR FM NORMAL     9

[CDD (BASE 65) ]
TOTAL THIS MO.    88
DPTR FM NORMAL   -36    [PRESSURE DATA]
TOTAL FM JAN 1   290    HIGHEST SLP M ON M
DPTR FM NORMAL  -157    LOWEST  SLP 29.60 ON 21

[REMARKS]




U.S. Dept. of Commerce
NOAA National Weather Service
1325 East West Highway
Silver Spring, MD 20910
E-mail: w-nws.webmaster@noaa.gov
Page last modified: May 16, 2007
NATIONAL WEATHER SERVICE: for Safety, for Work, for Fun - FOR LIFE