495
CXUS54 KSJT 240900
CF6ABI
PRELIMINARY LOCAL CLIMATOLOGICAL DATA (WS FORM: F-6)

                                          STATION:   ABILENE
                                          MONTH:     APRIL
                                          YEAR:      2014
                                          LATITUDE:   32 25 N
                                          LONGITUDE:  99 41 W

  TEMPERATURE IN F:       :PCPN:    SNOW:  WIND      :SUNSHINE: SKY     :PK WND
================================================================================
1   2   3   4   5  6A  6B    7    8   9   10  11  12  13   14  15   16   17  18
                                     12Z  AVG MX 2MIN
DY MAX MIN AVG DEP HDD CDD  WTR  SNW DPTH SPD SPD DIR MIN PSBL S-S WX    SPD DR
================================================================================

 1  86  54  70   9   0   5 0.00  0.0    0 13.3 25 150   M    M   1        33 150
 2  87  69  78  17   0  13 0.00  0.0    0 14.5 24 150   M    M   2 8      30 190
 3  92  54  73  12   0   8 0.00  0.0    0 15.0 37 350   M    M   0 8      44 350
 4  69  40  55  -7  10   0 0.00  0.0    0 10.4 24 360   M    M   0        30 360
 5  65  51  58  -4   7   0    T  0.0    0 14.2 31 130   M    M   5        39 120
 6  60  46  53  -9  12   0 0.17  0.0    0  8.7 23 220   M    M   7 1      29 240
 7  70  45  58  -4   7   0    T  0.0    0  6.5 30 320   M    M   6 128    38 320
 8  78  42  60  -2   5   0 0.00  0.0    0 11.9 25 340   M    M   0        33 320
 9  88  48  68   5   0   3 0.00  0.0    0 14.7 25 190   M    M   0 8      33 180
10  96  64  80  17   0  15 0.00  0.0    0 17.1 33 200   M    M   0        42 190
11  92  63  78  15   0  13 0.00  0.0    0  9.8 20 190   M    M   0        26 190
12  91  67  79  15   0  14 0.00  0.0    0 17.1 28 180   M    M   0        35 160
13  90  52  71   7   0   6 0.04    T    0 18.8 30 280   M    M   1 5      41 280
14  56  38  47 -17  18   0 0.00  0.0    0 22.8 36 340   M    M   5        44 360
15  65  28  47 -17  18   0 0.00  0.0    0  7.5 20 160   M    M   0        27 160
16  76  47  62  -3   3   0 0.00  0.0    0 19.4 35 190   M    M   0 8      43 180
17  64  53  59  -6   6   0    T  0.0    0 12.7 21 130   M    M   8 18     26 140
18  74  51  63  -2   2   0 0.00  0.0    0  6.9 14 130   M    M   6 18     19 110
19  78  57  68   2   0   3    T  0.0    0 13.6 22 170   M    M   2        26 170
20  70  63  67   1   0   2 0.35  0.0    0  9.6 21 140   M    M   7 13     26 160
21  90  63  77  11   0  12    T  0.0    0 11.0 23 210   M    M   3        28 200
22  84  54  69   3   0   4 0.00  0.0    0  7.1 16 120   M    M   0        21 100
23  91  62  77  10   0  12 0.05  0.0    0 18.0 45 160   M    M   0 38     59 170
================================================================================
SM 1812 1211        88 110  0.61    T    300.6          M       53
================================================================================
AV 78.8 52.7                              13.1 FASTST   M    M   2    MAX(MPH)
                                 MISC ---->  # 45 160               # 59  170
================================================================================
NOTES:
# LAST OF SEVERAL OCCURRENCES

COLUMN 17 PEAK WIND IN M.P.H.

PRELIMINARY LOCAL CLIMATOLOGICAL DATA (WS FORM: F-6) , PAGE 2

                                          STATION:  ABILENE
                                          MONTH:    APRIL
                                          YEAR:     2014
                                          LATITUDE:   32 25 N
                                          LONGITUDE:  99 41 W

[TEMPERATURE DATA]      [PRECIPITATION DATA]       SYMBOLS USED IN COLUMN 16

AVERAGE MONTHLY: 65.7   TOTAL FOR MONTH:   0.61    1 = FOG OR MIST
DPTR FM NORMAL:   2.1   DPTR FM NORMAL:   -0.54    2 = FOG REDUCING VISIBILITY
HIGHEST:    96 ON 10    GRTST 24HR  0.35 ON 20-20      TO 1/4 MILE OR LESS
LOWEST:     28 ON 15                               3 = THUNDER
                        SNOW, ICE PELLETS, HAIL    4 = ICE PELLETS
                        TOTAL MONTH:    T          5 = HAIL
                        GRTST 24HR    T  ON 13-13  6 = FREEZING RAIN OR DRIZZLE
                        GRTST DEPTH:   0           7 = DUSTSTORM OR SANDSTORM:
                                                       VSBY 1/2 MILE OR LESS
                                                   8 = SMOKE OR HAZE
[NO. OF DAYS WITH]      [WEATHER - DAYS WITH]      9 = BLOWING SNOW
                                                   X = TORNADO
MAX 32 OR BELOW:   0    0.01 INCH OR MORE:   4
MAX 90 OR ABOVE:   7    0.10 INCH OR MORE:   2
MIN 32 OR BELOW:   1    0.50 INCH OR MORE:   0
MIN  0 OR BELOW:   0    1.00 INCH OR MORE:   0

[HDD (BASE 65) ]
TOTAL THIS MO.    88    CLEAR  (SCALE 0-3)  16
DPTR FM NORMAL   -11    PTCLDY (SCALE 4-7)   7
TOTAL FM JUL 1  2790    CLOUDY (SCALE 8-10)  0
DPTR FM NORMAL   260

[CDD (BASE 65) ]
TOTAL THIS MO.   110
DPTR FM NORMAL    44    [PRESSURE DATA]
TOTAL FM JAN 1   154    HIGHEST SLP M ON M
DPTR FM NORMAL    54    LOWEST  SLP 29.46 ON 13

[REMARKS]




U.S. Dept. of Commerce
NOAA National Weather Service
1325 East West Highway
Silver Spring, MD 20910
E-mail: w-nws.webmaster@noaa.gov
Page last modified: May 16, 2007
NATIONAL WEATHER SERVICE: for Safety, for Work, for Fun - FOR LIFE