013
CXUS51 KPHI 230800
CF6ABE
PRELIMINARY LOCAL CLIMATOLOGICAL DATA (WS FORM: F-6)

                                          STATION:   ALLENTOWN PA
                                          MONTH:     APRIL
                                          YEAR:      2014
                                          LATITUDE:   40 39 N
                                          LONGITUDE:  75 26 W

  TEMPERATURE IN F:       :PCPN:    SNOW:  WIND      :SUNSHINE: SKY     :PK WND
================================================================================
1   2   3   4   5  6A  6B    7    8   9   10  11  12  13   14  15   16   17  18
                                     12Z  AVG MX 2MIN
DY MAX MIN AVG DEP HDD CDD  WTR  SNW DPTH SPD SPD DIR MIN PSBL S-S WX    SPD DR
================================================================================

 1  62  26  44  -1  21   0 0.00  0.0    0  4.1 12 240   M    M   0        17 240
 2  60  40  50   5  15   0 0.07  0.0    0  3.2  8 220   M    M   3 18     13 240
 3  64  40  52   6  13   0 0.19  0.0    0  3.8 10 260   M    M   5 1      13 250
 4  48  40  44  -2  21   0 0.18  0.0    0  9.9 21 110   M    M  10 18     28 110
 5  51  36  44  -2  21   0    T  0.0    0 12.1 26 300   M    M   6 12     38 270
 6  59  31  45  -2  20   0 0.00  0.0    0  4.4 12 330   M    M   0        20 330
 7  49  32  41  -6  24   0 0.29  0.0    0  7.4 17  70   M    M   6 1      23  90
 8  62  38  50   3  15   0 0.19  0.0    0 10.6 28 270   M    M   6 1      37 290
 9  62  30  46  -2  19   0 0.00  0.0    0  8.4 21 330   M    M   1 8      28 340
10  67  27  47  -1  18   0 0.00  0.0    0  7.9 22 180   M    M   0        31 210
11  71  43  57   9   8   0 0.08  0.0    0  5.2 21 300   M    M   5 1      28 300
12  71  40  56   7   9   0 0.00  0.0    0  5.0 17 190   M    M   1 1      21 200
13  82  53  68  19   0   3    T  0.0    0  9.5 24 210   M    M   3 8      31 210
14  76  61  69  20   0   4 0.00  0.0    0 13.8 30 210   M    M   2        39 210
15  67  34  51   1  14   0 1.62  0.3    0 13.6 30 310   M    M   9 128    39 300
16  46  27  37 -13  28   0 0.00  0.0    0 10.9 25 320   M    M   1        37 310
17  53  27  40 -10  25   0 0.00  0.0    0  8.3 15 110   M    M   0        21 150
18  53  32  43  -8  22   0 0.00  0.0    0  4.2 10  90   M    M   4        17 260
19  65  35  50  -1  15   0 0.00  0.0    0  6.8 17 330   M    M   0        23 340
20  62  38  50  -2  15   0 0.00  0.0    0  7.0 12 110   M    M   0        18 120
21  70  31  51  -1  14   0 0.00  0.0    0  2.6 12 190   M    M   0        15 240
22  71  43  57   5   8   0 0.01  0.0    0  5.8 18 280   M    M   1 8      25 270
================================================================================
SM 1371  804       345   7  2.63     0.3 164.5          M       63
================================================================================
AV 62.3 36.5                               7.5 FASTST   M    M   3    MAX(MPH)
                                 MISC ---->  # 30 210               # 39  210
================================================================================
NOTES:
# LAST OF SEVERAL OCCURRENCES

COLUMN 17 PEAK WIND IN M.P.H.

PRELIMINARY LOCAL CLIMATOLOGICAL DATA (WS FORM: F-6) , PAGE 2

                                          STATION:  ALLENTOWN PA
                                          MONTH:    APRIL
                                          YEAR:     2014
                                          LATITUDE:   40 39 N
                                          LONGITUDE:  75 26 W

[TEMPERATURE DATA]      [PRECIPITATION DATA]       SYMBOLS USED IN COLUMN 16

AVERAGE MONTHLY: 49.4   TOTAL FOR MONTH:   2.63    1 = FOG OR MIST
DPTR FM NORMAL:   0.9   DPTR FM NORMAL:    0.01    2 = FOG REDUCING VISIBILITY
HIGHEST:    82 ON 13    GRTST 24HR  1.62 ON 15-15      TO 1/4 MILE OR LESS
LOWEST:     26 ON  1                               3 = THUNDER
                        SNOW, ICE PELLETS, HAIL    4 = ICE PELLETS
                        TOTAL MONTH:   0.3 INCH    5 = HAIL
                        GRTST 24HR   0.3 ON   M    6 = FREEZING RAIN OR DRIZZLE
                        GRTST DEPTH:   0           7 = DUSTSTORM OR SANDSTORM:
                                                       VSBY 1/2 MILE OR LESS
                                                   8 = SMOKE OR HAZE
[NO. OF DAYS WITH]      [WEATHER - DAYS WITH]      9 = BLOWING SNOW
                                                   X = TORNADO
MAX 32 OR BELOW:   0    0.01 INCH OR MORE:   8
MAX 90 OR ABOVE:   0    0.10 INCH OR MORE:   5
MIN 32 OR BELOW:   9    0.50 INCH OR MORE:   1
MIN  0 OR BELOW:   0    1.00 INCH OR MORE:   1

[HDD (BASE 65) ]
TOTAL THIS MO.   345    CLEAR  (SCALE 0-3)  14
DPTR FM NORMAL   -19    PTCLDY (SCALE 4-7)   6
TOTAL FM JUL 1  5905    CLOUDY (SCALE 8-10)  2
DPTR FM NORMAL   429

[CDD (BASE 65) ]
TOTAL THIS MO.     7
DPTR FM NORMAL     7    [PRESSURE DATA]
TOTAL FM JAN 1     7    HIGHEST SLP M ON M
DPTR FM NORMAL     7    LOWEST  SLP 29.46 ON  8

[REMARKS]




U.S. Dept. of Commerce
NOAA National Weather Service
1325 East West Highway
Silver Spring, MD 20910
E-mail: w-nws.webmaster@noaa.gov
Page last modified: May 16, 2007
NATIONAL WEATHER SERVICE: for Safety, for Work, for Fun - FOR LIFE