116
CXUS51 KPHI 011227
CF6ABE
PRELIMINARY LOCAL CLIMATOLOGICAL DATA (WS FORM: F-6)

                                          STATION:   ALLENTOWN PA
                                          MONTH:     NOVEMBER
                                          YEAR:      2014
                                          LATITUDE:   40 39 N
                                          LONGITUDE:  75 26 W

  TEMPERATURE IN F:       :PCPN:    SNOW:  WIND      :SUNSHINE: SKY     :PK WND
================================================================================
1   2   3   4   5  6A  6B    7    8   9   10  11  12  13   14  15   16   17  18
                                     12Z  AVG MX 2MIN
DY MAX MIN AVG DEP HDD CDD  WTR  SNW DPTH SPD SPD DIR MIN PSBL S-S WX    SPD DR
================================================================================

 1  50  43  47   0  18   0 0.18  0.0    0 11.4 22 340   M    M  10 1      29 360
 2  47  38  43  -4  22   0 0.00  0.0    0 17.1 31 340   M    M   5        41 320
 3  60  33  47   0  18   0 0.00  0.0    0  9.8 20 260   M    M   2        28 280
 4  70  41  56   9   9   0 0.00  0.0    0  5.6 16 260   M    M   3        22 260
 5  60  42  51   5  14   0 0.00  0.0    0  3.7 14 280   M    M   0        21 270
 6  49  45  47   1  18   0 0.43  0.0    0  3.5  9 210   M    M  10 1      12 280
 7  51  29  40  -6  25   0    T  0.0    0 11.0 30 290   M    M   7 158    40 300
 8  49  26  38  -7  27   0 0.00  0.0    0  6.7 15 240   M    M   2        21 250
 9  55  32  44  -1  21   0 0.00  0.0    0  3.1 14 270   M    M   2 8      18 270
10  63  29  46   1  19   0 0.00  0.0    0  2.5 10 150   M    M   0        17 150
11  62  32  47   3  18   0 0.00  0.0    0  1.5  6 320   M    M   6 1       8 140
12  64  38  51   7  14   0 0.00  0.0    0  6.7 18 300   M    M   5 18     26 280
13  44  29  37  -7  28   0 0.23  0.5    0  3.4 10 270   M    M   6 1      18 240
14  41  29  35  -8  30   0    T    T    T  7.0 20 280   M    M   6 1      26 320
15  42  24  33 -10  32   0 0.00  0.0    0  5.4 14 290   M    M   2        18 290
16  41  24  33 -10  32   0 0.05  0.0    0  4.6 13 190   M    M   9        22 170
17  44  37  41  -1  24   0 0.65  0.0    0  5.4 21 280   M    M  10 1      30 290
18  38  19  29 -13  36   0 0.00  0.0    0 15.4 29 270   M    M   1        41 270
19  30  15  23 -19  42   0 0.00  0.0    0  8.8 16 240   M    M   1        23 270
20  45  20  33  -8  32   0    T  0.0    0  8.0 23 290   M    M   4        35 290
21  35  17  26 -15  39   0 0.00  0.0    0  9.1 23 300   M    M   0        32 300
22  44  15  30 -10  35   0    T  0.0    0  7.0 17 230   M    M   4        22 240
23  59  33  46   6  19   0    T  0.0    0  2.7 10 160   M    M   5 1      13 160
24  71  49  60  20   5   0 0.49  0.0    0 14.2 25 190   M    M   6 1      33 190
25  62  36  49  10  16   0 0.00  0.0    0  8.0 20 280   M    M   0        25 290
26  43  33  38  -1  27   0 1.04  4.9    0  5.7 15  30   M    M   9 1      20  20
27  37  24  31  -8  34   0 0.05  0.3    3  5.9 13 330   M    M   7 1      17 310
28  33  19  26 -12  39   0    T    T    3  6.0 22 320   M    M   3 1      30 310
29  32  15  24 -14  41   0    T    T    3  2.3  7  40   M    M   6 8      12 120
30  40  26  33  -5  32   0 0.00  0.0    3  1.1  6  60   M    M   8         6  60
================================================================================
SM 1461  892       766   0  3.12     5.7 202.6          M      139
================================================================================
AV 48.7 29.7                               6.8 FASTST   M    M   5    MAX(MPH)
                                 MISC ---->  # 31 340               # 41  320
================================================================================
NOTES:
# LAST OF SEVERAL OCCURRENCES

COLUMN 17 PEAK WIND IN M.P.H.

PRELIMINARY LOCAL CLIMATOLOGICAL DATA (WS FORM: F-6) , PAGE 2

                                          STATION:  ALLENTOWN PA
                                          MONTH:    NOVEMBER
                                          YEAR:     2014
                                          LATITUDE:   40 39 N
                                          LONGITUDE:  75 26 W

[TEMPERATURE DATA]      [PRECIPITATION DATA]       SYMBOLS USED IN COLUMN 16

AVERAGE MONTHLY: 39.2   TOTAL FOR MONTH:   3.12    1 = FOG OR MIST
DPTR FM NORMAL:  -3.5   DPTR FM NORMAL:   -0.38    2 = FOG REDUCING VISIBILITY
HIGHEST:    71 ON 24    GRTST 24HR  1.06 ON 26-27      TO 1/4 MILE OR LESS
LOWEST:     15 ON 29,22                            3 = THUNDER
                        SNOW, ICE PELLETS, HAIL    4 = ICE PELLETS
                        TOTAL MONTH:   5.7 INCHES  5 = HAIL
                        GRTST 24HR   4.9 ON   M    6 = FREEZING RAIN OR DRIZZLE
                        GRTST DEPTH:   3 ON 30,29  7 = DUSTSTORM OR SANDSTORM:
                                                       VSBY 1/2 MILE OR LESS
                                                   8 = SMOKE OR HAZE
[NO. OF DAYS WITH]      [WEATHER - DAYS WITH]      9 = BLOWING SNOW
                                                   X = TORNADO
MAX 32 OR BELOW:   2    0.01 INCH OR MORE:   8
MAX 90 OR ABOVE:   0    0.10 INCH OR MORE:   6
MIN 32 OR BELOW:  18    0.50 INCH OR MORE:   2
MIN  0 OR BELOW:   0    1.00 INCH OR MORE:   1

[HDD (BASE 65) ]
TOTAL THIS MO.   766    CLEAR  (SCALE 0-3)  12
DPTR FM NORMAL    97    PTCLDY (SCALE 4-7)  12
TOTAL FM JUL 1  1135    CLOUDY (SCALE 8-10)  6
DPTR FM NORMAL   -45

[CDD (BASE 65) ]
TOTAL THIS MO.     0
DPTR FM NORMAL     0    [PRESSURE DATA]
TOTAL FM JAN 1   807    HIGHEST SLP 30.52 ON 22
DPTR FM NORMAL    50    LOWEST  SLP 29.53 ON 17

[REMARKS]
#FINAL-11-14#




U.S. Dept. of Commerce
NOAA National Weather Service
1325 East West Highway
Silver Spring, MD 20910
E-mail: w-nws.webmaster@noaa.gov
Page last modified: May 16, 2007
NATIONAL WEATHER SERVICE: for Safety, for Work, for Fun - FOR LIFE