422
CXUS51 KPHI 300800
CF6ABE
PRELIMINARY LOCAL CLIMATOLOGICAL DATA (WS FORM: F-6)

                                          STATION:   ALLENTOWN PA
                                          MONTH:     JANUARY
                                          YEAR:      2015
                                          LATITUDE:   40 39 N
                                          LONGITUDE:  75 26 W

  TEMPERATURE IN F:       :PCPN:    SNOW:  WIND      :SUNSHINE: SKY     :PK WND
================================================================================
1   2   3   4   5  6A  6B    7    8   9   10  11  12  13   14  15   16   17  18
                                     12Z  AVG MX 2MIN
DY MAX MIN AVG DEP HDD CDD  WTR  SNW DPTH SPD SPD DIR MIN PSBL S-S WX    SPD DR
================================================================================

 1  39  14  27  -1  38   0 0.00  0.0    0  9.4 23 230   M    M   0        30 240
 2  42  23  33   5  32   0 0.00  0.0    0  7.1 18 260   M    M   3        24 270
 3  37  20  29   1  36   0 0.63  0.2    0  3.5  8  80   M    M   6 168    10  80
 4  50  35  43  15  22   0 0.17  0.0    0  4.6 30 280   M    M  10 12     41 280
 5  45  18  32   4  33   0 0.00  0.0    0 16.0 30 280   M    M   4        45 280
 6  21   8  15 -13  50   0 0.09  1.4    0  3.5 10 290   M    M   6 18     14 300
 7  22   8  15 -13  50   0 0.01    T    0 12.8 26 300   M    M   6 18     36 320
 8  17   2  10 -18  55   0 0.00  0.0    1  9.2 20 260   M    M   0        29 310
 9  31  15  23  -5  42   0 0.01    T    T 10.6 26 250   M    M   5        38 250
10  20  10  15 -13  50   0 0.00  0.0    0  9.1 16 240   M    M   0        23 280
11  38  11  25  -3  40   0 0.01  0.0    0  2.9 17 190   M    M   4        20 200
12  37  32  35   7  30   0 0.43    T    T  3.1 18 350   M    M  10 14     23 340
13  35  13  24  -4  41   0 0.00  0.0    0 10.6 22 330   M    M   2        28 340
14  28  12  20  -7  45   0 0.00  0.0    0  5.5 14  60   M    M   9        16  50
15  34  20  27   0  38   0 0.00  0.0    0  4.9 14 260   M    M   6        18 270
16  40  17  29   2  36   0    T    T    0 12.7 24 330   M    M   3        33 310
17  32   9  21  -6  44   0 0.00  0.0    0  4.8 15 180   M    M   0        20 170
18  38  22  30   3  35   0 0.41  0.0    0  4.8 10  80   M    M   8 16     13  90
19  42  27  35   7  30   0 0.00  0.0    0  9.3 21 290   M    M   9 1      28 270
20  41  26  34   6  31   0    T    T    0  5.2 15 300   M    M   6 1      18 300
21  31  20  26  -2  39   0 0.09  1.0    0  2.5 10 360   M    M   6 18     13  60
22  39  26  33   5  32   0    T    T    1  3.9 12 300   M    M   9 128    14 350
23  37  19  28   0  37   0 0.02  0.1    0  3.6 12 230   M    M   2 1      18 270
24  38  31  35   7  30   0 0.66  7.8    8  6.6 22 290   M    M   9 1268   29 280
25  40  29  35   7  30   0    T    T    6  8.6 15 240   M    M  10        21 280
26  29  19  24  -4  41   0 0.13  1.9    5 15.5 24  60   M    M  10 8      29  70
27  30  17  24  -4  41   0    T    T    6 11.6 23 330   M    M   7        30 330
28  31  16  24  -4  41   0 0.00  0.0    5 11.5 22 330   M    M   0        28 330
29  31   2  17 -11  48   0 0.05  0.4    5  4.8 15 180   M    M   5 1      21 190
================================================================================
SM  995  521      1117   0  2.71    12.8 218.2          M      155
================================================================================
AV 34.3 18.0                               7.5 FASTST   M    M   5    MAX(MPH)
                                 MISC ---->  # 30 280               # 45  280
================================================================================
NOTES:
# LAST OF SEVERAL OCCURRENCES

COLUMN 17 PEAK WIND IN M.P.H.

PRELIMINARY LOCAL CLIMATOLOGICAL DATA (WS FORM: F-6) , PAGE 2

                                          STATION:  ALLENTOWN PA
                                          MONTH:    JANUARY
                                          YEAR:     2015
                                          LATITUDE:   40 39 N
                                          LONGITUDE:  75 26 W

[TEMPERATURE DATA]      [PRECIPITATION DATA]       SYMBOLS USED IN COLUMN 16

AVERAGE MONTHLY: 26.1   TOTAL FOR MONTH:   2.71    1 = FOG OR MIST
DPTR FM NORMAL:  -1.7   DPTR FM NORMAL:   -0.11    2 = FOG REDUCING VISIBILITY
HIGHEST:    50 ON  4    GRTST 24HR  0.74 ON  3- 4      TO 1/4 MILE OR LESS
LOWEST:      2 ON 29, 8                            3 = THUNDER
                        SNOW, ICE PELLETS, HAIL    4 = ICE PELLETS
                        TOTAL MONTH:  12.8 INCHES  5 = HAIL
                        GRTST 24HR   7.8 ON   M    6 = FREEZING RAIN OR DRIZZLE
                        GRTST DEPTH:   8 ON 24     7 = DUSTSTORM OR SANDSTORM:
                                                       VSBY 1/2 MILE OR LESS
                                                   8 = SMOKE OR HAZE
[NO. OF DAYS WITH]      [WEATHER - DAYS WITH]      9 = BLOWING SNOW
                                                   X = TORNADO
MAX 32 OR BELOW:  12    0.01 INCH OR MORE:  13
MAX 90 OR ABOVE:   0    0.10 INCH OR MORE:   6
MIN 32 OR BELOW:  28    0.50 INCH OR MORE:   2
MIN  0 OR BELOW:   0    1.00 INCH OR MORE:   0

[HDD (BASE 65) ]
TOTAL THIS MO.  1117    CLEAR  (SCALE 0-3)   8
DPTR FM NORMAL    36    PTCLDY (SCALE 4-7)  12
TOTAL FM JUL 1  3112    CLOUDY (SCALE 8-10)  9
DPTR FM NORMAL  -164

[CDD (BASE 65) ]
TOTAL THIS MO.     0
DPTR FM NORMAL     0    [PRESSURE DATA]
TOTAL FM JAN 1     0    HIGHEST SLP M ON M
DPTR FM NORMAL     0    LOWEST  SLP 29.26 ON 24

[REMARKS]




U.S. Dept. of Commerce
NOAA National Weather Service
1325 East West Highway
Silver Spring, MD 20910
E-mail: w-nws.webmaster@noaa.gov
Page last modified: May 16, 2007
NATIONAL WEATHER SERVICE: for Safety, for Work, for Fun - FOR LIFE