905
CXUS56 KMFR 231000
CF6AAT
PRELIMINARY LOCAL CLIMATOLOGICAL DATA (WS FORM: F-6)

                                          STATION:   ALTURAS CA
                                          MONTH:     SEPTEMBER
                                          YEAR:      2014
                                          LATITUDE:   41 29 N
                                          LONGITUDE: 120 34 W

  TEMPERATURE IN F:       :PCPN:    SNOW:  WIND      :SUNSHINE: SKY     :PK WND
================================================================================
1   2   3   4   5  6A  6B    7    8   9   10  11  12  13   14  15   16   17  18
                                     12Z  AVG MX 2MIN
DY MAX MIN AVG DEP HDD CDD  WTR  SNW DPTH SPD SPD DIR MIN PSBL S-S WX    SPD DR
================================================================================

 1  86  37  62   1   3   0 0.00    M    M  3.0 10 320   M    M   0        15 270
 2  90  37  64   4   1   0 0.00    M    M  6.8 21 310   M    M   0 8      27 320
 3  80  41  61   1   4   0 0.00    M    M  4.8 15 360   M    M   0        21 350
 4  80  33  57  -3   8   0 0.00    M    M  4.7 10  30   M    M   0        16  20
 5  86  37  62   2   3   0 0.00    M    M  4.6 12  20   M    M   0        16  30
 6  90  36  63   4   2   0 0.00    M    M  6.0 22 180   M    M   0        29 180
 7  88  36  62   3   3   0 0.00    M    M  4.9 20 270   M    M   0        24 280
 8  85  35  60   1   5   0 0.00    M    M  4.7 23 160   M    M   1        29 160
 9  84  38  61   3   4   0 0.00    M    M  5.6 22 290   M    M   0        27 290
10  86  34  60   2   5   0 0.00    M    M  2.3  9  10   M    M   0        12  70
11  86  37  62   4   3   0 0.00    M    M  3.5 13  40   M    M   1 8      17  40
12  91  38  65   8   0   0 0.00    M    M  6.3 20 260   M    M   0        25 280
13  87  39  63   6   2   0 0.00    M    M  4.1 20 250   M    M   0        24 280
14  87  41  64   7   1   0 0.00    M    M  2.8 15 240   M    M   2        20 240
15  88  41  65   9   0   0 0.00    M    M  7.6 29 210   M    M   1 3      39 190
16  88  43  66  10   0   1 0.00    M    M  6.9 23 170   M    M   0 8      31 160
17  88  50  69  13   0   4 0.00    M    M 12.7 31 220   M    M   0        49 220
18  79  45  62   6   3   0 0.00    M    M  7.7 20 280   M    M   2        28 260
19  85  36  61   6   4   0 0.00    M    M  3.2 12  10   M    M   0        17  10
20  91  42  67  12   0   2 0.00    M    M  2.9 10 170   M    M   0        13 160
21  83  57  70  15   0   5 0.07    M    M  6.0 21 270   M    M   1        26 270
22  83  46  65  11   0   0 0.00    M    M  3.7 21 260   M    M   1 18     26 270
================================================================================
SM 1891  879        51  12  0.07    M    114.8          M        9
================================================================================
AV 86.0 40.0                               5.2 FASTST   M    M   0    MAX(MPH)
                                 MISC ---->  # 31 220               # 49  220
================================================================================
NOTES:
# LAST OF SEVERAL OCCURRENCES

COLUMN 17 PEAK WIND IN M.P.H.

PRELIMINARY LOCAL CLIMATOLOGICAL DATA (WS FORM: F-6) , PAGE 2

                                          STATION:  ALTURAS CA
                                          MONTH:    SEPTEMBER
                                          YEAR:     2014
                                          LATITUDE:   41 29 N
                                          LONGITUDE: 120 34 W

[TEMPERATURE DATA]      [PRECIPITATION DATA]       SYMBOLS USED IN COLUMN 16

AVERAGE MONTHLY: 63.0   TOTAL FOR MONTH:   0.07    1 = FOG OR MIST
DPTR FM NORMAL:   5.4   DPTR FM NORMAL:   -0.28    2 = FOG REDUCING VISIBILITY
HIGHEST:    91 ON 20,12 GRTST 24HR  0.07 ON 21-21      TO 1/4 MILE OR LESS
LOWEST:     33 ON  4                               3 = THUNDER
                        SNOW, ICE PELLETS, HAIL    4 = ICE PELLETS
                        TOTAL MONTH:    M          5 = HAIL
                        GRTST 24HR    M  ON   M    6 = FREEZING RAIN OR DRIZZLE
                        GRTST DEPTH:  M  ON   M    7 = DUSTSTORM OR SANDSTORM:
                                                       VSBY 1/2 MILE OR LESS
                                                   8 = SMOKE OR HAZE
[NO. OF DAYS WITH]      [WEATHER - DAYS WITH]      9 = BLOWING SNOW
                                                   X = TORNADO
MAX 32 OR BELOW:   0    0.01 INCH OR MORE:   1
MAX 90 OR ABOVE:   4    0.10 INCH OR MORE:   0
MIN 32 OR BELOW:   0    0.50 INCH OR MORE:   0
MIN  0 OR BELOW:   0    1.00 INCH OR MORE:   0

[HDD (BASE 65) ]
TOTAL THIS MO.    51    CLEAR  (SCALE 0-3)  22
DPTR FM NORMAL  -117    PTCLDY (SCALE 4-7)   0
TOTAL FM JUL 1    76    CLOUDY (SCALE 8-10)  0
DPTR FM NORMAL  -203

[CDD (BASE 65) ]
TOTAL THIS MO.    12
DPTR FM NORMAL     9    [PRESSURE DATA]
TOTAL FM JAN 1   380    HIGHEST SLP M ON M
DPTR FM NORMAL   226    LOWEST  SLP 29.66 ON 17

[REMARKS]




U.S. Dept. of Commerce
NOAA National Weather Service
1325 East West Highway
Silver Spring, MD 20910
E-mail: w-nws.webmaster@noaa.gov
Page last modified: May 16, 2007
NATIONAL WEATHER SERVICE: for Safety, for Work, for Fun - FOR LIFE