585
CXUS56 KMFR 281432
CF6AAT
PRELIMINARY LOCAL CLIMATOLOGICAL DATA (WS FORM: F-6)

                                          STATION:   ALTURAS CA
                                          MONTH:     NOVEMBER
                                          YEAR:      2014
                                          LATITUDE:   41 29 N
                                          LONGITUDE: 120 34 W

  TEMPERATURE IN F:       :PCPN:    SNOW:  WIND      :SUNSHINE: SKY     :PK WND
================================================================================
1   2   3   4   5  6A  6B    7    8   9   10  11  12  13   14  15   16   17  18
                                     12Z  AVG MX 2MIN
DY MAX MIN AVG DEP HDD CDD  WTR  SNW DPTH SPD SPD DIR MIN PSBL S-S WX    SPD DR
================================================================================

 1  46  30  38  -3  27   0 0.22    M    M  9.1 20 280   M    M   8 1      24 290
 2  48  29  39  -2  26   0 0.00    M    M  2.2 10 280   M    M   6 18     12 260
 3  55  28  42   2  23   0 0.00    M    M  2.2  9 150   M    M   1 18     12 140
 4  55  34  45   5  20   0 0.00    M    M  2.0 12 180   M    M   7 18     15 160
 5  68  28  48   8  17   0 0.00    M    M  2.9 16 170   M    M   2 128    19 170
 6  70  36  53  14  12   0 0.00    M    M  7.6 22 230   M    M   0 8      30 160
 7  65  29  47   8  18   0 0.00    M    M  1.5  6  60   M    M   0 18      8 110
 8  72  29  51  12  14   0 0.00    M    M  0.7  6 340   M    M   0 1       8 100
 9  67  28  48  10  17   0 0.00    M    M  4.6 20 310   M    M   0 1      22 310
10  53  22  38   0  27   0 0.00    M    M  2.7 10  10   M    M   2 18     13 360
11  54  18  36  -2  29   0 0.00    M    M  3.2 13  50   M    M   3        17  40
12  50  32  41   4  24   0 0.00    M    M  3.5 12 290   M    M   8 8      13 280
13  53  35  44   7  21   0 0.04    M    M  7.9 22 250   M    M   9 1      28 250
14  52  41  47  11  18   0 0.01    M    M  9.7 25 240   M    M   9 1      32 230
15  44  13  29  -7  36   0    T    M    M  5.7 21  20   M    M   6 18     27  20
16  45   8  27  -9  38   0 0.00    M    M  3.0 13  50   M    M   0 18     16 160
17  56   9  33  -2  32   0 0.00    M    M  3.0 10  50   M    M   0 18     13 140
18  57  15  36   1  29   0 0.00    M    M  3.7 15 180   M    M   0 8      20 180
19  53  28  41   6  24   0 0.02    M    M  4.8 26 180   M    M   7 18     38 190
20  47  31  39   5  26   0 0.06    M    M  2.6 15 180   M    M   9 1      23 180
21  45  33  39   5  26   0 0.09    M    M  5.9 15 270   M    M   9 12     20 270
22  48  30  39   5  26   0 0.21    M    M 11.7 31 300   M    M   7 1      39 300
23  41  24  33  -1  32   0 0.00    M    M  1.5  7  70   M    M   4 18      8  80
24  51  20  36   3  29   0 0.00    M    M  0.6  6  80   M    M   1 18      7  60
25  57  27  42   9  23   0 0.00    M    M  0.9  7  70   M    M   3 18      8  70
26  48  22  35   2  30   0 0.00    M    M  0.7  8 270   M    M   1 1      10 280
27  56  31  44  12  21   0 0.00    M    M  2.3 10 290   M    M   0 18     26 220
================================================================================
SM 1456  710       665   0  0.65    M    106.2          M      102
================================================================================
AV 53.9 26.3                               3.9 FASTST   M    M   4    MAX(MPH)
                                 MISC ---->  # 31 300               # 39  300
================================================================================
NOTES:
# LAST OF SEVERAL OCCURRENCES

COLUMN 17 PEAK WIND IN M.P.H.

PRELIMINARY LOCAL CLIMATOLOGICAL DATA (WS FORM: F-6) , PAGE 2

                                          STATION:  ALTURAS CA
                                          MONTH:    NOVEMBER
                                          YEAR:     2014
                                          LATITUDE:   41 29 N
                                          LONGITUDE: 120 34 W

[TEMPERATURE DATA]      [PRECIPITATION DATA]       SYMBOLS USED IN COLUMN 16

AVERAGE MONTHLY: 40.1   TOTAL FOR MONTH:   0.65    1 = FOG OR MIST
DPTR FM NORMAL:   3.6   DPTR FM NORMAL:   -0.97    2 = FOG REDUCING VISIBILITY
HIGHEST:    72 ON  8    GRTST 24HR  0.60 ON 31- 1      TO 1/4 MILE OR LESS
LOWEST:      8 ON 16                               3 = THUNDER
                        SNOW, ICE PELLETS, HAIL    4 = ICE PELLETS
                        TOTAL MONTH:    M          5 = HAIL
                        GRTST 24HR    M  ON   M    6 = FREEZING RAIN OR DRIZZLE
                        GRTST DEPTH:  M  ON   M    7 = DUSTSTORM OR SANDSTORM:
                                                       VSBY 1/2 MILE OR LESS
                                                   8 = SMOKE OR HAZE
[NO. OF DAYS WITH]      [WEATHER - DAYS WITH]      9 = BLOWING SNOW
                                                   X = TORNADO
MAX 32 OR BELOW:   0    0.01 INCH OR MORE:   7
MAX 90 OR ABOVE:   0    0.10 INCH OR MORE:   2
MIN 32 OR BELOW:  22    0.50 INCH OR MORE:   0
MIN  0 OR BELOW:   0    1.00 INCH OR MORE:   0

[HDD (BASE 65) ]
TOTAL THIS MO.   665    CLEAR  (SCALE 0-3)  15
DPTR FM NORMAL  -103    PTCLDY (SCALE 4-7)   7
TOTAL FM JUL 1  1211    CLOUDY (SCALE 8-10)  5
DPTR FM NORMAL  -500

[CDD (BASE 65) ]
TOTAL THIS MO.     0
DPTR FM NORMAL     0    [PRESSURE DATA]
TOTAL FM JAN 1   380    HIGHEST SLP M ON M
DPTR FM NORMAL   224    LOWEST  SLP 29.77 ON  1

[REMARKS]




U.S. Dept. of Commerce
NOAA National Weather Service
1325 East West Highway
Silver Spring, MD 20910
E-mail: w-nws.webmaster@noaa.gov
Page last modified: May 16, 2007
NATIONAL WEATHER SERVICE: for Safety, for Work, for Fun - FOR LIFE