765
CXUS56 KMFR 311000
CF6AAT
PRELIMINARY LOCAL CLIMATOLOGICAL DATA (WS FORM: F-6)

                                          STATION:   ALTURAS CA
                                          MONTH:     JULY
                                          YEAR:      2014
                                          LATITUDE:   41 29 N
                                          LONGITUDE: 120 34 W

  TEMPERATURE IN F:       :PCPN:    SNOW:  WIND      :SUNSHINE: SKY     :PK WND
================================================================================
1   2   3   4   5  6A  6B    7    8   9   10  11  12  13   14  15   16   17  18
                                     12Z  AVG MX 2MIN
DY MAX MIN AVG DEP HDD CDD  WTR  SNW DPTH SPD SPD DIR MIN PSBL S-S WX    SPD DR
================================================================================

 1 101  47  74  10   0   9 0.00    M    M  5.9 23 250   M    M   0 3      28 250
 2  94  50  72   8   0   7 0.00    M    M  6.1 26 310   M    M   0        34 310
 3  94  49  72   8   0   7 0.00    M    M  5.2 23 260   M    M   0        28 260
 4  93  47  70   6   0   5 0.00    M    M  7.6 25 280   M    M   0        34 230
 5  94  44  69   4   0   4 0.00    M    M  6.0 21 280   M    M   0        27 260
 6  99  42  71   6   0   6 0.00    M    M  4.6 17 280   M    M   0        23 270
 7 102  51  77  12   0  12 0.00    M    M  3.3 10 280   M    M   0        14 350
 8  93  67  80  14   0  15 0.00    M    M  6.0 26 200   M    M   1        36 190
 9  92  62  77  11   0  12 0.35    M    M  4.6 22 270   M    M   5 3      27 190
10  95  53  74   8   0   9 0.00    M    M  6.1 18 270   M    M   0        26 250
11  85  62  74   8   0   9 0.01    M    M  3.5 13 260   M    M   3        17 350
12  94  54  74   8   0   9 0.00    M    M  2.7 14  20   M    M   2        19  20
13 102  53  78  12   0  13 0.00    M    M  6.7 25 260   M    M   0        36 280
14 101  52  77  10   0  12 0.00    M    M  5.1 15 300   M    M   0        24 260
15 101  56  79  12   0  14 0.00    M    M  4.6 22 260   M    M   0        25 260
16 101  57  79  12   0  14 0.00    M    M  7.4 23 320   M    M   0        29 310
17  96  68  82  15   0  17    T    M    M  8.1 18 270   M    M   1        24 260
18  97  51  74   7   0   9 0.00    M    M  4.7 17 330   M    M   0        23 290
19  97  52  75   8   0  10 0.00    M    M  6.1 18 300   M    M   5 8      23 320
20  92  55  74   7   0   9 0.02    M    M  8.0 23 310   M    M   1 3      29 220
21  80  51  66  -1   0   1 0.03    M    M  7.5 29 170   M    M   6 3      35 240
22  84  42  63  -4   2   0 0.00    M    M  7.3 21 180   M    M   0 1      26 150
23  82  44  63  -5   2   0 0.00    M    M 11.1 26 250   M    M   0        35 260
24  83  42  63  -5   2   0 0.00    M    M  3.4 12 350   M    M   0        15 330
25  90  42  66  -2   0   1 0.00    M    M  4.6 16 300   M    M   0 8      19 330
26  95  42  69   1   0   4 0.00    M    M  4.7 16 270   M    M   0        20 250
27  97  50  74   6   0   9 0.00    M    M  4.8 22 320   M    M   0        27 270
28  98  51  75   7   0  10 0.00    M    M  6.0 23 270   M    M   0        28 270
29  93  58  76   9   0  11 0.00    M    M  6.1 22 170   M    M   0        28 170
30  93  51  72   5   0   7 0.00    M    M  4.3 26 170   M    M   0        41 180
================================================================================
SM 2818 1545         6 245  0.41    M    172.1          M       24
================================================================================
AV 93.9 51.5                               5.7 FASTST   M    M   1    MAX(MPH)
                                 MISC ---->  # 29 170               # 41  180
================================================================================
NOTES:
# LAST OF SEVERAL OCCURRENCES

COLUMN 17 PEAK WIND IN M.P.H.

PRELIMINARY LOCAL CLIMATOLOGICAL DATA (WS FORM: F-6) , PAGE 2

                                          STATION:  ALTURAS CA
                                          MONTH:    JULY
                                          YEAR:     2014
                                          LATITUDE:   41 29 N
                                          LONGITUDE: 120 34 W

[TEMPERATURE DATA]      [PRECIPITATION DATA]       SYMBOLS USED IN COLUMN 16

AVERAGE MONTHLY: 72.7   TOTAL FOR MONTH:   0.41    1 = FOG OR MIST
DPTR FM NORMAL:   6.3   DPTR FM NORMAL:    0.09    2 = FOG REDUCING VISIBILITY
HIGHEST:   102 ON 13, 7 GRTST 24HR  0.35 ON  9- 9      TO 1/4 MILE OR LESS
LOWEST:     42 ON 26,25                            3 = THUNDER
                        SNOW, ICE PELLETS, HAIL    4 = ICE PELLETS
                        TOTAL MONTH:    M          5 = HAIL
                        GRTST 24HR    M  ON   M    6 = FREEZING RAIN OR DRIZZLE
                        GRTST DEPTH:  M  ON   M    7 = DUSTSTORM OR SANDSTORM:
                                                       VSBY 1/2 MILE OR LESS
                                                   8 = SMOKE OR HAZE
[NO. OF DAYS WITH]      [WEATHER - DAYS WITH]      9 = BLOWING SNOW
                                                   X = TORNADO
MAX 32 OR BELOW:   0    0.01 INCH OR MORE:   4
MAX 90 OR ABOVE:  25    0.10 INCH OR MORE:   1
MIN 32 OR BELOW:   0    0.50 INCH OR MORE:   0
MIN  0 OR BELOW:   0    1.00 INCH OR MORE:   0

[HDD (BASE 65) ]
TOTAL THIS MO.     6    CLEAR  (SCALE 0-3)  27
DPTR FM NORMAL   -34    PTCLDY (SCALE 4-7)   3
TOTAL FM JUL 1     6    CLOUDY (SCALE 8-10)  0
DPTR FM NORMAL   -34

[CDD (BASE 65) ]
TOTAL THIS MO.   245
DPTR FM NORMAL   169    [PRESSURE DATA]
TOTAL FM JAN 1   265    HIGHEST SLP M ON M
DPTR FM NORMAL   178    LOWEST  SLP 29.70 ON  1

[REMARKS]




U.S. Dept. of Commerce
NOAA National Weather Service
1325 East West Highway
Silver Spring, MD 20910
E-mail: w-nws.webmaster@noaa.gov
Page last modified: May 16, 2007
NATIONAL WEATHER SERVICE: for Safety, for Work, for Fun - FOR LIFE