893
CXUS52 KTAE 290800
CF6AAF
PRELIMINARY LOCAL CLIMATOLOGICAL DATA (WS FORM: F-6)

                                          STATION:   APALACHICOLA
                                          MONTH:     JULY
                                          YEAR:      2014
                                          LATITUDE:   29 43 N
                                          LONGITUDE:  85  2 W

  TEMPERATURE IN F:       :PCPN:    SNOW:  WIND      :SUNSHINE: SKY     :PK WND
================================================================================
1   2   3   4   5  6A  6B    7    8   9   10  11  12  13   14  15   16   17  18
                                     12Z  AVG MX 2MIN
DY MAX MIN AVG DEP HDD CDD  WTR  SNW DPTH SPD SPD DIR MIN PSBL S-S WX    SPD DR
================================================================================

 1  94  78  86   4   0  21 0.51  0.0    M  6.0 24 360   M    M   2 138    29  10
 2  94  80  87   5   0  22 0.00  0.0    0  7.3 12 300   M    M   0 138    16  10
 3  93  77  85   3   0  20 0.62  0.0    0  7.8 22 150   M    M   3 3      27 150
 4  92  75  84   2   0  19 0.00  0.0    0  6.5 14 300   M    M   0        16 280
 5  91  70  81  -1   0  16 0.00  0.0    0  6.1 15 210   M    M   0        19 200
 6  89  68  79  -3   0  14 0.00  0.0    0  5.4 14 220   M    M   0        18 200
 7  90  70  80  -2   0  15 0.00  0.0    0  5.7 14 210   M    M   1        18 210
 8  90  71  81  -1   0  16 0.00  0.0    0  6.4 14 180   M    M   1         M  M
 9  90  76  83   1   0  18 0.00  0.0    0  6.7 18 240   M    M   2 3      23 240
10  88  74  81  -1   0  16 0.03  0.0    0  4.4 13 270   M    M   2 3      16 200
11  92  77  85   3   0  20    T  0.0    0  3.7 13 300   M    M   1 3      17 180
12  87  76  82   0   0  17    T  0.0    0  3.0  9 190   M    M   1 13     12 220
13  90  77  84   2   0  19    T  0.0    0  5.5 15 180   M    M   2        19 170
14  92  75  84   2   0  19 0.01  0.0    0  6.0 15 210   M    M   1 3      19 210
15  90  79  85   3   0  20 0.01  0.0    0  7.8 17 250   M    M   2 3      21 260
16  89  75  82   0   0  17 0.44  0.0    0  6.9 20 250   M    M   4 13     24 250
17  93  72  83   1   0  18 0.00  0.0    0  4.4 15 300   M    M   0 18     20 270
18  89  69  79  -3   0  14 0.00  0.0    0  4.9 12 150   M    M   0        16 180
19  87  74  81  -1   0  16 1.44  0.0    0  7.3 25 320   M    M   3 13     34 320
20  85  75  80  -2   0  15 0.99  0.0    0  6.9 20 290   M    M   3 13     25 300
21  83  74  79  -3   0  14 0.23  0.0    0  6.0 18 190   M    M   3 1      24 190
22  88  72  80  -2   0  15    T  0.0    0  4.6 12 220   M    M   1        15 160
23  90  73  82   0   0  17 0.00  0.0    0  5.6 14 210   M    M   0        18 190
24  90  76  83   1   0  18 0.00  0.0    0  7.7 16 230   M    M   1        19 220
25  89  76  83   1   0  18    T  0.0    0  9.2 17 240   M    M   2        21 250
26  89  76  83   1   0  18 0.31  0.0    0  7.5 20 290   M    M   2 38     28 290
27  88  75  82   0   0  17 0.00  0.0    0  9.1 18 250   M    M   2        23 270
28  89  74  82   0   0  17 0.02  0.0    0  9.6 22 260   M    M   3 13     28 250
================================================================================
SM 2511 2084         0 486  4.61     0.0 178.0          M       42
================================================================================
AV 89.7 74.4                               6.4 FASTST   M    M   2    MAX(MPH)
                                 MISC ---->  # 25 320               # 34  320
================================================================================
NOTES:
# LAST OF SEVERAL OCCURRENCES

COLUMN 17 PEAK WIND IN M.P.H.

PRELIMINARY LOCAL CLIMATOLOGICAL DATA (WS FORM: F-6) , PAGE 2

                                          STATION:  APALACHICOLA
                                          MONTH:    JULY
                                          YEAR:     2014
                                          LATITUDE:   29 43 N
                                          LONGITUDE:  85  2 W

[TEMPERATURE DATA]      [PRECIPITATION DATA]       SYMBOLS USED IN COLUMN 16

AVERAGE MONTHLY: 82.1   TOTAL FOR MONTH:   4.61    1 = FOG OR MIST
DPTR FM NORMAL:   0.1   DPTR FM NORMAL:   -1.69    2 = FOG REDUCING VISIBILITY
HIGHEST:    94 ON  2, 1 GRTST 24HR  2.37 ON 19-20      TO 1/4 MILE OR LESS
LOWEST:     68 ON  6                               3 = THUNDER
                        SNOW, ICE PELLETS, HAIL    4 = ICE PELLETS
                        TOTAL MONTH:   0.0 INCH    5 = HAIL
                        GRTST 24HR     0.0         6 = FREEZING RAIN OR DRIZZLE
                        GRTST DEPTH:   0           7 = DUSTSTORM OR SANDSTORM:
                                                       VSBY 1/2 MILE OR LESS
                                                   8 = SMOKE OR HAZE
[NO. OF DAYS WITH]      [WEATHER - DAYS WITH]      9 = BLOWING SNOW
                                                   X = TORNADO
MAX 32 OR BELOW:   0    0.01 INCH OR MORE:  11
MAX 90 OR ABOVE:  15    0.10 INCH OR MORE:   7
MIN 32 OR BELOW:   0    0.50 INCH OR MORE:   4
MIN  0 OR BELOW:   0    1.00 INCH OR MORE:   1

[HDD (BASE 65) ]
TOTAL THIS MO.     0    CLEAR  (SCALE 0-3)  26
DPTR FM NORMAL     0    PTCLDY (SCALE 4-7)   2
TOTAL FM JUL 1     0    CLOUDY (SCALE 8-10)  0
DPTR FM NORMAL     0

[CDD (BASE 65) ]
TOTAL THIS MO.   486
DPTR FM NORMAL    10    [PRESSURE DATA]
TOTAL FM JAN 1  1373    HIGHEST SLP M ON M
DPTR FM NORMAL    19    LOWEST  SLP 29.89 ON M

[REMARKS]




U.S. Dept. of Commerce
NOAA National Weather Service
1325 East West Highway
Silver Spring, MD 20910
E-mail: w-nws.webmaster@noaa.gov
Page last modified: May 16, 2007
NATIONAL WEATHER SERVICE: for Safety, for Work, for Fun - FOR LIFE