012
CXUS52 KTAE 220800
CF6AAF
PRELIMINARY LOCAL CLIMATOLOGICAL DATA (WS FORM: F-6)

                                          STATION:   APALACHICOLA
                                          MONTH:     AUGUST
                                          YEAR:      2014
                                          LATITUDE:   29 43 N
                                          LONGITUDE:  85  2 W

  TEMPERATURE IN F:       :PCPN:    SNOW:  WIND      :SUNSHINE: SKY     :PK WND
================================================================================
1   2   3   4   5  6A  6B    7    8   9   10  11  12  13   14  15   16   17  18
                                     12Z  AVG MX 2MIN
DY MAX MIN AVG DEP HDD CDD  WTR  SNW DPTH SPD SPD DIR MIN PSBL S-S WX    SPD DR
================================================================================

 1  87  65  76  -6   0  11 0.00  0.0    0  4.4 16 250   M    M   0        19 250
 2  86  66  76  -6   0  11 0.00  0.0    0  4.3 13 170   M    M   1 1      16 160
 3  86  69  78  -4   0  13 0.09  0.0    0  6.8 20  10   M    M   3 13     23  10
 4  92  72  82   0   0  17 1.46  0.0    0  5.9 24  40   M    M   3 13     32  30
 5  91  73  82   0   0  17 0.00  0.0    0  4.9 14 210   M    M   0 3      17 210
 6  91  75  83   1   0  18 0.00  0.0    0  5.5 14 240   M    M   1        18 260
 7  92  74  83   1   0  18    T  0.0    0  4.6 15  40   M    M   2 3      21  20
 8  91  75  83   1   0  18 0.00  0.0    0  4.6 16 210   M    M   1 13     21 200
 9  92  76  84   2   0  19 0.00  0.0    0  5.8 17 200   M    M   1 3      20 200
10  91  78  85   3   0  20 0.04  0.0    0  6.3 24 330   M    M   1 38     29 330
11  89  75  82   0   0  17 0.82  0.0    0  4.3 21 350   M    M   3 13     27 350
12  88  77  83   1   0  18 0.05  0.0    0  6.9 17 230   M    M   4 13     23 250
13  90  78  84   2   0  19 0.08  0.0    0  6.6 16 250   M    M   2 13     20 240
14  91  77  84   2   0  19    T  0.0    0  4.6 16 250   M    M   2 3      20 220
15  93  78  86   4   0  21 0.00  0.0    0  4.1 13 250   M    M   2        17 250
16  95  74  85   3   0  20 0.00  0.0    0  5.9 18 250   M    M   1        21 240
17  93  78  86   4   0  21    T  0.0    0  6.5 20 260   M    M   1        25 270
18  90  77  84   2   0  19 0.12  0.0    0  5.2 16 240   M    M   1 13     21 250
19  93  80  87   5   0  22 0.00  0.0    0  9.2 18 250   M    M   0 3      25 260
20  96  78  87   5   0  22 0.00  0.0    0  6.1 16 250   M    M   1 3      20 250
21  95  77  86   4   0  21 0.00  0.0    0  5.6 15 260   M    M   0 3      20 260
================================================================================
SM 1912 1572         0 381  2.66     0.0 118.1          M       30
================================================================================
AV 91.0 74.9                               5.6 FASTST   M    M   1    MAX(MPH)
                                 MISC ---->  # 24  40               # 32   30
================================================================================
NOTES:
# LAST OF SEVERAL OCCURRENCES

COLUMN 17 PEAK WIND IN M.P.H.

PRELIMINARY LOCAL CLIMATOLOGICAL DATA (WS FORM: F-6) , PAGE 2

                                          STATION:  APALACHICOLA
                                          MONTH:    AUGUST
                                          YEAR:     2014
                                          LATITUDE:   29 43 N
                                          LONGITUDE:  85  2 W

[TEMPERATURE DATA]      [PRECIPITATION DATA]       SYMBOLS USED IN COLUMN 16

AVERAGE MONTHLY: 83.0   TOTAL FOR MONTH:   2.66    1 = FOG OR MIST
DPTR FM NORMAL:   1.0   DPTR FM NORMAL:   -2.96    2 = FOG REDUCING VISIBILITY
HIGHEST:    96 ON 20    GRTST 24HR  1.46 ON  4- 4      TO 1/4 MILE OR LESS
LOWEST:     65 ON  1                               3 = THUNDER
                        SNOW, ICE PELLETS, HAIL    4 = ICE PELLETS
                        TOTAL MONTH:   0.0 INCH    5 = HAIL
                        GRTST 24HR     0.0         6 = FREEZING RAIN OR DRIZZLE
                        GRTST DEPTH:   0           7 = DUSTSTORM OR SANDSTORM:
                                                       VSBY 1/2 MILE OR LESS
                                                   8 = SMOKE OR HAZE
[NO. OF DAYS WITH]      [WEATHER - DAYS WITH]      9 = BLOWING SNOW
                                                   X = TORNADO
MAX 32 OR BELOW:   0    0.01 INCH OR MORE:   7
MAX 90 OR ABOVE:  16    0.10 INCH OR MORE:   3
MIN 32 OR BELOW:   0    0.50 INCH OR MORE:   2
MIN  0 OR BELOW:   0    1.00 INCH OR MORE:   1

[HDD (BASE 65) ]
TOTAL THIS MO.     0    CLEAR  (SCALE 0-3)  20
DPTR FM NORMAL     0    PTCLDY (SCALE 4-7)   1
TOTAL FM JUL 1     0    CLOUDY (SCALE 8-10)  0
DPTR FM NORMAL     0

[CDD (BASE 65) ]
TOTAL THIS MO.   381
DPTR FM NORMAL    24    [PRESSURE DATA]
TOTAL FM JAN 1  1790    HIGHEST SLP M ON M
DPTR FM NORMAL    25    LOWEST  SLP 29.90 ON 12

[REMARKS]




U.S. Dept. of Commerce
NOAA National Weather Service
1325 East West Highway
Silver Spring, MD 20910
E-mail: w-nws.webmaster@noaa.gov
Page last modified: May 16, 2007
NATIONAL WEATHER SERVICE: for Safety, for Work, for Fun - FOR LIFE