471
CXUS52 KTAE 010800
CF6AAF
PRELIMINARY LOCAL CLIMATOLOGICAL DATA (WS FORM: F-6)

                                          STATION:   APALACHICOLA
                                          MONTH:     JANUARY
                                          YEAR:      2015
                                          LATITUDE:   29 43 N
                                          LONGITUDE:  85  2 W

  TEMPERATURE IN F:       :PCPN:    SNOW:  WIND      :SUNSHINE: SKY     :PK WND
================================================================================
1   2   3   4   5  6A  6B    7    8   9   10  11  12  13   14  15   16   17  18
                                     12Z  AVG MX 2MIN
DY MAX MIN AVG DEP HDD CDD  WTR  SNW DPTH SPD SPD DIR MIN PSBL S-S WX    SPD DR
================================================================================

 1  67  48  58   6   7   0 0.00  0.0    0  7.1 15 110   M    M   3        19 110
 2  66  59  63  11   2   0 0.00  0.0    0  6.2 13  90   M    M  10 18     16  90
 3  73  65  69  17   0   4 0.00  0.0    0  9.9 16 140   M    M  10 128    21 140
 4  73  56  65  13   0   0 1.51  0.0    0  9.4 17 340   M    M   9 1      23 230
 5  64  49  57   5   8   0 0.00  0.0    0 10.6 10  23   M    M   M        10  30
 6  69  40  55   3  10   0 0.00  0.0    0  5.0 14 310   M    M   0        20 300
 7  68  39  54   2  11   0 0.00  0.0    0  8.9 29  10   M    M   0        39  10
 8  46  27  37 -15  28   0 0.00  0.0    0 10.6 25  10   M    M   0        33 360
 9  55  32  44  -8  21   0    T  0.0    0  6.3 13  10   M    M   2        16  30
10  60  38  49  -3  16   0 0.00  0.0    0  8.1 16  50   M    M   0        21  60
11  67  46  57   5   8   0 0.00  0.0    0  8.3 14  90   M    M   1        20  70
12  72  59  66  14   0   1 0.00  0.0    0  5.0 13 110   M    M  10 128    18 100
13  70  61  66  14   0   1 0.00  0.0    0  6.4 14  30   M    M  10 12     17  30
14  65  52  59   7   6   0 0.00  0.0    0  7.5 13  20   M    M   9 18     16  10
15  53  49  51  -1  14   0 0.25  0.0    0  6.8 12  10   M    M   7 18     14  10
16  63  43  53   1  12   0 0.00  0.0    0  7.0 18  10   M    M   3        23  10
17  63  37  50  -2  15   0 0.00  0.0    0  4.2 14 110   M    M   0        19 120
18  73  44  59   7   6   0 0.00  0.0    0  4.9 18 320   M    M   1 8      25 350
19  67  36  52   0  13   0 0.00  0.0    0  3.8 14 150   M    M   0 8      15 150
20  68  43  56   4   9   0 0.00  0.0    0  4.4 15 120   M    M   3        19 130
21  72  54  63  11   2   0 0.00  0.0    0  3.7 13 150   M    M   4 18     15 160
22  71  54  63  11   2   0 0.00  0.0    0  9.8 17  90   M    M   6 128    26 110
23  72  65  69  17   0   4 3.14  0.0    0 10.7 32 160   M    M  10 12     36 150
24  65  41  53   1  12   0    T    M    0 11.6 24 290   M    M   6 18     32 290
25  66  40  53   0  12   0    T    M    0  7.2 30 290   M    M   2        38 290
26  63  43  53   0  12   0 0.03    M    0 11.1 22 310   M    M   0        28 310
27  70  40  55   2  10   0 0.00  0.0    0  6.7 23 310   M    M   0 8      29 310
28   M   M   M   M   M   M    M    M    M   M   M   M   M    M   M 8       M  M
29  63  39  51  -2  14   0 0.00  0.0    0  6.3 16 140   M    M   0        19 150
30  67  42  55   2  10   0    T  0.0    0  8.1 21  20   M    M   1 8      25  20
31  62  39  51  -2  14   0 0.00  0.0    0  8.0 16  80   M    M   0        22  90
================================================================================
SM 1973 1380       274  10  4.93     0.0 223.6          M      107
================================================================================
AV 65.8 46.0                               7.5 FASTST   M    M   4    MAX(MPH)
                                 MISC ---->  # 32 160               # 39   10
================================================================================
NOTES:
# LAST OF SEVERAL OCCURRENCES

COLUMN 17 PEAK WIND IN M.P.H.

PRELIMINARY LOCAL CLIMATOLOGICAL DATA (WS FORM: F-6) , PAGE 2

                                          STATION:  APALACHICOLA
                                          MONTH:    JANUARY
                                          YEAR:     2015
                                          LATITUDE:   29 43 N
                                          LONGITUDE:  85  2 W

[TEMPERATURE DATA]      [PRECIPITATION DATA]       SYMBOLS USED IN COLUMN 16

AVERAGE MONTHLY: 55.9   TOTAL FOR MONTH:   4.93    1 = FOG OR MIST
DPTR FM NORMAL:   3.5   DPTR FM NORMAL:    0.53    2 = FOG REDUCING VISIBILITY
HIGHEST:    73 ON 18, 4 GRTST 24HR  3.14 ON 23-23      TO 1/4 MILE OR LESS
LOWEST:     27 ON  8                               3 = THUNDER
                        SNOW, ICE PELLETS, HAIL    4 = ICE PELLETS
                        TOTAL MONTH:   0.0 INCH    5 = HAIL
                        GRTST 24HR     0.0         6 = FREEZING RAIN OR DRIZZLE
                        GRTST DEPTH:   0           7 = DUSTSTORM OR SANDSTORM:
                                                       VSBY 1/2 MILE OR LESS
                                                   8 = SMOKE OR HAZE
[NO. OF DAYS WITH]      [WEATHER - DAYS WITH]      9 = BLOWING SNOW
                                                   X = TORNADO
MAX 32 OR BELOW:   0    0.01 INCH OR MORE:   4
MAX 90 OR ABOVE:   0    0.10 INCH OR MORE:   3
MIN 32 OR BELOW:   2    0.50 INCH OR MORE:   2
MIN  0 OR BELOW:   0    1.00 INCH OR MORE:   2

[HDD (BASE 65) ]
TOTAL THIS MO.   274    CLEAR  (SCALE 0-3)  17
DPTR FM NORMAL  -123    PTCLDY (SCALE 4-7)   5
TOTAL FM JUL 1   689    CLOUDY (SCALE 8-10)  7
DPTR FM NORMAL  -203

[CDD (BASE 65) ]
TOTAL THIS MO.    10
DPTR FM NORMAL     6    [PRESSURE DATA]
TOTAL FM JAN 1    10    HIGHEST SLP 30.55 ON  8
DPTR FM NORMAL    10    LOWEST  SLP 29.78 ON 23

[REMARKS]
#FINAL-01-15#




U.S. Dept. of Commerce
NOAA National Weather Service
1325 East West Highway
Silver Spring, MD 20910
E-mail: w-nws.webmaster@noaa.gov
Page last modified: May 16, 2007
NATIONAL WEATHER SERVICE: for Safety, for Work, for Fun - FOR LIFE