094
CXUS55 KABR 281400
CF68D3
PRELIMINARY LOCAL CLIMATOLOGICAL DATA (WS FORM: F-6)

                                          STATION:   SISSETON SD
                                          MONTH:     AUGUST
                                          YEAR:      2014
                                          LATITUDE:   45 40 N
                                          LONGITUDE:  96 59 W

  TEMPERATURE IN F:       :PCPN:    SNOW:  WIND      :SUNSHINE: SKY     :PK WND
================================================================================
1   2   3   4   5  6A  6B    7    8   9   10  11  12  13   14  15   16   17  18
                                     12Z  AVG MX 2MIN
DY MAX MIN AVG DEP HDD CDD  WTR  SNW DPTH SPD SPD DIR MIN PSBL S-S WX    SPD DR
================================================================================

 1  85  57  71   0   0   6 0.00  0.0    0  3.5  9  20   M    M   0        12 340
 2  83  59  71   0   0   6 0.00  0.0    0  3.4  9 180   M    M   0        14 160
 3  84  58  71   0   0   6 0.00  0.0    0  4.3 13 270   M    M   0        16 260
 4  74  54  64  -7   1   0 0.00  0.0    0  4.6  9  50   M    M   0        13  80
 5  78  50  64  -7   1   0 0.00  0.0    0  3.2 12 130   M    M   0        16  90
 6  79  54  67  -4   0   2 0.00  0.0    0  5.5 16 130   M    M   0        22 130
 7  80  53  67  -4   0   2 0.00  0.0    0  5.5 15 150   M    M   0        20 140
 8  75  57  66  -5   0   1 0.00  0.0    0  6.2 14 150   M    M   0        18 140
 9  75  65  70   0   0   5 0.47  0.0    0  5.5 13 150   M    M   0        18 150
10  78  58  68  -2   0   3 0.00  0.0    0 10.9 23 340   M    M   0        28 340
11  76  54  65  -5   0   0 0.00  0.0    0 10.2 16 360   M    M   0        24 360
12  81  47  64  -6   1   0 0.00  0.0    0  4.0 12 310   M    M   0        15 320
13  83  59  71   1   0   6 0.00  0.0    0  4.6 10  60   M    M   0        13  60
14  79  60  70   0   0   5 0.00  0.0    0  8.0 18 180   M    M   0        24 200
15  83  63  73   3   0   8 0.00  0.0    0  7.3 16 190   M    M   0        23 180
16  85  64  75   6   0  10 0.00  0.0    M  3.5 13 210   M    M   0        15 210
17  81  65  73   4   0   8 0.01  0.0    0  4.0 17 310   M    M   0        27 240
18  82  61  72   3   0   7 0.00  0.0    0  9.6 21 270   M    M   0        28 250
19  84  58  71   2   0   6 0.00  0.0    0  5.2 13  10   M    M   0        17 350
20  83  59  71   2   0   6 0.00  0.0    0  8.7 17 170   M    M   0        24 170
21  84  66  75   7   0  10 1.23  0.0    0  6.7 21 300   M    M   0        25 300
22  80  62  71   3   0   6 0.00  0.0    0  5.4 12 360   M    M   0        14 350
23  73  66  70   2   0   5 0.07  0.0    0 10.1 29 200   M    M   0 3      36 210
24  79  58  69   1   0   4 0.22  0.0    0 10.4 22 260   M    M   0 3      27 270
25  71  52  62  -6   3   0 0.00  0.0    0 12.1 23 300   M    M   0        30 310
26  66  46  56 -11   9   0 0.00  0.0    0  2.7  9  20   M    M   0        11  30
27  75  53  64  -3   1   0 0.00  0.0    0  5.1 14 170   M    M   0        20 180
================================================================================
SM 2136 1558        16 112  2.00     0.0 170.2          M        0
================================================================================
AV 79.1 57.7                               6.3 FASTST   M    M   0    MAX(MPH)
                                 MISC ---->  # 29 200               # 36  210
================================================================================
NOTES:
# LAST OF SEVERAL OCCURRENCES

COLUMN 17 PEAK WIND IN M.P.H.

PRELIMINARY LOCAL CLIMATOLOGICAL DATA (WS FORM: F-6) , PAGE 2

                                          STATION:  SISSETON SD
                                          MONTH:    AUGUST
                                          YEAR:     2014
                                          LATITUDE:   45 40 N
                                          LONGITUDE:  96 59 W

[TEMPERATURE DATA]      [PRECIPITATION DATA]       SYMBOLS USED IN COLUMN 16

AVERAGE MONTHLY: 68.4   TOTAL FOR MONTH:   2.00    1 = FOG OR MIST
DPTR FM NORMAL:  -1.1   DPTR FM NORMAL:   -0.10    2 = FOG REDUCING VISIBILITY
HIGHEST:    85 ON 16, 1 GRTST 24HR  1.23 ON 21-21      TO 1/4 MILE OR LESS
LOWEST:     46 ON 26                               3 = THUNDER
                        SNOW, ICE PELLETS, HAIL    4 = ICE PELLETS
                        TOTAL MONTH:   0.0 INCH    5 = HAIL
                        GRTST 24HR     0.0         6 = FREEZING RAIN OR DRIZZLE
                        GRTST DEPTH:   0           7 = DUSTSTORM OR SANDSTORM:
                                                       VSBY 1/2 MILE OR LESS
                                                   8 = SMOKE OR HAZE
[NO. OF DAYS WITH]      [WEATHER - DAYS WITH]      9 = BLOWING SNOW
                                                   X = TORNADO
MAX 32 OR BELOW:   0    0.01 INCH OR MORE:   5
MAX 90 OR ABOVE:   0    0.10 INCH OR MORE:   3
MIN 32 OR BELOW:   0    0.50 INCH OR MORE:   1
MIN  0 OR BELOW:   0    1.00 INCH OR MORE:   1

[HDD (BASE 65) ]
TOTAL THIS MO.    16    CLEAR  (SCALE 0-3)  27
DPTR FM NORMAL    -4    PTCLDY (SCALE 4-7)   0
TOTAL FM JUL 1    36    CLOUDY (SCALE 8-10)  0
DPTR FM NORMAL     3

[CDD (BASE 65) ]
TOTAL THIS MO.   112
DPTR FM NORMAL   -31    [PRESSURE DATA]
TOTAL FM JAN 1   391    HIGHEST SLP M ON M
DPTR FM NORMAL   -74    LOWEST  SLP 29.60 ON 21

[REMARKS]




U.S. Dept. of Commerce
NOAA National Weather Service
1325 East West Highway
Silver Spring, MD 20910
E-mail: w-nws.webmaster@noaa.gov
Page last modified: May 16, 2007
NATIONAL WEATHER SERVICE: for Safety, for Work, for Fun - FOR LIFE