260
CXUS55 KABR 301400
CF68D3
PRELIMINARY LOCAL CLIMATOLOGICAL DATA (WS FORM: F-6)

                                          STATION:   SISSETON SD
                                          MONTH:     JULY
                                          YEAR:      2014
                                          LATITUDE:   45 40 N
                                          LONGITUDE:  96 59 W

  TEMPERATURE IN F:       :PCPN:    SNOW:  WIND      :SUNSHINE: SKY     :PK WND
================================================================================
1   2   3   4   5  6A  6B    7    8   9   10  11  12  13   14  15   16   17  18
                                     12Z  AVG MX 2MIN
DY MAX MIN AVG DEP HDD CDD  WTR  SNW DPTH SPD SPD DIR MIN PSBL S-S WX    SPD DR
================================================================================

 1  65  54  60 -10   5   0 0.10  0.0    0 18.7 30 350   M    M   0        41 360
 2  73  54  64  -6   1   0 0.00  0.0    0  9.8 20 340   M    M   0        23 340
 3  76  53  65  -5   0   0 0.00  0.0    0  3.4 10 140   M    M   0        13 150
 4  83  56  70   0   0   5 0.38  0.0    0 13.5 28 200   M    M   0 3      36 190
 5  89  67  78   8   0  13 0.00  0.0    0 11.3 23 230   M    M   0        29 230
 6  85  67  76   5   0  11 0.20  0.0    0 12.4 26 320   M    M   0        34 320
 7  79  62  71   0   0   6 0.28  0.0    0 10.3 28 330   M    M   0        35 330
 8  76  58  67  -4   0   2 0.00  0.0    0  9.9 28 340   M    M   0        35 360
 9  79  58  69  -2   0   4 0.00  0.0    0  6.0 12  40   M    M   0        15 350
10  82  54  68  -3   0   3 0.01  0.0    0  9.3 21 180   M    M   0        25 180
11  89  68  79   8   0  14 0.00  0.0    0  8.8 23 240   M    M   0        27 240
12  81  61  71   0   0   6 0.01  0.0    0  7.2 17  50   M    M   0        22  50
13  77  54  66  -5   0   1 0.00  0.0    0 10.9 23 330   M    M   0        30 340
14  68  52  60 -11   5   0 0.00  0.0    0 16.4 30 350   M    M   0        37  10
15  74  50  62 -10   3   0 0.00  0.0    0  8.2 17  20   M    M   0        26  20
16  79  49  64  -8   1   0 0.00  0.0    0  2.6 10 310   M    M   0        17 350
17  80  54  67  -5   0   2 0.00  0.0    0  7.7 13 250   M    M   0        17 260
18  81  64  73   1   0   8 0.00  0.0    0 17.5 28 200   M    M   0        36 210
19  82  64  73   1   0   8 0.00  0.0    0  5.3 16 200   M    M   0        33 210
20  89  63  76   4   0  11 0.00  0.0    0  9.3 20 240   M    M   0        23 240
21  88  68  78   6   0  13 0.00  0.0    0 11.6 53 320   M    M   0        66 320
22  80  59  70  -2   0   5 0.00  0.0    0 11.5 22  30   M    M   0        28  30
23  80  55  68  -4   0   3 0.00  0.0    0  2.2  8 130   M    M   0        11 150
24  75  56  66  -6   0   1 0.60  0.0    0 11.0 30 170   M    M   0        38 180
25  79  60  70  -2   0   5 0.16  0.0    0  6.6 18 190   M    M   0        26 200
26  84  57  71  -1   0   6 0.00  0.0    0 10.4 22 290   M    M   0        28 320
27  70  56  63  -9   2   0 0.00  0.0    0 15.8 26 350   M    M   0        34 330
28  73  53  63  -9   2   0 0.00  0.0    0  7.6 15  30   M    M   0        21  10
29  78  50  64  -8   1   0 0.00  0.0    0  4.3 13 350   M    M   0        23 220
================================================================================
SM 2294 1676        20 127  1.74     0.0 279.5          M        0
================================================================================
AV 79.1 57.8                               9.6 FASTST   M    M   0    MAX(MPH)
                                 MISC ---->  # 53 320               # 66  320
================================================================================
NOTES:
# LAST OF SEVERAL OCCURRENCES

COLUMN 17 PEAK WIND IN M.P.H.

PRELIMINARY LOCAL CLIMATOLOGICAL DATA (WS FORM: F-6) , PAGE 2

                                          STATION:  SISSETON SD
                                          MONTH:    JULY
                                          YEAR:     2014
                                          LATITUDE:   45 40 N
                                          LONGITUDE:  96 59 W

[TEMPERATURE DATA]      [PRECIPITATION DATA]       SYMBOLS USED IN COLUMN 16

AVERAGE MONTHLY: 68.4   TOTAL FOR MONTH:   1.74    1 = FOG OR MIST
DPTR FM NORMAL:  -2.9   DPTR FM NORMAL:   -1.63    2 = FOG REDUCING VISIBILITY
HIGHEST:    89 ON 20,11 GRTST 24HR  0.76 ON 24-25      TO 1/4 MILE OR LESS
LOWEST:     49 ON 16                               3 = THUNDER
                        SNOW, ICE PELLETS, HAIL    4 = ICE PELLETS
                        TOTAL MONTH:   0.0 INCH    5 = HAIL
                        GRTST 24HR     0.0         6 = FREEZING RAIN OR DRIZZLE
                        GRTST DEPTH:   0           7 = DUSTSTORM OR SANDSTORM:
                                                       VSBY 1/2 MILE OR LESS
                                                   8 = SMOKE OR HAZE
[NO. OF DAYS WITH]      [WEATHER - DAYS WITH]      9 = BLOWING SNOW
                                                   X = TORNADO
MAX 32 OR BELOW:   0    0.01 INCH OR MORE:   8
MAX 90 OR ABOVE:   0    0.10 INCH OR MORE:   6
MIN 32 OR BELOW:   0    0.50 INCH OR MORE:   1
MIN  0 OR BELOW:   0    1.00 INCH OR MORE:   0

[HDD (BASE 65) ]
TOTAL THIS MO.    20    CLEAR  (SCALE 0-3)  29
DPTR FM NORMAL    17    PTCLDY (SCALE 4-7)   0
TOTAL FM JUL 1    20    CLOUDY (SCALE 8-10)  0
DPTR FM NORMAL    17

[CDD (BASE 65) ]
TOTAL THIS MO.   127
DPTR FM NORMAL   -65    [PRESSURE DATA]
TOTAL FM JAN 1   276    HIGHEST SLP M ON M
DPTR FM NORMAL   -33    LOWEST  SLP 29.48 ON 25

[REMARKS]




U.S. Dept. of Commerce
NOAA National Weather Service
1325 East West Highway
Silver Spring, MD 20910
E-mail: w-nws.webmaster@noaa.gov
Page last modified: May 16, 2007
NATIONAL WEATHER SERVICE: for Safety, for Work, for Fun - FOR LIFE