080
CXUS55 KABR 301400
CF68D3
PRELIMINARY LOCAL CLIMATOLOGICAL DATA (WS FORM: F-6)

                                          STATION:   SISSETON SD
                                          MONTH:     JANUARY
                                          YEAR:      2015
                                          LATITUDE:   45 40 N
                                          LONGITUDE:  96 59 W

  TEMPERATURE IN F:       :PCPN:    SNOW:  WIND      :SUNSHINE: SKY     :PK WND
================================================================================
1   2   3   4   5  6A  6B    7    8   9   10  11  12  13   14  15   16   17  18
                                     12Z  AVG MX 2MIN
DY MAX MIN AVG DEP HDD CDD  WTR  SNW DPTH SPD SPD DIR MIN PSBL S-S WX    SPD DR
================================================================================

 1  31  17  24  10  41   0 0.00  0.0    2 14.3 28 280   M    M   0        35 280
 2  38  17  28  15  37   0 0.00  0.0    2 14.5 26 250   M    M   0        34 250
 3  30  -8  11  -2  54   0 0.00  0.0    2 24.1 37 360   M    M   0        45 350
 4   0  -9  -4 -17  69   0 0.00  0.0    2 18.6 26 330   M    M   0        31 330
 5   2 -13  -5 -18  70   0 0.11  0.7    2  7.3 18 310   M    M   0        22 320
 6   7 -12  -2 -15  67   0 0.00  0.0    3 19.2 32 340   M    M   0        37 330
 7   4  -9  -2 -15  67   0 0.00  0.0    3 13.9 23 220   M    M   0        31 230
 8  17   0   9  -4  56   0 0.03  0.3    3 25.5 46 340   M    M   0 9      58 350
 9   8  -2   3 -10  62   0 0.00  0.0    3 18.0 31 340   M    M   0        37 340
10  18  -1   9  -4  56   0 0.00  0.0    3  6.7 18  20   M    M   0        21  20
11  11   1   6  -7  59   0 0.01    T    3  6.3 18 350   M    M   0        23 340
12   2 -15  -6 -19  71   0 0.00  0.0    3  8.4 20 350   M    M   0        24 350
13  20 -11   5  -8  60   0 0.00  0.0    3 10.4 22 180   M    M   0        27 160
14  30   8  19   6  46   0 0.00  0.0    3  7.7 22 270   M    M   0        28 260
15  38  24  31  18  34   0 0.00  0.0    2 11.3 20 310   M    M   0        22 320
16  28  18  23  10  42   0 0.00  0.0    2 10.3 21 180   M    M   0        27 180
17  41  25  33  20  32   0 0.02  0.0    1 21.9 39 330   M    M   0        53 330
18  40  26  33  20  32   0 0.00  0.0    T  7.9 23 320   M    M   0        30 320
19  47  25  36  23  29   0    T  0.0    T  8.7 17 300   M    M   0 6      21 290
20  33  28  31  18  34   0 0.16  1.7    T  6.0 13 350   M    M   0        15 350
21  28  10  19   6  46   0 0.04  0.3    2 10.1 18  10   M    M   0        21  10
22  40   4  22   9  43   0 0.00  0.0    2 12.3 31 260   M    M   0        42 250
23  43  30  37  24  28   0 0.00  0.0    2 13.6 31 250   M    M   0        39 250
24  37  31  34  21  31   0 0.09  1.3    1 10.0 18 290   M    M   0        23  10
25  33  22  28  15  37   0 0.01  0.1    2  9.8 20 360   M    M   0        22  10
26  44  28  36  23  29   0 0.00  0.0    1 14.6 31 340   M    M   0        36 330
27  32  26  29  15  36   0 0.00  0.0    1 12.0 22 170   M    M   0        26 180
28  36  31  34  20  31   0    T  0.0    0 13.8 31 350   M    M   0 6      41 340
29  31  16  24  10  41   0 0.00  0.0    0 17.6 36 350   M    M   0        43 350
================================================================================
SM  769  307      1340   0  0.47     4.4 374.8          M        0
================================================================================
AV 26.5 10.6                              12.9 FASTST   M    M   0    MAX(MPH)
                                 MISC ---->  # 46 340               # 58  350
================================================================================
NOTES:
# LAST OF SEVERAL OCCURRENCES

COLUMN 17 PEAK WIND IN M.P.H.

PRELIMINARY LOCAL CLIMATOLOGICAL DATA (WS FORM: F-6) , PAGE 2

                                          STATION:  SISSETON SD
                                          MONTH:    JANUARY
                                          YEAR:     2015
                                          LATITUDE:   45 40 N
                                          LONGITUDE:  96 59 W

[TEMPERATURE DATA]      [PRECIPITATION DATA]       SYMBOLS USED IN COLUMN 16

AVERAGE MONTHLY: 18.6   TOTAL FOR MONTH:   0.47    1 = FOG OR MIST
DPTR FM NORMAL:   5.4   DPTR FM NORMAL:    0.06    2 = FOG REDUCING VISIBILITY
HIGHEST:    47 ON 19    GRTST 24HR  0.20 ON 20-21      TO 1/4 MILE OR LESS
LOWEST:    -15 ON 12                               3 = THUNDER
                        SNOW, ICE PELLETS, HAIL    4 = ICE PELLETS
                        TOTAL MONTH:   4.4 INCHES  5 = HAIL
                        GRTST 24HR   1.7 ON   M    6 = FREEZING RAIN OR DRIZZLE
                        GRTST DEPTH:   3 ON 14,13  7 = DUSTSTORM OR SANDSTORM:
                                                       VSBY 1/2 MILE OR LESS
                                                   8 = SMOKE OR HAZE
[NO. OF DAYS WITH]      [WEATHER - DAYS WITH]      9 = BLOWING SNOW
                                                   X = TORNADO
MAX 32 OR BELOW:  17    0.01 INCH OR MORE:   8
MAX 90 OR ABOVE:   0    0.10 INCH OR MORE:   2
MIN 32 OR BELOW:  29    0.50 INCH OR MORE:   0
MIN  0 OR BELOW:  10    1.00 INCH OR MORE:   0

[HDD (BASE 65) ]
TOTAL THIS MO.  1340    CLEAR  (SCALE 0-3)  29
DPTR FM NORMAL  -165    PTCLDY (SCALE 4-7)   0
TOTAL FM JUL 1  4650    CLOUDY (SCALE 8-10)  0
DPTR FM NORMAL  -194

[CDD (BASE 65) ]
TOTAL THIS MO.     0
DPTR FM NORMAL     0    [PRESSURE DATA]
TOTAL FM JAN 1     0    HIGHEST SLP M ON M
DPTR FM NORMAL     0    LOWEST  SLP 29.57 ON 17

[REMARKS]




U.S. Dept. of Commerce
NOAA National Weather Service
1325 East West Highway
Silver Spring, MD 20910
E-mail: w-nws.webmaster@noaa.gov
Page last modified: May 16, 2007
NATIONAL WEATHER SERVICE: for Safety, for Work, for Fun - FOR LIFE