347
CXUS54 KMAF 011100
CF66R6
PRELIMINARY LOCAL CLIMATOLOGICAL DATA (WS FORM: F-6)

                                          STATION:   Terrell County Airport
                                          MONTH:     NOVEMBER
                                          YEAR:      2014
                                          LATITUDE:   30  2 N
                                          LONGITUDE: 102 13 W

  TEMPERATURE IN F:       :PCPN:    SNOW:  WIND      :SUNSHINE: SKY     :PK WND
================================================================================
1   2   3   4   5  6A  6B    7    8   9   10  11  12  13   14  15   16   17  18
                                     12Z  AVG MX 2MIN
DY MAX MIN AVG DEP HDD CDD  WTR  SNW DPTH SPD SPD DIR MIN PSBL S-S WX    SPD DR
================================================================================

 1  71  50  61  -2   4   0 0.00  0.0    0 12.6 21 120   M    M   0        25 100
 2  73  50  62  -1   3   0 0.00  0.0    0 13.3 25 120   M    M   0        34 110
 3  75  62  69   7   0   4 0.00  0.0    0 11.0 21 110   M    M   0        27 120
 4  67  53  60  -2   5   0 0.08  0.0    0  9.1 29 340   M    M   0        37 340
 5  56  52  54  -7  11   0 0.12  0.0    0  8.2 18  10   M    M   0        23  10
 6  63  54  59  -2   6   0 0.00  0.0    0  5.2 12 350   M    M   0        16 350
 7  64  52  58  -2   7   0 0.06  0.0    0  5.3 14 190   M    M   0        17 190
 8  73  50  62   2   3   0 0.00  0.0    0  9.4 23  20   M    M   0        32  20
 9  76  45  61   1   4   0 0.00  0.0    0  8.0 20 210   M    M   0        25 210
10  82  47  65   6   0   0 0.00  0.0    0  8.3 22 220   M    M   0        28 220
11  62  43  53  -6  12   0 0.00  0.0    0 12.2 30 350   M    M   0        40 350
12  49  35  42 -16  23   0 0.00  0.0    0 12.4 17  20   M    M   0        23  40
13  40  31  36 -22  29   0 0.00  0.0    0  8.6 18  20   M    M   0        23  30
14  51  33  42 -16  23   0 0.00  0.0    0  7.9 13 150   M    M   0        16 130
15  61  31  46 -11  19   0 0.00  0.0    0  4.7 12 130   M    M   0        14 130
16  58  34  46 -11  19   0 0.00  0.0    0 13.2 30  10   M    M   0        41  10
17  50  28  39 -17  26   0 0.00  0.0    0  6.5 13  40   M    M   0        16 350
18  57  31  44 -12  21   0 0.00  0.0    0  6.9 15 120   M    M   0        18 100
19  70  28  49  -7  16   0 0.00  0.0    0  7.3 17 210   M    M   0        21 210
20  71  37  54  -1  11   0 0.00  0.0    0  5.8 13 140   M    M   0        16 150
21  66  50  58   3   7   0 0.00  0.0    0  8.0 15 110   M    M   0        19 100
22  77  52  65  11   0   0 0.00  0.0    0  6.5 26 230   M    M   0        37 230
23  81  50  66  12   0   1 0.00  0.0    0 16.6 32 240   M    M   0        41 250
24  65  38  52  -2  13   0 0.00  0.0    0  6.3 23 340   M    M   0        31 340
25  64  39  52  -1  13   0 0.00  0.0    0  8.4 21 330   M    M   0        26 330
26  74  44  59   6   6   0 0.00  0.0    0 12.2 22 240   M    M   0        28 250
27  66  43  55   2  10   0 0.00  0.0    0  8.0 13 150   M    M   0        16  90
28  70  37  54   2  11   0 0.00  0.0    0  6.8 14 140   M    M   0        18 140
29  74  39  57   5   8   0 0.00  0.0    0  5.8 15 190   M    M   0        17 190
30  71  42  57   5   8   0 0.00  0.0    0  5.7 10 120   M    M   0        13 110
================================================================================
SM 1977 1280       318   5  0.26     0.0 260.2          M        0
================================================================================
AV 65.9 42.7                               8.7 FASTST   M    M   0    MAX(MPH)
                                 MISC ---->  # 32 240               # 41   10
================================================================================
NOTES:
# LAST OF SEVERAL OCCURRENCES

COLUMN 17 PEAK WIND IN M.P.H.

PRELIMINARY LOCAL CLIMATOLOGICAL DATA (WS FORM: F-6) , PAGE 2

                                          STATION:  Terrell County Airport
                                          MONTH:    NOVEMBER
                                          YEAR:     2014
                                          LATITUDE:   30  2 N
                                          LONGITUDE: 102 13 W

[TEMPERATURE DATA]      [PRECIPITATION DATA]       SYMBOLS USED IN COLUMN 16

AVERAGE MONTHLY: 54.3   TOTAL FOR MONTH:   0.26    1 = FOG OR MIST
DPTR FM NORMAL:  -2.8   DPTR FM NORMAL:   -0.54    2 = FOG REDUCING VISIBILITY
HIGHEST:    82 ON 10    GRTST 24HR  0.12 ON  5- 5      TO 1/4 MILE OR LESS
LOWEST:     28 ON 19,17                            3 = THUNDER
                        SNOW, ICE PELLETS, HAIL    4 = ICE PELLETS
                        TOTAL MONTH:   0.0 INCH    5 = HAIL
                        GRTST 24HR     0.0         6 = FREEZING RAIN OR DRIZZLE
                        GRTST DEPTH:   0           7 = DUSTSTORM OR SANDSTORM:
                                                       VSBY 1/2 MILE OR LESS
                                                   8 = SMOKE OR HAZE
[NO. OF DAYS WITH]      [WEATHER - DAYS WITH]      9 = BLOWING SNOW
                                                   X = TORNADO
MAX 32 OR BELOW:   0    0.01 INCH OR MORE:   3
MAX 90 OR ABOVE:   0    0.10 INCH OR MORE:   1
MIN 32 OR BELOW:   5    0.50 INCH OR MORE:   0
MIN  0 OR BELOW:   0    1.00 INCH OR MORE:   0

[HDD (BASE 65) ]
TOTAL THIS MO.   318    CLEAR  (SCALE 0-3)  30
DPTR FM NORMAL    68    PTCLDY (SCALE 4-7)   0
TOTAL FM JUL 1   321    CLOUDY (SCALE 8-10)  0
DPTR FM NORMAL    28

[CDD (BASE 65) ]
TOTAL THIS MO.     5
DPTR FM NORMAL    -8    [PRESSURE DATA]
TOTAL FM JAN 1  3696    HIGHEST SLP 30.48 ON 17
DPTR FM NORMAL   973    LOWEST  SLP 29.60 ON 10

[REMARKS]
#FINAL-11-14#




U.S. Dept. of Commerce
NOAA National Weather Service
1325 East West Highway
Silver Spring, MD 20910
E-mail: w-nws.webmaster@noaa.gov
Page last modified: May 16, 2007
NATIONAL WEATHER SERVICE: for Safety, for Work, for Fun - FOR LIFE