793
CXUS54 KMAF 221100
CF66R6
PRELIMINARY LOCAL CLIMATOLOGICAL DATA (WS FORM: F-6)

                                          STATION:   Terrell County Airport
                                          MONTH:     SEPTEMBER
                                          YEAR:      2014
                                          LATITUDE:   30  2 N
                                          LONGITUDE: 102 13 W

  TEMPERATURE IN F:       :PCPN:    SNOW:  WIND      :SUNSHINE: SKY     :PK WND
================================================================================
1   2   3   4   5  6A  6B    7    8   9   10  11  12  13   14  15   16   17  18
                                     12Z  AVG MX 2MIN
DY MAX MIN AVG DEP HDD CDD  WTR  SNW DPTH SPD SPD DIR MIN PSBL S-S WX    SPD DR
================================================================================

 1 106  79  93  12   0  28 0.00  0.0    0  9.9 20 110   M    M   0        26 110
 2 101  80  91  11   0  26 0.00  0.0    0 13.5 22 120   M    M   0        30 110
 3  96  77  87   7   0  22 0.00  0.0    0 17.8 40 110   M    M   0        48 110
 4  93  75  84   4   0  19 0.00  0.0    0 16.9 26 120   M    M   0        35 120
 5  86  76  81   1   0  16 0.01  0.0    0 14.5 28 130   M    M   0        34 110
 6  90  76  83   3   0  18 0.00  0.0    0 12.8 23 100   M    M   0        29  90
 7  92  74  83   4   0  18 0.10  0.0    0  9.0 22  40   M    M   0        28  40
 8  97  72  85   6   0  20 0.00  0.0    0  8.0 17 110   M    M   0        23 100
 9 102  73  88   9   0  23 0.00  0.0    0  7.0 18 120   M    M   0        23 120
10 106  75  91  12   0  26 0.00  0.0    0  7.0 20 180   M    M   0        25 140
11 101  79  90  12   0  25 0.00  0.0    0 11.3 23  80   M    M   0        29 110
12  98  63  81   3   0  16 0.67  0.0    0 14.8 31  30   M    M   0        40  40
13  66  58  62 -16   3   0 0.41  0.0    0 12.2 25  10   M    M   0        32  20
14  71  62  67 -11   0   2 0.13  0.0    0  5.9 10 100   M    M   0        12  90
15  85  71  78   1   0  13 0.00  0.0    0  6.0 13  80   M    M   0        16 110
16  93  72  83   6   0  18 0.00  0.0    0  7.1 16 110   M    M   0        21 130
17  94  74  84   7   0  19 0.00  0.0    0  6.5 15  90   M    M   0        18 100
18  94  75  85   9   0  20 0.00  0.0    0  8.3 16 100   M    M   0        20  90
19  95  75  85   9   0  20 0.00  0.0    0  8.2 17 110   M    M   0        24  90
20  93  77  85   9   0  20 0.01  0.0    0  9.0 20 100   M    M   0        25 100
21  91  76  84   8   0  19 0.00  0.0    0 10.0 23  90   M    M   0        27 100
================================================================================
SM 1950 1539         3 388  1.33     0.0 215.7          M        0
================================================================================
AV 92.9 73.3                              10.3 FASTST   M    M   0    MAX(MPH)
                                 MISC ---->  # 40 110               # 48  110
================================================================================
NOTES:
# LAST OF SEVERAL OCCURRENCES

COLUMN 17 PEAK WIND IN M.P.H.

PRELIMINARY LOCAL CLIMATOLOGICAL DATA (WS FORM: F-6) , PAGE 2

                                          STATION:  Terrell County Airport
                                          MONTH:    SEPTEMBER
                                          YEAR:     2014
                                          LATITUDE:   30  2 N
                                          LONGITUDE: 102 13 W

[TEMPERATURE DATA]      [PRECIPITATION DATA]       SYMBOLS USED IN COLUMN 16

AVERAGE MONTHLY: 83.1   TOTAL FOR MONTH:   1.33    1 = FOG OR MIST
DPTR FM NORMAL:   4.8   DPTR FM NORMAL:   -0.03    2 = FOG REDUCING VISIBILITY
HIGHEST:   106 ON 10, 1 GRTST 24HR  1.08 ON 12-13      TO 1/4 MILE OR LESS
LOWEST:     58 ON 13                               3 = THUNDER
                        SNOW, ICE PELLETS, HAIL    4 = ICE PELLETS
                        TOTAL MONTH:   0.0 INCH    5 = HAIL
                        GRTST 24HR     0.0         6 = FREEZING RAIN OR DRIZZLE
                        GRTST DEPTH:   0           7 = DUSTSTORM OR SANDSTORM:
                                                       VSBY 1/2 MILE OR LESS
                                                   8 = SMOKE OR HAZE
[NO. OF DAYS WITH]      [WEATHER - DAYS WITH]      9 = BLOWING SNOW
                                                   X = TORNADO
MAX 32 OR BELOW:   0    0.01 INCH OR MORE:   6
MAX 90 OR ABOVE:  17    0.10 INCH OR MORE:   4
MIN 32 OR BELOW:   0    0.50 INCH OR MORE:   1
MIN  0 OR BELOW:   0    1.00 INCH OR MORE:   0

[HDD (BASE 65) ]
TOTAL THIS MO.     3    CLEAR  (SCALE 0-3)  21
DPTR FM NORMAL     3    PTCLDY (SCALE 4-7)   0
TOTAL FM JUL 1     3    CLOUDY (SCALE 8-10)  0
DPTR FM NORMAL     3

[CDD (BASE 65) ]
TOTAL THIS MO.   388
DPTR FM NORMAL   108    [PRESSURE DATA]
TOTAL FM JAN 1  3318    HIGHEST SLP M ON M
DPTR FM NORMAL   851    LOWEST  SLP 29.67 ON  1

[REMARKS]




U.S. Dept. of Commerce
NOAA National Weather Service
1325 East West Highway
Silver Spring, MD 20910
E-mail: w-nws.webmaster@noaa.gov
Page last modified: May 16, 2007
NATIONAL WEATHER SERVICE: for Safety, for Work, for Fun - FOR LIFE