854
CXUS54 KMAF 011100
CF66R6
PRELIMINARY LOCAL CLIMATOLOGICAL DATA (WS FORM: F-6)

                                          STATION:   Terrell County Airport
                                          MONTH:     JULY
                                          YEAR:      2014
                                          LATITUDE:   30  2 N
                                          LONGITUDE: 102 13 W

  TEMPERATURE IN F:       :PCPN:    SNOW:  WIND      :SUNSHINE: SKY     :PK WND
================================================================================
1   2   3   4   5  6A  6B    7    8   9   10  11  12  13   14  15   16   17  18
                                     12Z  AVG MX 2MIN
DY MAX MIN AVG DEP HDD CDD  WTR  SNW DPTH SPD SPD DIR MIN PSBL S-S WX    SPD DR
================================================================================

 1  97  78  88   5   0  23 0.00  0.0    0 13.9 24 100   M    M   0        32 110
 2  96  78  87   4   0  22 0.00  0.0    0 15.0 25 100   M    M   0        33 110
 3  97  77  87   4   0  22 0.00  0.0    0 13.9 24 100   M    M   0        32 100
 4  98  78  88   5   0  23 0.00  0.0    0 15.0 26 110   M    M   0        33 110
 5  98  74  86   3   0  21 0.00  0.0    0 12.9 26  90   M    M   0        33 100
 6  99  73  86   3   0  21 0.00  0.0    0 10.3 20 100   M    M   0        31 110
 7  99  77  88   5   0  23 0.00  0.0    0 11.5 22 110   M    M   0        28 140
 8  98  73  86   3   0  21 0.00  0.0    0 10.7 22 100   M    M   0        28 100
 9  95  75  85   2   0  20 0.00  0.0    0 11.8 23 100   M    M   0        31 130
10  95  72  84   1   0  19 0.00  0.0    0 14.5 25 110   M    M   0        34 110
11  86  74  80  -3   0  15 0.00  0.0    0 13.5 24 100   M    M   0        31 100
12  96  75  86   3   0  21 0.00  0.0    0 16.1 30 110   M    M   0        37 100
13  98  73  86   3   0  21 0.00  0.0    0 11.3 23 110   M    M   0        29 110
14 102  73  88   5   0  23 0.00  0.0    0  8.6 21 110   M    M   0        28 100
15 102  78  90   7   0  25 0.00  0.0    0  9.3 24  90   M    M   0        28  90
16 100  76  88   5   0  23 0.00  0.0    0  8.5 23  40   M    M   0        35  40
17  97  75  86   3   0  21 0.07  0.0    0  6.1 18 350   M    M   0        24 350
18  94  75  85   2   0  20 0.00  0.0    0  8.1 15 110   M    M   0        19 110
19  99  77  88   5   0  23 0.00  0.0    0 11.1 22 120   M    M   0        28 120
20 104  76  90   7   0  25 0.00  0.0    0  9.0 22 100   M    M   0        27 110
21 102  81  92   9   0  27 0.00  0.0    0 10.6 20 110   M    M   0        28 110
22 103  79  91   8   0  26 0.00  0.0    0 10.3 21 120   M    M   0        26 110
23 103  79  91   8   0  26 0.00  0.0    0  7.8 17  90   M    M   0        23 110
24 103  79  91   8   0  26 0.00  0.0    0  7.8 28 130   M    M   0        36 130
25 102  76  89   6   0  24 0.00  0.0    0  8.8 20  90   M    M   0        26  90
26 105  76  91   8   0  26 0.00  0.0    0 11.1 22 100   M    M   0        28  90
27 104  81  93  10   0  28 0.00  0.0    0 11.1 21 100   M    M   0        28 100
28 102  80  91   8   0  26 0.00  0.0    0 12.1 21 100   M    M   0        34 110
29 103  77  90   7   0  25 0.00  0.0    0 11.5 22 100   M    M   0        35 100
30 108  77  93  10   0  28 0.00  0.0    0  8.7 20 110   M    M   0        27 110
31  97  82  90   7   0  25 0.00  0.0    0 10.0 18 350   M    M   0        24 350
================================================================================
SM 3082 2374         0 719  0.07     0.0 340.9          M        0
================================================================================
AV 99.4 76.6                              11.0 FASTST   M    M   0    MAX(MPH)
                                 MISC ---->  # 30 110               # 37  100
================================================================================
NOTES:
# LAST OF SEVERAL OCCURRENCES

COLUMN 17 PEAK WIND IN M.P.H.

PRELIMINARY LOCAL CLIMATOLOGICAL DATA (WS FORM: F-6) , PAGE 2

                                          STATION:  Terrell County Airport
                                          MONTH:    JULY
                                          YEAR:     2014
                                          LATITUDE:   30  2 N
                                          LONGITUDE: 102 13 W

[TEMPERATURE DATA]      [PRECIPITATION DATA]       SYMBOLS USED IN COLUMN 16

AVERAGE MONTHLY: 88.0   TOTAL FOR MONTH:   0.07    1 = FOG OR MIST
DPTR FM NORMAL:   5.1   DPTR FM NORMAL:   -1.67    2 = FOG REDUCING VISIBILITY
HIGHEST:   108 ON 30    GRTST 24HR  0.07 ON 17-17      TO 1/4 MILE OR LESS
LOWEST:     72 ON 10                               3 = THUNDER
                        SNOW, ICE PELLETS, HAIL    4 = ICE PELLETS
                        TOTAL MONTH:   0.0 INCH    5 = HAIL
                        GRTST 24HR     0.0         6 = FREEZING RAIN OR DRIZZLE
                        GRTST DEPTH:   0           7 = DUSTSTORM OR SANDSTORM:
                                                       VSBY 1/2 MILE OR LESS
                                                   8 = SMOKE OR HAZE
[NO. OF DAYS WITH]      [WEATHER - DAYS WITH]      9 = BLOWING SNOW
                                                   X = TORNADO
MAX 32 OR BELOW:   0    0.01 INCH OR MORE:   1
MAX 90 OR ABOVE:  30    0.10 INCH OR MORE:   0
MIN 32 OR BELOW:   0    0.50 INCH OR MORE:   0
MIN  0 OR BELOW:   0    1.00 INCH OR MORE:   0

[HDD (BASE 65) ]
TOTAL THIS MO.     0    CLEAR  (SCALE 0-3)  31
DPTR FM NORMAL     0    PTCLDY (SCALE 4-7)   0
TOTAL FM JUL 1     0    CLOUDY (SCALE 8-10)  0
DPTR FM NORMAL     0

[CDD (BASE 65) ]
TOTAL THIS MO.   719
DPTR FM NORMAL   163    [PRESSURE DATA]
TOTAL FM JAN 1  2204    HIGHEST SLP 30.08 ON  4
DPTR FM NORMAL   555    LOWEST  SLP 29.68 ON 17

[REMARKS]
#FINAL-07-14#




U.S. Dept. of Commerce
NOAA National Weather Service
1325 East West Highway
Silver Spring, MD 20910
E-mail: w-nws.webmaster@noaa.gov
Page last modified: May 16, 2007
NATIONAL WEATHER SERVICE: for Safety, for Work, for Fun - FOR LIFE