830
CXUS54 KMAF 291100
CF66R6
PRELIMINARY LOCAL CLIMATOLOGICAL DATA (WS FORM: F-6)

                                          STATION:   Terrell County Airport
                                          MONTH:     JANUARY
                                          YEAR:      2015
                                          LATITUDE:   30  2 N
                                          LONGITUDE: 102 13 W

  TEMPERATURE IN F:       :PCPN:    SNOW:  WIND      :SUNSHINE: SKY     :PK WND
================================================================================
1   2   3   4   5  6A  6B    7    8   9   10  11  12  13   14  15   16   17  18
                                     12Z  AVG MX 2MIN
DY MAX MIN AVG DEP HDD CDD  WTR  SNW DPTH SPD SPD DIR MIN PSBL S-S WX    SPD DR
================================================================================

 1  36  27  32 -16  33   0 0.02    M    0  6.1 13  30   M    M   0        15  20
 2  37  33  35 -13  30   0 0.43    M    0  8.7 17  90   M    M   0        22  20
 3  60  35  48   0  17   0 0.00  0.0    0 12.5 28 220   M    M   0        36 230
 4  51  36  44  -4  21   0 0.00  0.0    0  9.5 18 360   M    M   0        25  10
 5  55  31  43  -5  22   0 0.00  0.0    0  5.1 10 140   M    M   0        13 170
 6  74  31  53   5  12   0 0.00  0.0    0  4.6 18 240   M    M   0        21 240
 7  53  30  42  -6  23   0 0.00  0.0    0 13.8 25  20   M    M   0        33  10
 8  41  27  34 -14  31   0 0.00  0.0    0  6.9 15  20   M    M   0        19  20
 9  41  30  36 -12  29   0 0.00  0.0    0  8.4 21  20   M    M   0        25  20
10  36  29  33 -15  32   0 0.01    M    0  5.8  9 170   M    M   0        11  60
11  67  31  49   1  16   0 0.00  0.0    0 11.3 30 240   M    M   0        36 240
12  61  37  49   1  16   0 0.00  0.0    0 10.3 25  10   M    M   0        34  10
13  37  34  36 -12  29   0 0.09    M    0  6.9 14  30   M    M   0        17  40
14  40  35  38 -10  27   0 0.00  0.0    0  5.0 10  20   M    M   0        13 350
15  61  37  49   1  16   0 0.00  0.0    0  5.9 12 290   M    M   0        16 280
16  64  36  50   2  15   0 0.00  0.0    0  7.4 16 200   M    M   0        21 190
17  73  43  58  10   7   0 0.00  0.0    0 12.4 28 250   M    M   0        34 250
18  69  37  53   4  12   0 0.00  0.0    0  5.3 12 170   M    M   0        15 170
19  80  39  60  11   5   0 0.00  0.0    0 10.8 21 250   M    M   0        26 240
20  84  50  67  18   0   2 0.00  0.0    0 11.5 20 230   M    M   0        25 220
21  54  46  50   1  15   0 0.04  0.0    0  9.9 20 340   M    M   0        25 360
22  48  36  42  -7  23   0 0.18    M    0 12.8 21  10   M    M   0        29  10
23  52  35  44  -5  21   0 0.02  0.0    0  8.0 15 220   M    M   0        19 220
24  59  35  47  -2  18   0 0.00  0.0    0  9.5 15 230   M    M   0        18 250
25  67  44  56   7   9   0 0.00  0.0    0  8.0 20 350   M    M   0        27 240
26  68  40  54   4  11   0 0.00  0.0    0  4.7 12 240   M    M   0        14 230
27  79  47  63  13   2   0 0.00  0.0    0  5.1 12 240   M    M   0        13 190
28  81  49  65  15   0   0 0.00  0.0    0  5.9 13 130   M    M   0        15 120
================================================================================
SM 1628 1020       492   2  0.79     0.0 232.1          M        0
================================================================================
AV 58.1 36.4                               8.3 FASTST   M    M   0    MAX(MPH)
                                 MISC ---->  # 30 240               # 36  230
================================================================================
NOTES:
# LAST OF SEVERAL OCCURRENCES

COLUMN 17 PEAK WIND IN M.P.H.

PRELIMINARY LOCAL CLIMATOLOGICAL DATA (WS FORM: F-6) , PAGE 2

                                          STATION:  Terrell County Airport
                                          MONTH:    JANUARY
                                          YEAR:     2015
                                          LATITUDE:   30  2 N
                                          LONGITUDE: 102 13 W

[TEMPERATURE DATA]      [PRECIPITATION DATA]       SYMBOLS USED IN COLUMN 16

AVERAGE MONTHLY: 47.3   TOTAL FOR MONTH:   0.79    1 = FOG OR MIST
DPTR FM NORMAL:  -1.2   DPTR FM NORMAL:    0.41    2 = FOG REDUCING VISIBILITY
HIGHEST:    84 ON 20    GRTST 24HR  0.45 ON  1- 2      TO 1/4 MILE OR LESS
LOWEST:     27 ON  8, 1                            3 = THUNDER
                        SNOW, ICE PELLETS, HAIL    4 = ICE PELLETS
                        TOTAL MONTH:   0.0 INCH    5 = HAIL
                        GRTST 24HR     0.0         6 = FREEZING RAIN OR DRIZZLE
                        GRTST DEPTH:   0           7 = DUSTSTORM OR SANDSTORM:
                                                       VSBY 1/2 MILE OR LESS
                                                   8 = SMOKE OR HAZE
[NO. OF DAYS WITH]      [WEATHER - DAYS WITH]      9 = BLOWING SNOW
                                                   X = TORNADO
MAX 32 OR BELOW:   0    0.01 INCH OR MORE:   7
MAX 90 OR ABOVE:   0    0.10 INCH OR MORE:   2
MIN 32 OR BELOW:   8    0.50 INCH OR MORE:   0
MIN  0 OR BELOW:   0    1.00 INCH OR MORE:   0

[HDD (BASE 65) ]
TOTAL THIS MO.   492    CLEAR  (SCALE 0-3)  28
DPTR FM NORMAL    31    PTCLDY (SCALE 4-7)   0
TOTAL FM JUL 1  1167    CLOUDY (SCALE 8-10)  0
DPTR FM NORMAL   -74

[CDD (BASE 65) ]
TOTAL THIS MO.     2
DPTR FM NORMAL     2    [PRESSURE DATA]
TOTAL FM JAN 1     2    HIGHEST SLP M ON M
DPTR FM NORMAL     2    LOWEST  SLP 29.84 ON  2

[REMARKS]




U.S. Dept. of Commerce
NOAA National Weather Service
1325 East West Highway
Silver Spring, MD 20910
E-mail: w-nws.webmaster@noaa.gov
Page last modified: May 16, 2007
NATIONAL WEATHER SERVICE: for Safety, for Work, for Fun - FOR LIFE