279
CXUS54 KMAF 241100
CF66R6
PRELIMINARY LOCAL CLIMATOLOGICAL DATA (WS FORM: F-6)

                                          STATION:   Terrell County Airport
                                          MONTH:     APRIL
                                          YEAR:      2014
                                          LATITUDE:   30  2 N
                                          LONGITUDE: 102 13 W

  TEMPERATURE IN F:       :PCPN:    SNOW:  WIND      :SUNSHINE: SKY     :PK WND
================================================================================
1   2   3   4   5  6A  6B    7    8   9   10  11  12  13   14  15   16   17  18
                                     12Z  AVG MX 2MIN
DY MAX MIN AVG DEP HDD CDD  WTR  SNW DPTH SPD SPD DIR MIN PSBL S-S WX    SPD DR
================================================================================

 1  90  58  74   9   0   9 0.00  0.0    0  9.1 18 110   M    M   0        24 110
 2  94  68  81  16   0  16 0.00  0.0    0  9.1 24 230   M    M   0        32 230
 3  96  63  80  14   0  15 0.00  0.0    0 13.1 33 240   M    M   0        41 240
 4  75  51  63  -3   2   0 0.00  0.0    0  9.4 17  80   M    M   0        23  20
 5  72  55  64  -2   1   0 0.00  0.0    0 15.5 33 110   M    M   0        43 110
 6  82  52  67   1   0   2 0.00  0.0    0  8.0 33 220   M    M   0        40 180
 7  79  44  62  -5   3   0 0.00  0.0    0 10.9 30 350   M    M   0        41 340
 8  81  48  65  -2   0   0 0.00  0.0    0  5.5 14 220   M    M   0        19 230
 9  92  47  70   3   0   5 0.00  0.0    0  7.5 24 130   M    M   0        32 130
10  97  55  76   9   0  11 0.00  0.0    0  7.1 18 140   M    M   0        22 140
11  95  59  77   9   0  12 0.00  0.0    0  8.3 17 140   M    M   0        23 120
12  86  58  72   4   0   7 0.00  0.0    0  7.9 16 130   M    M   0        21 130
13  91  65  78  10   0  13 0.00  0.0    0  7.2 21 110   M    M   0        27 120
14  66  47  57 -11   8   0 0.00  0.0    0 18.6 45 350   M    M   0        60 360
15  70  34  52 -17  13   0 0.00  0.0    0  8.5 17 100   M    M   0        23 110
16  78  43  61  -8   4   0 0.00  0.0    0 10.7 23 120   M    M   0        28 120
17  86  50  68  -1   0   3 0.00  0.0    0  8.7 16  90   M    M   0        21  60
18  79  60  70   0   0   5 0.03  0.0    0 12.9 23 100   M    M   0        29 100
19  85  60  73   3   0   8 0.04  0.0    0 15.7 30 100   M    M   0        39 100
20  85  67  76   6   0  11 0.27  0.0    0  9.2 35 360   M    M   0        50  10
21  93  69  81  11   0  16 0.00  0.0    0  6.2 18 150   M    M   0        24 130
22  94  66  80   9   0  15 0.00  0.0    0  9.1 18 100   M    M   0        29 110
23  99  66  83  12   0  18 0.00  0.0    0 10.6 24 110   M    M   0        33 120
================================================================================
SM 1965 1285        31 166  0.34     0.0 228.8          M        0
================================================================================
AV 85.4 55.9                               9.9 FASTST   M    M   0    MAX(MPH)
                                 MISC ---->  # 45 350               # 60  360
================================================================================
NOTES:
# LAST OF SEVERAL OCCURRENCES

COLUMN 17 PEAK WIND IN M.P.H.

PRELIMINARY LOCAL CLIMATOLOGICAL DATA (WS FORM: F-6) , PAGE 2

                                          STATION:  Terrell County Airport
                                          MONTH:    APRIL
                                          YEAR:     2014
                                          LATITUDE:   30  2 N
                                          LONGITUDE: 102 13 W

[TEMPERATURE DATA]      [PRECIPITATION DATA]       SYMBOLS USED IN COLUMN 16

AVERAGE MONTHLY: 70.7   TOTAL FOR MONTH:   0.34    1 = FOG OR MIST
DPTR FM NORMAL:   2.7   DPTR FM NORMAL:   -0.35    2 = FOG REDUCING VISIBILITY
HIGHEST:    99 ON 23    GRTST 24HR  0.31 ON 19-20      TO 1/4 MILE OR LESS
LOWEST:     34 ON 15                               3 = THUNDER
                        SNOW, ICE PELLETS, HAIL    4 = ICE PELLETS
                        TOTAL MONTH:   0.0 INCH    5 = HAIL
                        GRTST 24HR     0.0         6 = FREEZING RAIN OR DRIZZLE
                        GRTST DEPTH:   0           7 = DUSTSTORM OR SANDSTORM:
                                                       VSBY 1/2 MILE OR LESS
                                                   8 = SMOKE OR HAZE
[NO. OF DAYS WITH]      [WEATHER - DAYS WITH]      9 = BLOWING SNOW
                                                   X = TORNADO
MAX 32 OR BELOW:   0    0.01 INCH OR MORE:   3
MAX 90 OR ABOVE:  10    0.10 INCH OR MORE:   1
MIN 32 OR BELOW:   0    0.50 INCH OR MORE:   0
MIN  0 OR BELOW:   0    1.00 INCH OR MORE:   0

[HDD (BASE 65) ]
TOTAL THIS MO.    31    CLEAR  (SCALE 0-3)  23
DPTR FM NORMAL    -8    PTCLDY (SCALE 4-7)   0
TOTAL FM JUL 1  1616    CLOUDY (SCALE 8-10)  0
DPTR FM NORMAL  -196

[CDD (BASE 65) ]
TOTAL THIS MO.   166
DPTR FM NORMAL    60    [PRESSURE DATA]
TOTAL FM JAN 1   247    HIGHEST SLP M ON M
DPTR FM NORMAL    90    LOWEST  SLP 29.53 ON 23

[REMARKS]




U.S. Dept. of Commerce
NOAA National Weather Service
1325 East West Highway
Silver Spring, MD 20910
E-mail: w-nws.webmaster@noaa.gov
Page last modified: May 16, 2007
NATIONAL WEATHER SERVICE: for Safety, for Work, for Fun - FOR LIFE