398
CXUS54 KEWX 010910
CF63T5
PRELIMINARY LOCAL CLIMATOLOGICAL DATA (WS FORM: F-6)

                                          STATION:   LA GRANGE
                                          MONTH:     NOVEMBER
                                          YEAR:      2014
                                          LATITUDE:   29 54 N
                                          LONGITUDE:  96 57 W

  TEMPERATURE IN F:       :PCPN:    SNOW:  WIND      :SUNSHINE: SKY     :PK WND
================================================================================
1   2   3   4   5  6A  6B    7    8   9   10  11  12  13   14  15   16   17  18
                                     12Z  AVG MX 2MIN
DY MAX MIN AVG DEP HDD CDD  WTR  SNW DPTH SPD SPD DIR MIN PSBL S-S WX    SPD DR
================================================================================

 1  69  46  58   M   7   0 0.00    M    M  2.9  9  80   M    M   0         M  M
 2  76  47  62   M   3   0 0.00    M    M  6.2 13 150   M    M   0        17 150
 3  81  58  70   M   0   5 0.00    M    M  7.4 14 160   M    M   2        23 160
 4  82  61  72   M   0   7 1.53    M    M  5.9 12 170   M    M   6        17 150
 5  62  58  60   M   5   0 1.39    M    M  7.1 10 350   M    M  10         M  M
 6  63  58  61   M   4   0 0.22    M    M  5.8 10  20   M    M   6        16  20
 7  66  50  58   M   7   0 0.00    M    M  2.3  7  60   M    M   0         M  M
 8  74  52  63   M   2   0 0.00    M    M  2.3 10 350   M    M   0        16 350
 9  74  45  60   M   5   0 0.00    M    M  2.1  7 190   M    M   0 8       M  M
10  80  50  65   M   0   0 0.00    M    M  8.6 16 170   M    M   0        23 170
11  70  46  58   M   7   0 0.00    M    M  9.8 20 350   M    M   6        30 350
12  51  40  46   M  19   0 0.00    M    M 11.5 16 360   M    M   5        25 360
13  44  37  41   M  24   0 0.01    M    M 11.7 17 340   M    M   8        24 340
14  46  36  41   M  24   0 0.00    M    M  2.6  6  20   M    M   8         M  M
15  53  42  48   M  17   0 0.01    M    M  3.3  8 100   M    M   9 1       M  M
16  53  39  46   M  19   0 0.01    M    M  7.5 24 340   M    M  10 1      29 350
17  51  33  42   M  23   0 0.00    M    M  9.7 20 350   M    M   2        25 340
18  56  32  44   M  21   0 0.00    M    M  2.2  8 190   M    M   0         M  M
19  69  35  52   M  13   0 0.00    M    M  4.6 12 220   M    M   2        18 220
20  73  46  60   M   5   0 0.07    M    M  4.0 13 160   M    M   6         M  M
21  74  63  69   M   0   4 0.07    M    M  4.6 13 150   M    M   9 1      17 150
22  71  62  67   M   0   2 1.66    M    M  6.1 12 160   M    M   8 3      17 130
23  81  58  70   M   0   5 0.00    M    M  6.5 16 250   M    M   3 1      22 240
24  66  42  54   M  11   0 0.00    M    M  5.8 16 350   M    M   0        25 350
25  67  39  53   M  12   0 0.00    M    M  1.8 12 310   M    M   0         M  M
26  73  44  59   M   6   0 0.00    M    M  5.6 12 250   M    M   0        18 230
27  67  42  55   M  10   0 0.00    M    M  1.7  7  60   M    M   0         M  M
28  75  40  58   M   7   0 0.00    M    M  6.1 16 180   M    M   1        20 220
29  77  57  67   M   0   2 0.00    M    M 10.1 20 200   M    M   5        31 200
30  77  65  71   M   0   6 0.00  0.0    0 10.0 16 190   M    M   5        28 190
================================================================================
SM 2021 1423       251  31  4.97     0.0 175.8          M      111
================================================================================
AV 67.4 47.4                               5.9 FASTST   M    M   4    MAX(MPH)
                                 MISC ---->    24   M                 31    M
================================================================================
NOTES:
# LAST OF SEVERAL OCCURRENCES

COLUMN 17 PEAK WIND IN M.P.H.

PRELIMINARY LOCAL CLIMATOLOGICAL DATA (WS FORM: F-6) , PAGE 2

                                          STATION:  LA GRANGE
                                          MONTH:    NOVEMBER
                                          YEAR:     2014
                                          LATITUDE:   29 54 N
                                          LONGITUDE:  96 57 W

[TEMPERATURE DATA]      [PRECIPITATION DATA]       SYMBOLS USED IN COLUMN 16

AVERAGE MONTHLY: 57.4   TOTAL FOR MONTH:   4.97    1 = FOG OR MIST
DPTR FM NORMAL:     M   DPTR FM NORMAL:       M    2 = FOG REDUCING VISIBILITY
HIGHEST:    82 ON  4    GRTST 24HR  1.66 ON 22-22      TO 1/4 MILE OR LESS
LOWEST:     32 ON 18                               3 = THUNDER
                        SNOW, ICE PELLETS, HAIL    4 = ICE PELLETS
                        TOTAL MONTH:   0.0 INCH    5 = HAIL
                        GRTST 24HR     0.0         6 = FREEZING RAIN OR DRIZZLE
                        GRTST DEPTH:   0           7 = DUSTSTORM OR SANDSTORM:
                                                       VSBY 1/2 MILE OR LESS
                                                   8 = SMOKE OR HAZE
[NO. OF DAYS WITH]      [WEATHER - DAYS WITH]      9 = BLOWING SNOW
                                                   X = TORNADO
MAX 32 OR BELOW:   0    0.01 INCH OR MORE:   9
MAX 90 OR ABOVE:   0    0.10 INCH OR MORE:   4
MIN 32 OR BELOW:   1    0.50 INCH OR MORE:   3
MIN  0 OR BELOW:   0    1.00 INCH OR MORE:   3

[HDD (BASE 65) ]
TOTAL THIS MO.   251    CLEAR  (SCALE 0-3)  16
DPTR FM NORMAL     M    PTCLDY (SCALE 4-7)  10
TOTAL FM JUL 1   251    CLOUDY (SCALE 8-10)  4
DPTR FM NORMAL     M

[CDD (BASE 65) ]
TOTAL THIS MO.    31
DPTR FM NORMAL     M    [PRESSURE DATA]
TOTAL FM JAN 1  3222    HIGHEST SLP M ON M
DPTR FM NORMAL     M    LOWEST  SLP M ON M

[REMARKS]
#FINAL-11-14#




U.S. Dept. of Commerce
NOAA National Weather Service
1325 East West Highway
Silver Spring, MD 20910
E-mail: w-nws.webmaster@noaa.gov
Page last modified: May 16, 2007
NATIONAL WEATHER SERVICE: for Safety, for Work, for Fun - FOR LIFE