931
CXUS54 KEWX 240910
CF63T5
PRELIMINARY LOCAL CLIMATOLOGICAL DATA (WS FORM: F-6)

                                          STATION:   LA GRANGE
                                          MONTH:     APRIL
                                          YEAR:      2014
                                          LATITUDE:   29 54 N
                                          LONGITUDE:  96 57 W

  TEMPERATURE IN F:       :PCPN:    SNOW:  WIND      :SUNSHINE: SKY     :PK WND
================================================================================
1   2   3   4   5  6A  6B    7    8   9   10  11  12  13   14  15   16   17  18
                                     12Z  AVG MX 2MIN
DY MAX MIN AVG DEP HDD CDD  WTR  SNW DPTH SPD SPD DIR MIN PSBL S-S WX    SPD DR
================================================================================

 1  85  68  77   M   0  12 0.00    M    M  8.2 16 160   M    M   7 1      20 160
 2  84  72  78   M   0  13 0.00    M    M 12.1 22 190   M    M   7 1      30 190
 3  81  72  77   M   0  12 0.00    M    M 10.1 16 170   M    M   6 1      24 170
 4  74  57  66   M   0   1 0.00    M    M  8.3 17 360   M    M   1 1      28 360
 5  66  54  60   M   5   0 0.00    M    M  4.2  9  70   M    M   4         M  M
 6  63  54  59   M   6   0 0.15    M    M  6.4 14 330   M    M  10 1      17 350
 7  72  52  62   M   3   0 0.17    M    M  5.7 20 340   M    M   6 3      33 340
 8  76  46  61   M   4   0 0.00    M    M  9.1 25 330   M    M   0        35 330
 9  81  43  62   M   3   0 0.00    M    M  4.9 12 190   M    M   0        17 190
10  84  56  70   M   0   5 0.00    M    M 10.4 18 160   M    M   0        25 200
11  83  58  71   M   0   6 0.00    M    M  8.6 15 200   M    M   2 1      23 180
12  83  66  75   M   0  10 0.00    M    M 10.8 17 180   M    M   7        27 150
13  79  69  74   M   0   9 0.00    M    M  9.1 14 160   M    M   8        22 160
14  76  46  61   M   4   0 0.24    M    M 13.1 25 340   M    M   5 13     33 350
15  63  42  53   M  12   0 0.00    M    M  4.9 13  40   M    M   0        21  50
16  72  39  56   M   9   0 0.00    M    M  5.0 16 170   M    M   1        24 170
17  69  56  63   M   2   0 0.01    M    M  3.8  8 100   M    M   7 1       M  M
18  77  58  68   M   0   3 0.00    M    M  1.6  6  20   M    M   5 1       M  M
19  80  53  67   M   0   2 0.00    M    M  2.6  8 160   M    M   3 12      M  M
20  79  61  70   M   0   5 0.00    M    M  6.3 13 180   M    M   6 1      18 150
21  82  65  74   M   0   9 0.00    M    M  6.8 10 180   M    M   6        18 180
22  86  63  75   M   0  10 0.00    M    M  1.8  7  70   M    M   2 1       M  M
23  87  61  74   M   0   9 0.00    M    M  6.6 15 170   M    M   3 12     21 140
================================================================================
SM 1782 1311        48 106  0.57    M    160.4          M       96
================================================================================
AV 77.5 57.0                               7.0 FASTST   M    M   4    MAX(MPH)
                                 MISC ---->    25   M               # 35  330
================================================================================
NOTES:
# LAST OF SEVERAL OCCURRENCES

COLUMN 17 PEAK WIND IN M.P.H.

PRELIMINARY LOCAL CLIMATOLOGICAL DATA (WS FORM: F-6) , PAGE 2

                                          STATION:  LA GRANGE
                                          MONTH:    APRIL
                                          YEAR:     2014
                                          LATITUDE:   29 54 N
                                          LONGITUDE:  96 57 W

[TEMPERATURE DATA]      [PRECIPITATION DATA]       SYMBOLS USED IN COLUMN 16

AVERAGE MONTHLY: 67.2   TOTAL FOR MONTH:   0.57    1 = FOG OR MIST
DPTR FM NORMAL:     M   DPTR FM NORMAL:       M    2 = FOG REDUCING VISIBILITY
HIGHEST:    87 ON 23    GRTST 24HR  0.24 ON 14-14      TO 1/4 MILE OR LESS
LOWEST:     39 ON 16                               3 = THUNDER
                        SNOW, ICE PELLETS, HAIL    4 = ICE PELLETS
                        TOTAL MONTH:    M          5 = HAIL
                        GRTST 24HR    M  ON   M    6 = FREEZING RAIN OR DRIZZLE
                        GRTST DEPTH:  M  ON   M    7 = DUSTSTORM OR SANDSTORM:
                                                       VSBY 1/2 MILE OR LESS
                                                   8 = SMOKE OR HAZE
[NO. OF DAYS WITH]      [WEATHER - DAYS WITH]      9 = BLOWING SNOW
                                                   X = TORNADO
MAX 32 OR BELOW:   0    0.01 INCH OR MORE:   4
MAX 90 OR ABOVE:   0    0.10 INCH OR MORE:   3
MIN 32 OR BELOW:   0    0.50 INCH OR MORE:   0
MIN  0 OR BELOW:   0    1.00 INCH OR MORE:   0

[HDD (BASE 65) ]
TOTAL THIS MO.    48    CLEAR  (SCALE 0-3)   9
DPTR FM NORMAL     M    PTCLDY (SCALE 4-7)  13
TOTAL FM JUL 1  1781    CLOUDY (SCALE 8-10)  1
DPTR FM NORMAL     M

[CDD (BASE 65) ]
TOTAL THIS MO.   106
DPTR FM NORMAL     M    [PRESSURE DATA]
TOTAL FM JAN 1   188    HIGHEST SLP M ON M
DPTR FM NORMAL     M    LOWEST  SLP M ON M

[REMARKS]




U.S. Dept. of Commerce
NOAA National Weather Service
1325 East West Highway
Silver Spring, MD 20910
E-mail: w-nws.webmaster@noaa.gov
Page last modified: May 16, 2007
NATIONAL WEATHER SERVICE: for Safety, for Work, for Fun - FOR LIFE