571
CXUS54 KEWX 280910
CF63T5
PRELIMINARY LOCAL CLIMATOLOGICAL DATA (WS FORM: F-6)

                                          STATION:   LA GRANGE
                                          MONTH:     AUGUST
                                          YEAR:      2014
                                          LATITUDE:   29 54 N
                                          LONGITUDE:  96 57 W

  TEMPERATURE IN F:       :PCPN:    SNOW:  WIND      :SUNSHINE: SKY     :PK WND
================================================================================
1   2   3   4   5  6A  6B    7    8   9   10  11  12  13   14  15   16   17  18
                                     12Z  AVG MX 2MIN
DY MAX MIN AVG DEP HDD CDD  WTR  SNW DPTH SPD SPD DIR MIN PSBL S-S WX    SPD DR
================================================================================

 1  91  74  83   M   0  18 0.00    M    M  3.4 10  40   M    M   4         M  M
 2  85  70  78   M   0  13 0.00    M    M  2.5 13  30   M    M   3 1      18  30
 3  91  71  81   M   0  16 0.00    M    M  2.7  8  10   M    M   2 1       M  M
 4  94  72  83   M   0  18 0.00    M    M  2.7  8  70   M    M   1        16  90
 5  96  71  84   M   0  19 0.00    M    M  3.1 12 150   M    M   1 1      20 150
 6  99  73  86   M   0  21 0.00    M    M  4.7  9 160   M    M   1 1       M  M
 7 101  76  89   M   0  24 0.00    M    M  5.8 12 160   M    M   4 18     17 200
 8 102  76  89   M   0  24 0.00    M    M  6.5 13 200   M    M   2 1      21 200
 9 100  77  89   M   0  24 0.00    M    M  3.4  9 190   M    M   1 1       M  M
10 101  77  89   M   0  24 0.00    M    M  2.0 10 150   M    M   2 1      16 150
11 102  77  90   M   0  25 0.00    M    M  2.8  9  20   M    M   2 3       M  M
12 100  77  89   M   0  24 0.03    M    M  2.5  9  30   M    M   2        17  30
13  97  69  83   M   0  18 0.00    M    M  4.3 12  10   M    M   0        17  10
14  99  72  86   M   0  21 0.00    M    M  3.1  9 120   M    M   1         M  M
15 101  75  88   M   0  23 0.00    M    M  4.6 10 170   M    M   2        16 170
16 102  79  91   M   0  26 0.00    M    M  8.7 13 160   M    M   2 3      21 150
17 101  79  90   M   0  25 0.00    M    M  9.4 15 170   M    M   2        20 180
18 102  80  91   M   0  26 0.00    M    M  8.5 15 170   M    M   3 1      22 170
19 101  74  88   M   0  23 0.00    M    M  7.4 15 180   M    M   1 8      21 190
20 101  78  90   M   0  25 0.00    M    M  9.1 17 160   M    M   2        27 160
21 101  79  90   M   0  25 0.00    M    M  9.6 18 180   M    M   3        28 180
22 102  80  91   M   0  26 0.00    M    M  8.1 13 170   M    M   3        17 170
23 102  74  88   M   0  23 0.00    M    M  5.1 12 170   M    M   1 1      17 170
24 101  75  88   M   0  23 0.00    M    M  3.5 10 160   M    M   2         M  M
25 101  73  87   M   0  22 0.00    M    M  2.5  7 210   M    M   1         M  M
26 100  76  88   M   0  23 0.00    M    M  2.4  8 150   M    M   1         M  M
27  98  75  87   M   0  22 0.00    M    M  4.4 10  70   M    M   2        17 130
================================================================================
SM 2671 2029         0 601  0.03    M    132.8          M       51
================================================================================
AV 98.9 75.1                               4.9 FASTST   M    M   2    MAX(MPH)
                                 MISC ---->    18   M                 28    M
================================================================================
NOTES:
# LAST OF SEVERAL OCCURRENCES

COLUMN 17 PEAK WIND IN M.P.H.

PRELIMINARY LOCAL CLIMATOLOGICAL DATA (WS FORM: F-6) , PAGE 2

                                          STATION:  LA GRANGE
                                          MONTH:    AUGUST
                                          YEAR:     2014
                                          LATITUDE:   29 54 N
                                          LONGITUDE:  96 57 W

[TEMPERATURE DATA]      [PRECIPITATION DATA]       SYMBOLS USED IN COLUMN 16

AVERAGE MONTHLY: 87.0   TOTAL FOR MONTH:   0.03    1 = FOG OR MIST
DPTR FM NORMAL:     M   DPTR FM NORMAL:       M    2 = FOG REDUCING VISIBILITY
HIGHEST:   102 ON 23,22 GRTST 24HR  0.03 ON 12-12      TO 1/4 MILE OR LESS
LOWEST:     69 ON 13                               3 = THUNDER
                        SNOW, ICE PELLETS, HAIL    4 = ICE PELLETS
                        TOTAL MONTH:    M          5 = HAIL
                        GRTST 24HR    M  ON   M    6 = FREEZING RAIN OR DRIZZLE
                        GRTST DEPTH:  M  ON   M    7 = DUSTSTORM OR SANDSTORM:
                                                       VSBY 1/2 MILE OR LESS
                                                   8 = SMOKE OR HAZE
[NO. OF DAYS WITH]      [WEATHER - DAYS WITH]      9 = BLOWING SNOW
                                                   X = TORNADO
MAX 32 OR BELOW:   0    0.01 INCH OR MORE:   1
MAX 90 OR ABOVE:  26    0.10 INCH OR MORE:   0
MIN 32 OR BELOW:   0    0.50 INCH OR MORE:   0
MIN  0 OR BELOW:   0    1.00 INCH OR MORE:   0

[HDD (BASE 65) ]
TOTAL THIS MO.     0    CLEAR  (SCALE 0-3)  23
DPTR FM NORMAL     M    PTCLDY (SCALE 4-7)   4
TOTAL FM JUL 1     0    CLOUDY (SCALE 8-10)  0
DPTR FM NORMAL     M

[CDD (BASE 65) ]
TOTAL THIS MO.   601
DPTR FM NORMAL     M    [PRESSURE DATA]
TOTAL FM JAN 1  2331    HIGHEST SLP M ON M
DPTR FM NORMAL     M    LOWEST  SLP M ON M

[REMARKS]




U.S. Dept. of Commerce
NOAA National Weather Service
1325 East West Highway
Silver Spring, MD 20910
E-mail: w-nws.webmaster@noaa.gov
Page last modified: May 16, 2007
NATIONAL WEATHER SERVICE: for Safety, for Work, for Fun - FOR LIFE