775
CXUS53 KUNR 220945
CF62WX
PRELIMINARY LOCAL CLIMATOLOGICAL DATA (WS FORM: F-6)

                                          STATION:   BUFFALO SD
                                          MONTH:     AUGUST
                                          YEAR:      2014
                                          LATITUDE:   45 35 N
                                          LONGITUDE: 103 33 W

  TEMPERATURE IN F:       :PCPN:    SNOW:  WIND      :SUNSHINE: SKY     :PK WND
================================================================================
1   2   3   4   5  6A  6B    7    8   9   10  11  12  13   14  15   16   17  18
                                     12Z  AVG MX 2MIN
DY MAX MIN AVG DEP HDD CDD  WTR  SNW DPTH SPD SPD DIR MIN PSBL S-S WX    SPD DR
================================================================================

 1  92  57  75   3   0  10 0.00    M    M  7.9 22  40   M    M   M        25  40
 2  89  53  71  -1   0   6 0.00    M    M  6.9 15  40   M    M   M        17  60
 3  87  60  74   2   0   9 0.00    M    M 10.9 23 100   M    M   M        29 120
 4  79  59  69  -3   0   4 0.00    M    M 12.9 28  70   M    M   M        35  70
 5  70  62  66  -6   0   1 0.18    M    M  9.6 20 110   M    M   M        23 120
 6  77  63  70  -2   0   5 0.00    M    M  8.6 16 130   M    M   M        20 140
 7  83  62  73   1   0   8 0.00    M    M  8.1 16  60   M    M   M        20  40
 8  83  60  72   0   0   7 0.00    M    M  9.0 18 120   M    M   M        22 130
 9  83  59  71  -1   0   6 0.00    M    M  8.7 17 340   M    M   M        21 330
10  80  56  68  -4   0   3 0.00    M    M  8.2 16  30   M    M   M        19  20
11  86  52  69  -3   0   4 0.00    M    M  6.8 13 100   M    M   M        16  70
12  94  58  76   4   0  11 0.00    M    M 13.6 24 140   M    M   M        32 150
13  97  61  79   7   0  14 0.00    M    M 11.7 25 140   M    M   M        31 130
14  96  64  80   9   0  15 0.03    M    M 10.3 29 300   M    M   M        34 310
15  82  63  73   2   0   8 0.04    M    M 11.4 22 320   M    M   M        28 320
16  86  58  72   1   0   7 0.00    M    M 11.4 23 360   M    M   M        27  20
17  87  58  73   2   0   8 0.72    M    M  9.6 36 300   M    M   M        44 290
18  81  56  69  -1   0   4 0.00    M    M 13.4 28 300   M    M   M        32 300
19  91  58  75   5   0  10 0.00    M    M 10.4 22 130   M    M   M        27 130
20  87  58  73   3   0   8 0.00    M    M 10.5 31 330   M    M   M        37 320
21  83  55  69  -1   0   4 0.50    M    M 10.3 26 320   M    M   M        33 330
================================================================================
SM 1793 1232         0 152  1.47    M    210.2          M        M
================================================================================
AV 85.4 58.7                              10.0 FASTST   M    M   2    MAX(MPH)
                                 MISC ---->  # 36 300               # 44  290
================================================================================
NOTES:
# LAST OF SEVERAL OCCURRENCES

COLUMN 17 PEAK WIND IN M.P.H.

PRELIMINARY LOCAL CLIMATOLOGICAL DATA (WS FORM: F-6) , PAGE 2

                                          STATION:  BUFFALO SD
                                          MONTH:    AUGUST
                                          YEAR:     2014
                                          LATITUDE:   45 35 N
                                          LONGITUDE: 103 33 W

[TEMPERATURE DATA]      [PRECIPITATION DATA]       SYMBOLS USED IN COLUMN 16

AVERAGE MONTHLY: 72.0   TOTAL FOR MONTH:   1.47    1 = FOG OR MIST
DPTR FM NORMAL:   0.6   DPTR FM NORMAL:    0.45    2 = FOG REDUCING VISIBILITY
HIGHEST:    97 ON 13    GRTST 24HR  0.72 ON 17-17      TO 1/4 MILE OR LESS
LOWEST:     52 ON 11                               3 = THUNDER
                        SNOW, ICE PELLETS, HAIL    4 = ICE PELLETS
                        TOTAL MONTH:    M          5 = HAIL
                        GRTST 24HR    M  ON   M    6 = FREEZING RAIN OR DRIZZLE
                        GRTST DEPTH:  M  ON   M    7 = DUSTSTORM OR SANDSTORM:
                                                       VSBY 1/2 MILE OR LESS
                                                   8 = SMOKE OR HAZE
[NO. OF DAYS WITH]      [WEATHER - DAYS WITH]      9 = BLOWING SNOW
                                                   X = TORNADO
MAX 32 OR BELOW:   0    0.01 INCH OR MORE:   5
MAX 90 OR ABOVE:   5    0.10 INCH OR MORE:   3
MIN 32 OR BELOW:   0    0.50 INCH OR MORE:   2
MIN  0 OR BELOW:   0    1.00 INCH OR MORE:   0

[HDD (BASE 65) ]
TOTAL THIS MO.     0    CLEAR  (SCALE 0-3)   0
DPTR FM NORMAL   -16    PTCLDY (SCALE 4-7)   0
TOTAL FM JUL 1    16    CLOUDY (SCALE 8-10)  0
DPTR FM NORMAL   -20

[CDD (BASE 65) ]
TOTAL THIS MO.   152
DPTR FM NORMAL     0    [PRESSURE DATA]
TOTAL FM JAN 1   357    HIGHEST SLP M ON M
DPTR FM NORMAL   -70    LOWEST  SLP 29.60 ON 20

[REMARKS]




U.S. Dept. of Commerce
NOAA National Weather Service
1325 East West Highway
Silver Spring, MD 20910
E-mail: w-nws.webmaster@noaa.gov
Page last modified: May 16, 2007
NATIONAL WEATHER SERVICE: for Safety, for Work, for Fun - FOR LIFE