952
CXUS53 KUNR 170945
CF62WX
PRELIMINARY LOCAL CLIMATOLOGICAL DATA (WS FORM: F-6)

                                          STATION:   BUFFALO SD
                                          MONTH:     APRIL
                                          YEAR:      2014
                                          LATITUDE:   45 35 N
                                          LONGITUDE: 103 33 W

  TEMPERATURE IN F:       :PCPN:    SNOW:  WIND      :SUNSHINE: SKY     :PK WND
================================================================================
1   2   3   4   5  6A  6B    7    8   9   10  11  12  13   14  15   16   17  18
                                     12Z  AVG MX 2MIN
DY MAX MIN AVG DEP HDD CDD  WTR  SNW DPTH SPD SPD DIR MIN PSBL S-S WX    SPD DR
================================================================================

 1  23   2  13 -25  52   0 0.00    M    M  6.5 14 130   M    M   M        15 140
 2  27  21  24 -14  41   0 0.23    M    M 15.9 29 130   M    M   M        34 130
 3  32  20  26 -13  39   0 0.00    M    M 15.0 28 310   M    M   M        31 310
 4  38  16  27 -12  38   0 0.00    M    M  8.9 21 170   M    M   M        24 170
 5  52  21  37  -3  28   0 0.00    M    M  6.0 16 320   M    M   M        20 320
 6  57  33  45   5  20   0 0.00    M    M 13.8 28 310   M    M   M        38 320
 7  54  34  44   4  21   0 0.00    M    M 18.0 36 320   M    M   M        43 310
 8  69  30  50   9  15   0 0.00    M    M 11.4 26 280   M    M   M        35 240
 9  76  35  56  15   9   0 0.00    M    M 20.3 53 330   M    M   M        65 300
10  62  30  46   5  19   0 0.00    M    M 12.9 33 280   M    M   M        40 290
11  67  30  49   7  16   0 0.00    M    M 10.0 24 140   M    M   M        30 160
12  56  28  42   0  23   0 0.00    M    M 19.0 29 320   M    M   M        33 320
13  38  20  29 -13  36   0 0.00    M    M 17.4 29 350   M    M   M        38 330
14  41  22  32 -11  33   0 0.00    M    M 13.5 28 320   M    M   M        33 330
15  66  20  43   0  22   0 0.00    M    M 15.1 31 340   M    M   M        39 330
16  39  25  32 -12  33   0 0.00    M    M 13.9 24  30   M    M   M        28  30
================================================================================
SM  797  387       445   0  0.23    M    217.6          M        M
================================================================================
AV 49.8 24.2                              13.6 FASTST   M    M   4    MAX(MPH)
                                 MISC ---->  # 53 330               # 65  300
================================================================================
NOTES:
# LAST OF SEVERAL OCCURRENCES

COLUMN 17 PEAK WIND IN M.P.H.

PRELIMINARY LOCAL CLIMATOLOGICAL DATA (WS FORM: F-6) , PAGE 2

                                          STATION:  BUFFALO SD
                                          MONTH:    APRIL
                                          YEAR:     2014
                                          LATITUDE:   45 35 N
                                          LONGITUDE: 103 33 W

[TEMPERATURE DATA]      [PRECIPITATION DATA]       SYMBOLS USED IN COLUMN 16

AVERAGE MONTHLY: 37.0   TOTAL FOR MONTH:   0.23    1 = FOG OR MIST
DPTR FM NORMAL:  -3.8   DPTR FM NORMAL:   -0.46    2 = FOG REDUCING VISIBILITY
HIGHEST:    76 ON  9    GRTST 24HR  0.23 ON  2- 2      TO 1/4 MILE OR LESS
LOWEST:      2 ON  1                               3 = THUNDER
                        SNOW, ICE PELLETS, HAIL    4 = ICE PELLETS
                        TOTAL MONTH:    M          5 = HAIL
                        GRTST 24HR    M  ON   M    6 = FREEZING RAIN OR DRIZZLE
                        GRTST DEPTH:  M  ON   M    7 = DUSTSTORM OR SANDSTORM:
                                                       VSBY 1/2 MILE OR LESS
                                                   8 = SMOKE OR HAZE
[NO. OF DAYS WITH]      [WEATHER - DAYS WITH]      9 = BLOWING SNOW
                                                   X = TORNADO
MAX 32 OR BELOW:   3    0.01 INCH OR MORE:   1
MAX 90 OR ABOVE:   0    0.10 INCH OR MORE:   1
MIN 32 OR BELOW:  13    0.50 INCH OR MORE:   0
MIN  0 OR BELOW:   0    1.00 INCH OR MORE:   0

[HDD (BASE 65) ]
TOTAL THIS MO.   445    CLEAR  (SCALE 0-3)   0
DPTR FM NORMAL    58    PTCLDY (SCALE 4-7)   0
TOTAL FM JUL 1  7611    CLOUDY (SCALE 8-10)  0
DPTR FM NORMAL   421

[CDD (BASE 65) ]
TOTAL THIS MO.     0
DPTR FM NORMAL     0    [PRESSURE DATA]
TOTAL FM JAN 1     0    HIGHEST SLP M ON M
DPTR FM NORMAL     0    LOWEST  SLP 29.51 ON 15

[REMARKS]




U.S. Dept. of Commerce
NOAA National Weather Service
1325 East West Highway
Silver Spring, MD 20910
E-mail: w-nws.webmaster@noaa.gov
Page last modified: May 16, 2007
NATIONAL WEATHER SERVICE: for Safety, for Work, for Fun - FOR LIFE