686
CXUS53 KUNR 280945
CF62WX
PRELIMINARY LOCAL CLIMATOLOGICAL DATA (WS FORM: F-6)

                                          STATION:   BUFFALO SD
                                          MONTH:     JANUARY
                                          YEAR:      2015
                                          LATITUDE:   45 35 N
                                          LONGITUDE: 103 33 W

  TEMPERATURE IN F:       :PCPN:    SNOW:  WIND      :SUNSHINE: SKY     :PK WND
================================================================================
1   2   3   4   5  6A  6B    7    8   9   10  11  12  13   14  15   16   17  18
                                     12Z  AVG MX 2MIN
DY MAX MIN AVG DEP HDD CDD  WTR  SNW DPTH SPD SPD DIR MIN PSBL S-S WX    SPD DR
================================================================================

 1  34  18  26   6  39   0 0.00    M    M 12.2 26 320   M    M   M        29 320
 2  42  17  30  10  35   0 0.00    M    M  9.9 22 170   M    M   M        28 180
 3  34   0  17  -3  48   0 0.00    M    M 17.9 33 340   M    M   M        41 340
 4   4 -10  -3 -23  68   0 0.00    M    M 12.5 25 310   M    M   M        29 320
 5  18  -9   5 -15  60   0 0.19    M    M 15.3 33 320   M    M   M        39 310
 6  10   3   7 -13  58   0 0.06    M    M 14.9 28 310   M    M   M        32 310
 7  21 -14   4 -16  61   0 0.00    M    M 11.0 22 160   M    M   M        26 160
 8  36   0  18  -2  47   0 0.02    M    M 33.3 58 320   M    M   M        66 330
 9  14  -9   3 -17  62   0 0.00    M    M 12.1 26 300   M    M   M        31 300
10  24  -1  12  -8  53   0 0.00    M    M  9.3 22 320   M    M   M        28 320
11  17  -2   8 -12  57   0 0.00    M    M  8.3 15 290   M    M   M        18 310
12  13  -7   3 -17  62   0 0.00    M    M  7.4 17 140   M    M   M        20 150
13  29  -3  13  -7  52   0 0.00    M    M 10.6 29 310   M    M   M        38 300
14  40  16  28   8  37   0 0.00    M    M 14.0 25 280   M    M   M        30 270
15  46  22  34  14  31   0 0.00    M    M 11.8 22 250   M    M   M        26 250
16  51  27  39  19  26   0 0.00    M    M 13.3 37 290   M    M   M        49 290
17  43  29  36  16  29   0 0.00    M    M 23.6 41 290   M    M   M        51 280
18  47  26  37  17  28   0 0.00    M    M 10.6 24 280   M    M   M        34 270
19  46  33  40  19  25   0 0.00    M    M 22.2 43 300   M    M   M        51 300
20  40  30  35  14  30   0 0.00    M    M 23.1 37 320   M    M   M        43 320
21  32  19  26   5  39   0 0.00    M    M 14.8 29 310   M    M   M        36 310
22  47  19  33  12  32   0 0.00    M    M 13.8 24 260   M    M   M        28 260
23  49  30  40  19  25   0 0.00    M    M 17.3 29 290   M    M   M        35 290
24  53  32  43  22  22   0 0.00    M    M 26.9 56 310   M    M   M        66 310
25  52  27  40  19  25   0 0.00    M    M 12.9 24 300   M    M   M        29 300
26  63  33  48  27  17   0 0.00    M    M  9.9 20 280   M    M   M        22 280
27  69  37  53  32  12   0 0.00    M    M  8.1 16 260   M    M   M        18 270
================================================================================
SM  974  363      1080   0  0.27    M    397.0          M        M
================================================================================
AV 36.1 13.4                              14.7 FASTST   M    M   3    MAX(MPH)
                                 MISC ---->  # 58 320               # 66  330
================================================================================
NOTES:
# LAST OF SEVERAL OCCURRENCES

COLUMN 17 PEAK WIND IN M.P.H.

PRELIMINARY LOCAL CLIMATOLOGICAL DATA (WS FORM: F-6) , PAGE 2

                                          STATION:  BUFFALO SD
                                          MONTH:    JANUARY
                                          YEAR:     2015
                                          LATITUDE:   45 35 N
                                          LONGITUDE: 103 33 W

[TEMPERATURE DATA]      [PRECIPITATION DATA]       SYMBOLS USED IN COLUMN 16

AVERAGE MONTHLY: 24.8   TOTAL FOR MONTH:   0.27    1 = FOG OR MIST
DPTR FM NORMAL:   4.4   DPTR FM NORMAL:    0.01    2 = FOG REDUCING VISIBILITY
HIGHEST:    69 ON 27    GRTST 24HR  0.19 ON  5- 5      TO 1/4 MILE OR LESS
LOWEST:    -14 ON  7                               3 = THUNDER
                        SNOW, ICE PELLETS, HAIL    4 = ICE PELLETS
                        TOTAL MONTH:    M          5 = HAIL
                        GRTST 24HR    M  ON   M    6 = FREEZING RAIN OR DRIZZLE
                        GRTST DEPTH:  M  ON   M    7 = DUSTSTORM OR SANDSTORM:
                                                       VSBY 1/2 MILE OR LESS
                                                   8 = SMOKE OR HAZE
[NO. OF DAYS WITH]      [WEATHER - DAYS WITH]      9 = BLOWING SNOW
                                                   X = TORNADO
MAX 32 OR BELOW:  10    0.01 INCH OR MORE:   3
MAX 90 OR ABOVE:   0    0.10 INCH OR MORE:   1
MIN 32 OR BELOW:  24    0.50 INCH OR MORE:   0
MIN  0 OR BELOW:  10    1.00 INCH OR MORE:   0

[HDD (BASE 65) ]
TOTAL THIS MO.  1080    CLEAR  (SCALE 0-3)   0
DPTR FM NORMAL  -125    PTCLDY (SCALE 4-7)   0
TOTAL FM JUL 1  4186    CLOUDY (SCALE 8-10)  0
DPTR FM NORMAL  -279

[CDD (BASE 65) ]
TOTAL THIS MO.     0
DPTR FM NORMAL     0    [PRESSURE DATA]
TOTAL FM JAN 1     0    HIGHEST SLP M ON M
DPTR FM NORMAL     0    LOWEST  SLP 29.66 ON 16

[REMARKS]




U.S. Dept. of Commerce
NOAA National Weather Service
1325 East West Highway
Silver Spring, MD 20910
E-mail: w-nws.webmaster@noaa.gov
Page last modified: May 16, 2007
NATIONAL WEATHER SERVICE: for Safety, for Work, for Fun - FOR LIFE