245
CXUS53 KUNR 010945
CF62WX
PRELIMINARY LOCAL CLIMATOLOGICAL DATA (WS FORM: F-6)

                                          STATION:   BUFFALO SD
                                          MONTH:     NOVEMBER
                                          YEAR:      2014
                                          LATITUDE:   45 35 N
                                          LONGITUDE: 103 33 W

  TEMPERATURE IN F:       :PCPN:    SNOW:  WIND      :SUNSHINE: SKY     :PK WND
================================================================================
1   2   3   4   5  6A  6B    7    8   9   10  11  12  13   14  15   16   17  18
                                     12Z  AVG MX 2MIN
DY MAX MIN AVG DEP HDD CDD  WTR  SNW DPTH SPD SPD DIR MIN PSBL S-S WX    SPD DR
================================================================================

 1  54  31  43   4  22   0 0.00    M    M  8.1 14 150   M    M   M        18 160
 2  64  38  51  12  14   0 0.00    M    M 10.4 20 330   M    M   M        24 320
 3  51  29  40   2  25   0 0.00    M    M 15.5 33 300   M    M   M        40 290
 4  60  28  44   6  21   0 0.00    M    M 12.4 30 300   M    M   M        36 300
 5  52  28  40   3  25   0 0.08    M    M 21.4 43 300   M    M   M        52 290
 6  61  29  45   8  20   0 0.00    M    M  8.6 16 150   M    M   M        21 190
 7  60  31  46  10  19   0 0.00    M    M 23.0 49 310   M    M   M        58 310
 8  58  24  41   5  24   0 0.00    M    M 10.7 31 290   M    M   M        39 290
 9  46  21  34  -1  31   0 0.13    M    M 13.4 26  70   M    M   M        30  50
10  21   9  15 -20  50   0 0.04    M    M 19.1 26  40   M    M   M        32 320
11   9  -1   4 -30  61   0 0.00    M    M 22.1 33 310   M    M   M        40 310
12  13   0   7 -27  58   0 0.00    M    M 16.4 28 320   M    M   M        32 310
13  12  -5   4 -29  61   0 0.00    M    M  5.4 14 310   M    M   M        17 310
14  12  -9   2 -30  63   0 0.00    M    M  5.7 17 330   M    M   M        20 330
15   7  -4   2 -30  63   0 0.00    M    M 16.8 29 310   M    M   M        33 310
16  22   4  13 -18  52   0 0.01    M    M 28.2 51 320   M    M   M        62 310
17  15   0   8 -23  57   0 0.00    M    M 17.3 30 310   M    M   M        37 320
18  37   2  20 -10  45   0 0.01    M    M 22.1 44 290   M    M   M        51 290
19  25  12  19 -11  46   0 0.00    M    M 16.3 37 320   M    M   M        45 310
20  32  14  23  -6  42   0 0.00    M    M  7.7 16 160   M    M   M        19 160
21  51  17  34   5  31   0 0.00    M    M 10.4 26 290   M    M   M        33 290
22  50  27  39  11  26   0 0.00    M    M  8.3 30 290   M    M   M        37 290
23  39  18  29   1  36   0 0.00    M    M 28.1 49 310   M    M   M        62 310
24  35  14  25  -2  40   0 0.00    M    M 13.1 30 300   M    M   M        34 300
25  39  22  31   4  34   0 0.08    M    M 17.6 39 320   M    M   M        49 320
26  29  19  24  -2  41   0 0.01    M    M  7.9 20 330   M    M   M        24 330
27  39  19  29   3  36   0 0.01    M    M 11.0 22 170   M    M   M        27 160
28  56  29  43  18  22   0 0.00    M    M  7.7 15 270   M    M   M        18 160
29  43  -1  21  -4  44   0 0.03    M    M 18.4 30 320   M    M   M        35 320
30   7 -10  -1 -26  66   0 0.02    M    M 15.2 28 330   M    M   M        34 320
================================================================================
SM 1099  435      1175   0  0.42    M    438.3          M        M
================================================================================
AV 36.6 14.5                              14.6 FASTST   M    M   4    MAX(MPH)
                                 MISC ---->  # 51 320               # 62  310
================================================================================
NOTES:
# LAST OF SEVERAL OCCURRENCES

COLUMN 17 PEAK WIND IN M.P.H.

PRELIMINARY LOCAL CLIMATOLOGICAL DATA (WS FORM: F-6) , PAGE 2

                                          STATION:  BUFFALO SD
                                          MONTH:    NOVEMBER
                                          YEAR:     2014
                                          LATITUDE:   45 35 N
                                          LONGITUDE: 103 33 W

[TEMPERATURE DATA]      [PRECIPITATION DATA]       SYMBOLS USED IN COLUMN 16

AVERAGE MONTHLY: 25.6   TOTAL FOR MONTH:   0.42    1 = FOG OR MIST
DPTR FM NORMAL:  -6.1   DPTR FM NORMAL:    0.11    2 = FOG REDUCING VISIBILITY
HIGHEST:    64 ON  2    GRTST 24HR  0.15 ON  9-10      TO 1/4 MILE OR LESS
LOWEST:    -10 ON 30                               3 = THUNDER
                        SNOW, ICE PELLETS, HAIL    4 = ICE PELLETS
                        TOTAL MONTH:    M          5 = HAIL
                        GRTST 24HR    M  ON   M    6 = FREEZING RAIN OR DRIZZLE
                        GRTST DEPTH:  M  ON   M    7 = DUSTSTORM OR SANDSTORM:
                                                       VSBY 1/2 MILE OR LESS
                                                   8 = SMOKE OR HAZE
[NO. OF DAYS WITH]      [WEATHER - DAYS WITH]      9 = BLOWING SNOW
                                                   X = TORNADO
MAX 32 OR BELOW:  12    0.01 INCH OR MORE:  10
MAX 90 OR ABOVE:   0    0.10 INCH OR MORE:   1
MIN 32 OR BELOW:  29    0.50 INCH OR MORE:   0
MIN  0 OR BELOW:   8    1.00 INCH OR MORE:   0

[HDD (BASE 65) ]
TOTAL THIS MO.  1175    CLEAR  (SCALE 0-3)   0
DPTR FM NORMAL   178    PTCLDY (SCALE 4-7)   0
TOTAL FM JUL 1  1921    CLOUDY (SCALE 8-10)  0
DPTR FM NORMAL    23

[CDD (BASE 65) ]
TOTAL THIS MO.     0
DPTR FM NORMAL     0    [PRESSURE DATA]
TOTAL FM JAN 1   420    HIGHEST SLP 30.74 ON 12
DPTR FM NORMAL   -93    LOWEST  SLP 29.30 ON 29

[REMARKS]
#FINAL-11-14#




U.S. Dept. of Commerce
NOAA National Weather Service
1325 East West Highway
Silver Spring, MD 20910
E-mail: w-nws.webmaster@noaa.gov
Page last modified: May 16, 2007
NATIONAL WEATHER SERVICE: for Safety, for Work, for Fun - FOR LIFE