283
CXUS55 KBOU 200811
CF620V
PRELIMINARY LOCAL CLIMATOLOGICAL DATA (WS FORM: F-6)

                                          STATION:   Kremmling
                                          MONTH:     SEPTEMBER
                                          YEAR:      2014
                                          LATITUDE:   40  3 N
                                          LONGITUDE: 106 22 W

  TEMPERATURE IN F:       :PCPN:    SNOW:  WIND      :SUNSHINE: SKY     :PK WND
================================================================================
1   2   3   4   5  6A  6B    7    8   9   10  11  12  13   14  15   16   17  18
                                     12Z  AVG MX 2MIN
DY MAX MIN AVG DEP HDD CDD  WTR  SNW DPTH SPD SPD DIR MIN PSBL S-S WX    SPD DR
================================================================================

 1  73  34  54   M  11   0    M    M    M  4.4 17 250   M    M   2        28 300
 2  81  32  57   M   8   0    M    M    M  3.8 17 230   M    M   2        23 230
 3  86  36  61   M   4   0    M    M    M  4.4 18 250   M    M   2        27 230
 4  79  34  57   M   8   0    M    M    M  4.6 22 270   M    M   2        30 270
 5  73  41  57   M   8   0    M    M    M  1.7 14  20   M    M   4 3      20  20
 6  77  34  56   M   9   0    M    M    M  1.0  8 350   M    M   2 1       M  M
 7  73  34  54   M  11   0    M    M    M  3.1 10 220   M    M   2 3       M  M
 8  70  36  53   M  12   0    M    M    M  1.5 14 350   M    M   7 3      24 350
 9  59  50  55   M  10   0    M    M    M  2.2 13 250   M    M  10        20 250
10  70  45  58   M   7   0    M    M    M  6.5 16 250   M    M   5        21 230
11  73  36  55   M  10   0    M    M    M  9.0 22 340   M    M   5        44 230
12  70  30  50   M  15   0    M    M    M  3.2 13 250   M    M   1        20 250
13  73  30  52   M  13   0    M    M    M  2.3 12 270   M    M   1        20 280
14  77  32  55   M  10   0    M    M    M  4.8 20 250   M    M   2        30 240
15  77  36  57   M   8   0    M    M    M  1.9  9 120   M    M   2 3       M  M
16  77  34  56   M   9   0    M    M    M  1.1  6 330   M    M   2         M  M
17  79  34  57   M   8   0    M    M    M  2.3 10 340   M    M   1        17 340
18  81  34  58   M   7   0    M    M    M  0.3  4  90   M    M   1         M  M
19  82  39  61   M   4   0    M    M    M  2.3 12 320   M    M   3        20 220
================================================================================
SM 1430  681       172   0    M     M     60.4          M       56
================================================================================
AV 75.3 35.8                               3.2 FASTST   M    M   3    MAX(MPH)
                                 MISC ---->    22   M                 44    M
================================================================================
NOTES:
# LAST OF SEVERAL OCCURRENCES

COLUMN 17 PEAK WIND IN M.P.H.

PRELIMINARY LOCAL CLIMATOLOGICAL DATA (WS FORM: F-6) , PAGE 2

                                          STATION:  Kremmling
                                          MONTH:    SEPTEMBER
                                          YEAR:     2014
                                          LATITUDE:   40  3 N
                                          LONGITUDE: 106 22 W

[TEMPERATURE DATA]      [PRECIPITATION DATA]       SYMBOLS USED IN COLUMN 16

AVERAGE MONTHLY: 55.6   TOTAL FOR MONTH:      M    1 = FOG OR MIST
DPTR FM NORMAL:     M   DPTR FM NORMAL:       M    2 = FOG REDUCING VISIBILITY
HIGHEST:    86 ON  3    GRTST 24HR    M  ON   M        TO 1/4 MILE OR LESS
LOWEST:     30 ON 13,12                            3 = THUNDER
                        SNOW, ICE PELLETS, HAIL    4 = ICE PELLETS
                        TOTAL MONTH:    M          5 = HAIL
                        GRTST 24HR    M  ON   M    6 = FREEZING RAIN OR DRIZZLE
                        GRTST DEPTH:  M  ON   M    7 = DUSTSTORM OR SANDSTORM:
                                                       VSBY 1/2 MILE OR LESS
                                                   8 = SMOKE OR HAZE
[NO. OF DAYS WITH]      [WEATHER - DAYS WITH]      9 = BLOWING SNOW
                                                   X = TORNADO
MAX 32 OR BELOW:   0    0.01 INCH OR MORE:   0
MAX 90 OR ABOVE:   0    0.10 INCH OR MORE:   0
MIN 32 OR BELOW:   4    0.50 INCH OR MORE:   0
MIN  0 OR BELOW:   0    1.00 INCH OR MORE:   0

[HDD (BASE 65) ]
TOTAL THIS MO.   172    CLEAR  (SCALE 0-3)  14
DPTR FM NORMAL     M    PTCLDY (SCALE 4-7)   4
TOTAL FM JUL 1   337    CLOUDY (SCALE 8-10)  1
DPTR FM NORMAL     M

[CDD (BASE 65) ]
TOTAL THIS MO.     0
DPTR FM NORMAL     M    [PRESSURE DATA]
TOTAL FM JAN 1    45    HIGHEST SLP M ON M
DPTR FM NORMAL     M    LOWEST  SLP M ON M

[REMARKS]




U.S. Dept. of Commerce
NOAA National Weather Service
1325 East West Highway
Silver Spring, MD 20910
E-mail: w-nws.webmaster@noaa.gov
Page last modified: May 16, 2007
NATIONAL WEATHER SERVICE: for Safety, for Work, for Fun - FOR LIFE