563
CXUS55 KBOU 011223
CF620V

PRELIMINARY LOCAL CLIMATOLOGICAL DATA (WS FORM: F-6)

                                          STATION:   KREMMLING
                                          MONTH:     NOVEMBER
                                          YEAR:      2014
                                          LATITUDE:   40  3 N
                                          LONGITUDE: 106 22 W

  TEMPERATURE IN F:       :PCPN:    SNOW:  WIND      :SUNSHINE: SKY     :PK WND
================================================================================
1   2   3   4   5  6A  6B    7    8   9   10  11  12  13   14  15   16   17  18
                                     12Z  AVG MX 2MIN
DY MAX MIN AVG DEP HDD CDD  WTR  SNW DPTH SPD SPD DIR MIN PSBL S-S WX    SPD DR
================================================================================

 1  63  28  46   M  19   0    M    M    M  2.3 13 220   M    M   1        22 220
 2  54  27  41   M  24   0    M    M    M  4.1 22 210   M    M   5        25 210
 3  41  30  36   M  29   0    M    M    M  5.3 12 360   M    M   9        16 230
 4  50  19  35   M  30   0    M    M    M  1.2  7 230   M    M   2         M  M
 5  52  23  38   M  27   0    M    M    M  1.4  6 110   M    M   3         M  M
 6  59  19  39   M  26   0    M    M    M  0.1  4 280   M    M   0         M  M
 7  59  19  39   M  26   0    M    M    M  4.0 14 290   M    M   3        22 290
 8  59  21  40   M  25   0    M    M    M  3.3 14 230   M    M   0        18 230
 9  61  19  40   M  25   0    M    M    M  5.6 16 240   M    M   0        23 230
10  50  21  36   M  29   0    M    M    M 10.6 23 320   M    M   6        38 250
11  41  14  28   M  37   0    M    M    M  6.0 20 260   M    M   4        27 260
12  19  -2   9   M  56   0    M    M    M  2.3 14 340   M    M   8        23 340
13  19  -8   6   M  59   0    M    M    M  0.1  4  10   M    M   8 8       M  M
14  37  19  28   M  37   0    M    M    M  3.2  9 260   M    M   8 1       M  M
15  34  14  24   M  41   0    M    M    M  6.5 17 350   M    M  10        23 350
16  21  -8   7   M  58   0    M    M    M  1.7  5 100   M    M   4 8       M  M
17  30   3  17   M  48   0    M    M    M  4.2 14 250   M    M   3        18 250
18  34  -4  15   M  50   0    M    M    M  4.7 16 250   M    M   1 8      23 250
19  43  16  30   M  35   0    M    M    M  5.9 16 250   M    M   2        20 240
20  34  10  22   M  43   0    M    M    M  0.0  M   M   M    M   6         M  M
21  43  14  29   M  36   0    M    M    M  0.3  5  70   M    M   4         M  M
22  50  10  30   M  35   0    M    M    M  5.5 24 240   M    M   5        30 240
23  32  19  26   M  39   0    M    M    M  5.9 18 320   M    M   8        29 320
24  32  12  22   M  43   0    M    M    M  6.6 14 240   M    M   9        22 240
25  30  19  25   M  40   0    M    M    M 13.2 23 250   M    M  10 8      32 260
26  43  30  37   M  28   0    M    M    M 13.4 23 260   M    M   6        32 260
27  50  21  36   M  29   0    M    M    M  5.7 13 260   M    M   1        18 220
28  54  18  36   M  29   0    M    M    M  3.9 18 240   M    M   0        24 240
29  52  34  43   M  22   0    M    M    M 13.6 22 240   M    M   0        31 240
30  46  36  41   M  24   0    M    M    M 11.6 22 250   M    M   5        30 250
================================================================================
SM 1292  493      1049   0    M     M    152.2          M      131
================================================================================
AV 43.1 16.4                               5.1 FASTST   M    M   4    MAX(MPH)
                                 MISC ---->    24   M               # 38  250
================================================================================
NOTES:
# LAST OF SEVERAL OCCURRENCES

COLUMN 17 PEAK WIND IN M.P.H.

PRELIMINARY LOCAL CLIMATOLOGICAL DATA (WS FORM: F-6) , PAGE 2

                                          STATION:  KREMMLING
                                          MONTH:    NOVEMBER
                                          YEAR:     2014
                                          LATITUDE:   40  3 N
                                          LONGITUDE: 106 22 W

[TEMPERATURE DATA]      [PRECIPITATION DATA]       SYMBOLS USED IN COLUMN 16

AVERAGE MONTHLY: 29.8   TOTAL FOR MONTH:      M    1 = FOG OR MIST
DPTR FM NORMAL:     M   DPTR FM NORMAL:       M    2 = FOG REDUCING VISIBILITY
HIGHEST:    63 ON  1    GRTST 24HR    M  ON   M        TO 1/4 MILE OR LESS
LOWEST:     -8 ON 16,13                            3 = THUNDER
                        SNOW, ICE PELLETS, HAIL    4 = ICE PELLETS
                        TOTAL MONTH:    M          5 = HAIL
                        GRTST 24HR    M  ON   M    6 = FREEZING RAIN OR DRIZZLE
                        GRTST DEPTH:  M  ON   M    7 = DUSTSTORM OR SANDSTORM:
                                                       VSBY 1/2 MILE OR LESS
                                                   8 = SMOKE OR HAZE
[NO. OF DAYS WITH]      [WEATHER - DAYS WITH]      9 = BLOWING SNOW
                                                   X = TORNADO
MAX 32 OR BELOW:   7    0.01 INCH OR MORE:   0
MAX 90 OR ABOVE:   0    0.10 INCH OR MORE:   0
MIN 32 OR BELOW:  28    0.50 INCH OR MORE:   0
MIN  0 OR BELOW:   4    1.00 INCH OR MORE:   0

[HDD (BASE 65) ]
TOTAL THIS MO.  1049    CLEAR  (SCALE 0-3)  12
DPTR FM NORMAL     M    PTCLDY (SCALE 4-7)  13
TOTAL FM JUL 1  2072    CLOUDY (SCALE 8-10)  5
DPTR FM NORMAL     M

[CDD (BASE 65) ]
TOTAL THIS MO.     0
DPTR FM NORMAL     M    [PRESSURE DATA]
TOTAL FM JAN 1    45    HIGHEST SLP M ON M
DPTR FM NORMAL     M    LOWEST  SLP M ON M

[REMARKS]
#FINAL-11-14#




U.S. Dept. of Commerce
NOAA National Weather Service
1325 East West Highway
Silver Spring, MD 20910
E-mail: w-nws.webmaster@noaa.gov
Page last modified: May 16, 2007
NATIONAL WEATHER SERVICE: for Safety, for Work, for Fun - FOR LIFE