768
CXUS55 KBOU 191136
CF620V
PRELIMINARY LOCAL CLIMATOLOGICAL DATA (WS FORM: F-6)

                                          STATION:   Kremmling
                                          MONTH:     APRIL
                                          YEAR:      2014
                                          LATITUDE:   40  3 N
                                          LONGITUDE: 106 22 W

  TEMPERATURE IN F:       :PCPN:    SNOW:  WIND      :SUNSHINE: SKY     :PK WND
================================================================================
1   2   3   4   5  6A  6B    7    8   9   10  11  12  13   14  15   16   17  18
                                     12Z  AVG MX 2MIN
DY MAX MIN AVG DEP HDD CDD  WTR  SNW DPTH SPD SPD DIR MIN PSBL S-S WX    SPD DR
================================================================================

 1  41  28  35   M  30   0    M    M    M  5.3 17 240   M    M   4        24 240
 2  43  23  33   M  32   0    M    M    M  6.8 21 240   M    M   6        31 250
 3  41  21  31   M  34   0    M    M    M  6.5 16 330   M    M   4        22 310
 4  45  14  30   M  35   0    M    M    M  3.6 15 220   M    M   3        28 220
 5  50  27  39   M  26   0    M    M    M  4.1 18 330   M    M   5        22 330
 6  43  25  34   M  31   0    M    M    M  5.3 15 340   M    M   8        23 330
 7  43  23  33   M  32   0    M    M    M  5.4 16 330   M    M   5 1      23 330
 8  59  25  42   M  23   0    M    M    M  3.3  9 300   M    M   2        22 260
 9  68  25  47   M  18   0    M    M    M  8.5 23 270   M    M   1        31 250
10  61  34  48   M  17   0    M    M    M  6.1 15 350   M    M   6        24 310
11  70  25  48   M  17   0    M    M    M  5.0 16 250   M    M   2        27 240
12  64  30  47   M  18   0    M    M    M  6.6 21 220   M    M   4        30 220
13  37  18  28   M  37   0    M    M    M  7.6 17 310   M    M  10 8      28 310
14  34   9  22   M  43   0    M    M    M  5.3 14 330   M    M   2        22 320
15  54  14  34   M  31   0    M    M    M  8.1 17 260   M    M   2        24 230
16  50  30  40   M  25   0    M    M    M  7.0 18 340   M    M   5        30 340
17  59  25  42   M  23   0    M    M    M  4.1 13 230   M    M   3        20 240
18  70  28  49   M  16   0    M    M    M  4.8 21 250   M    M   2        30 240
================================================================================
SM  932  424       488   0    M     M    103.4          M       74
================================================================================
AV 51.8 23.6                               5.7 FASTST   M    M   4    MAX(MPH)
                                 MISC ---->  # 23 270                 31    M
================================================================================
NOTES:
# LAST OF SEVERAL OCCURRENCES

COLUMN 17 PEAK WIND IN M.P.H.

PRELIMINARY LOCAL CLIMATOLOGICAL DATA (WS FORM: F-6) , PAGE 2

                                          STATION:  Kremmling
                                          MONTH:    APRIL
                                          YEAR:     2014
                                          LATITUDE:   40  3 N
                                          LONGITUDE: 106 22 W

[TEMPERATURE DATA]      [PRECIPITATION DATA]       SYMBOLS USED IN COLUMN 16

AVERAGE MONTHLY: 37.7   TOTAL FOR MONTH:      M    1 = FOG OR MIST
DPTR FM NORMAL:     M   DPTR FM NORMAL:       M    2 = FOG REDUCING VISIBILITY
HIGHEST:    70 ON 18,11 GRTST 24HR    M  ON   M        TO 1/4 MILE OR LESS
LOWEST:      9 ON 14                               3 = THUNDER
                        SNOW, ICE PELLETS, HAIL    4 = ICE PELLETS
                        TOTAL MONTH:    M          5 = HAIL
                        GRTST 24HR    M  ON   M    6 = FREEZING RAIN OR DRIZZLE
                        GRTST DEPTH:  M  ON   M    7 = DUSTSTORM OR SANDSTORM:
                                                       VSBY 1/2 MILE OR LESS
                                                   8 = SMOKE OR HAZE
[NO. OF DAYS WITH]      [WEATHER - DAYS WITH]      9 = BLOWING SNOW
                                                   X = TORNADO
MAX 32 OR BELOW:   0    0.01 INCH OR MORE:   0
MAX 90 OR ABOVE:   0    0.10 INCH OR MORE:   0
MIN 32 OR BELOW:  17    0.50 INCH OR MORE:   0
MIN  0 OR BELOW:   0    1.00 INCH OR MORE:   0

[HDD (BASE 65) ]
TOTAL THIS MO.   488    CLEAR  (SCALE 0-3)   8
DPTR FM NORMAL     M    PTCLDY (SCALE 4-7)   9
TOTAL FM JUL 1  7922    CLOUDY (SCALE 8-10)  1
DPTR FM NORMAL     M

[CDD (BASE 65) ]
TOTAL THIS MO.     0
DPTR FM NORMAL     M    [PRESSURE DATA]
TOTAL FM JAN 1     0    HIGHEST SLP M ON M
DPTR FM NORMAL     M    LOWEST  SLP M ON M

[REMARKS]




U.S. Dept. of Commerce
NOAA National Weather Service
1325 East West Highway
Silver Spring, MD 20910
E-mail: w-nws.webmaster@noaa.gov
Page last modified: May 16, 2007
NATIONAL WEATHER SERVICE: for Safety, for Work, for Fun - FOR LIFE