015
CXUS54 KHGX 231506
CF611R
PRELIMINARY LOCAL CLIMATOLOGICAL DATA (WS FORM: F-6)

                                          STATION:   BRENHAM
                                          MONTH:     NOVEMBER
                                          YEAR:      2014
                                          LATITUDE:   30 13 N
                                          LONGITUDE:  96 22 W

  TEMPERATURE IN F:       :PCPN:    SNOW:  WIND      :SUNSHINE: SKY     :PK WND
================================================================================
1   2   3   4   5  6A  6B    7    8   9   10  11  12  13   14  15   16   17  18
                                     12Z  AVG MX 2MIN
DY MAX MIN AVG DEP HDD CDD  WTR  SNW DPTH SPD SPD DIR MIN PSBL S-S WX    SPD DR
================================================================================

 1  67  45  56   M   9   0 0.00  0.0    0  4.1 12 120   M    M   0         M  M
 2  74  42  58   M   7   0 0.00  0.0    0  6.4 15 140   M    M   0        21 140
 3  83  56  70   M   0   5 0.00  0.0    0  8.4 17 170   M    M   0        25 170
 4  82  61  72   M   0   7 0.84  0.0    0  7.8 18 350   M    M   4        28  10
 5  62  60  61   M   4   0 1.29  0.0    0  7.5 14 340   M    M  10        20  20
 6  66  57  62   M   3   0 0.11  0.0    0  7.0 10 360   M    M   5        16  10
 7  67  47  57   M   8   0 0.00  0.0    0  2.1  6  80   M    M   0         M  M
 8  74  49  62   M   3   0 0.00  0.0    0  3.9 17 340   M    M   0         M  M
 9  73  44  59   M   6   0 0.00  0.0    0  3.5  9 330   M    M   0         M  M
10  80  49  65   M   0   0 0.00  0.0    0  8.6 20 200   M    M   0        28 200
11  70  44  57   M   8   0 0.00  0.0    0 12.0 25 340   M    M   5 1      31 340
12  53  39  46   M  19   0 0.00  0.0    0 14.5 20 350   M    M   1        25 360
13  46  32  39   M  26   0 0.00  0.0    0 15.0 22 350   M    M   4        29 360
14  48  30  39   M  26   0 0.00  0.0    0  2.9  8 350   M    M   5         M  M
15  53  43  48   M  17   0 0.05  0.0    0  4.7 14 110   M    M   9 1       M  M
16  52  40  46   M  19   0 0.03    M    0  9.2 25 330   M    M  10 13     32 330
17  52  32  42   M  23   0 0.00  0.0    0 13.1 24 340   M    M   2        32 340
18  56  33  45   M  20   0 0.00  0.0    0  1.5  6 360   M    M   0         M  M
19  70  36  53   M  12   0 0.00  0.0    0  4.4 14 190   M    M   2        20 180
20  74  43  59   M   6   0 0.22    M    0  4.1 14 170   M    M   6 1      18 150
21  69  62  66   M   0   1 0.93  0.0    0  5.3 12 120   M    M  10 1      20 130
22  69  61  65   M   0   0 3.04  0.0    0  8.0 12 290   M    M   9 3      20 290
================================================================================
SM 1440 1005       216  13  6.51     0.0 154.0          M       82
================================================================================
AV 65.5 45.7                               7.0 FASTST   M    M   4    MAX(MPH)
                                 MISC ---->    25   M                 32    M
================================================================================
NOTES:
# LAST OF SEVERAL OCCURRENCES

COLUMN 17 PEAK WIND IN M.P.H.

PRELIMINARY LOCAL CLIMATOLOGICAL DATA (WS FORM: F-6) , PAGE 2

                                          STATION:  BRENHAM
                                          MONTH:    NOVEMBER
                                          YEAR:     2014
                                          LATITUDE:   30 13 N
                                          LONGITUDE:  96 22 W

[TEMPERATURE DATA]      [PRECIPITATION DATA]       SYMBOLS USED IN COLUMN 16

AVERAGE MONTHLY: 55.6   TOTAL FOR MONTH:   6.51    1 = FOG OR MIST
DPTR FM NORMAL:     M   DPTR FM NORMAL:       M    2 = FOG REDUCING VISIBILITY
HIGHEST:    83 ON  3    GRTST 24HR  3.04 ON 22-22      TO 1/4 MILE OR LESS
LOWEST:     30 ON 14                               3 = THUNDER
                        SNOW, ICE PELLETS, HAIL    4 = ICE PELLETS
                        TOTAL MONTH:   0.0 INCH    5 = HAIL
                        GRTST 24HR     0.0         6 = FREEZING RAIN OR DRIZZLE
                        GRTST DEPTH:   0           7 = DUSTSTORM OR SANDSTORM:
                                                       VSBY 1/2 MILE OR LESS
                                                   8 = SMOKE OR HAZE
[NO. OF DAYS WITH]      [WEATHER - DAYS WITH]      9 = BLOWING SNOW
                                                   X = TORNADO
MAX 32 OR BELOW:   0    0.01 INCH OR MORE:   8
MAX 90 OR ABOVE:   0    0.10 INCH OR MORE:   6
MIN 32 OR BELOW:   3    0.50 INCH OR MORE:   4
MIN  0 OR BELOW:   0    1.00 INCH OR MORE:   2

[HDD (BASE 65) ]
TOTAL THIS MO.   216    CLEAR  (SCALE 0-3)  11
DPTR FM NORMAL     M    PTCLDY (SCALE 4-7)   6
TOTAL FM JUL 1   216    CLOUDY (SCALE 8-10)  5
DPTR FM NORMAL     M

[CDD (BASE 65) ]
TOTAL THIS MO.    13
DPTR FM NORMAL     M    [PRESSURE DATA]
TOTAL FM JAN 1  2981    HIGHEST SLP M ON M
DPTR FM NORMAL     M    LOWEST  SLP M ON M

[REMARKS]




U.S. Dept. of Commerce
NOAA National Weather Service
1325 East West Highway
Silver Spring, MD 20910
E-mail: w-nws.webmaster@noaa.gov
Page last modified: May 16, 2007
NATIONAL WEATHER SERVICE: for Safety, for Work, for Fun - FOR LIFE