072
CXUS54 KHGX 261421
CF611R
PRELIMINARY LOCAL CLIMATOLOGICAL DATA (WS FORM: F-6)

                                          STATION:   BRENHAM
                                          MONTH:     JANUARY
                                          YEAR:      2015
                                          LATITUDE:   30 13 N
                                          LONGITUDE:  96 22 W

  TEMPERATURE IN F:       :PCPN:    SNOW:  WIND      :SUNSHINE: SKY     :PK WND
================================================================================
1   2   3   4   5  6A  6B    7    8   9   10  11  12  13   14  15   16   17  18
                                     12Z  AVG MX 2MIN
DY MAX MIN AVG DEP HDD CDD  WTR  SNW DPTH SPD SPD DIR MIN PSBL S-S WX    SPD DR
================================================================================

 1  44  39  42   M  23   0 0.44    M    0  6.5 12 360   M    M  10 1       M  M
 2  47  44  46   M  19   0 0.23  0.0    0  6.0  8 340   M    M  10 13      M  M
 3  52  42  47   M  18   0 0.26  0.0    0  4.6 16 310   M    M   6 13     20 310
 4  48  35  42   M  23   0 0.00  0.0    0 11.0 25 330   M    M   0        30 330
 5  51  30  41   M  24   0 0.00  0.0    0  3.2  8 350   M    M   0         M  M
 6  67  36  52   M  13   0 0.00  0.0    0  1.5  6 190   M    M   0         M  M
 7  56  33  45   M  20   0 0.00  0.0    0 10.8 24 360   M    M   1        31 360
 8  40  25  33   M  32   0 0.00  0.0    0  5.7 16 360   M    M   1        25 360
 9  40  36  38   M  27   0 0.11  0.0    0  5.1 12  10   M    M   6        18  20
10  39  36  38   M  27   0 0.12    M    0  5.0  7  50   M    M   6         M  M
11  46  37  42   M  23   0 0.43    M    0  4.1 10 360   M    M  10 13     16 360
12  47  44  46   M  19   0 0.00  0.0    0  7.6 20 360   M    M  10 1      20 360
13  44  40  42   M  23   0 0.01  0.0    0  9.9 15 350   M    M  10 1      20 360
14  45  41  43   M  22   0 0.00  0.0    0  6.3 10 360   M    M   5 1       M  M
15  55  38  47   M  18   0 0.00  0.0    0  8.1 16 330   M    M   2 1      18 330
16  64  31  48   M  17   0 0.00  0.0    0  1.2  5 130   M    M   0 1       M  M
17  69  39  54   M  11   0 0.00  0.0    0  5.6 16 340   M    M   0        20 210
18  71  43  57   M   8   0 0.00  0.0    0  3.9 12 340   M    M   0         M  M
19  74  39  57   M   8   0 0.00  0.0    0  4.7 15 220   M    M   0 1      22 220
20  77  54  66   M   0   1 0.00  0.0    0  3.8 10 200   M    M   4 12      M  M
21  64  54  59   M   6   0 0.10  0.0    0  4.2 12  80   M    M   9 1      18  80
22  54  44  49   M  16   0 1.29    M    0 11.7 21  50   M    M   9        28  50
23  46  39  43   M  22   0 0.09    M    0  9.5 17 340   M    M   6        23 350
24  61  37  49   M  16   0 0.00  0.0    0  4.4  9 250   M    M   0         M  M
25  71  41  56   M   9   0 0.00  0.0    0  6.3 13 320   M    M   0        22 320
================================================================================
SM 1372  977       444   1  3.08     0.0 150.7          M      105
================================================================================
AV 54.9 39.1                               6.0 FASTST   M    M   4    MAX(MPH)
                                 MISC ---->    25   M                 31    M
================================================================================
NOTES:
# LAST OF SEVERAL OCCURRENCES

COLUMN 17 PEAK WIND IN M.P.H.

PRELIMINARY LOCAL CLIMATOLOGICAL DATA (WS FORM: F-6) , PAGE 2

                                          STATION:  BRENHAM
                                          MONTH:    JANUARY
                                          YEAR:     2015
                                          LATITUDE:   30 13 N
                                          LONGITUDE:  96 22 W

[TEMPERATURE DATA]      [PRECIPITATION DATA]       SYMBOLS USED IN COLUMN 16

AVERAGE MONTHLY: 47.0   TOTAL FOR MONTH:   3.08    1 = FOG OR MIST
DPTR FM NORMAL:     M   DPTR FM NORMAL:       M    2 = FOG REDUCING VISIBILITY
HIGHEST:    77 ON 20    GRTST 24HR  1.29 ON 22-22      TO 1/4 MILE OR LESS
LOWEST:     25 ON  8                               3 = THUNDER
                        SNOW, ICE PELLETS, HAIL    4 = ICE PELLETS
                        TOTAL MONTH:   0.0 INCH    5 = HAIL
                        GRTST 24HR     0.0         6 = FREEZING RAIN OR DRIZZLE
                        GRTST DEPTH:   0           7 = DUSTSTORM OR SANDSTORM:
                                                       VSBY 1/2 MILE OR LESS
                                                   8 = SMOKE OR HAZE
[NO. OF DAYS WITH]      [WEATHER - DAYS WITH]      9 = BLOWING SNOW
                                                   X = TORNADO
MAX 32 OR BELOW:   0    0.01 INCH OR MORE:  10
MAX 90 OR ABOVE:   0    0.10 INCH OR MORE:   8
MIN 32 OR BELOW:   3    0.50 INCH OR MORE:   1
MIN  0 OR BELOW:   0    1.00 INCH OR MORE:   1

[HDD (BASE 65) ]
TOTAL THIS MO.   444    CLEAR  (SCALE 0-3)  12
DPTR FM NORMAL     M    PTCLDY (SCALE 4-7)   6
TOTAL FM JUL 1   981    CLOUDY (SCALE 8-10)  7
DPTR FM NORMAL     M

[CDD (BASE 65) ]
TOTAL THIS MO.     1
DPTR FM NORMAL     M    [PRESSURE DATA]
TOTAL FM JAN 1     1    HIGHEST SLP M ON M
DPTR FM NORMAL     M    LOWEST  SLP M ON M

[REMARKS]




U.S. Dept. of Commerce
NOAA National Weather Service
1325 East West Highway
Silver Spring, MD 20910
E-mail: w-nws.webmaster@noaa.gov
Page last modified: May 16, 2007
NATIONAL WEATHER SERVICE: for Safety, for Work, for Fun - FOR LIFE