186
CXUS54 KFWD 280730
CF60F2
PRELIMINARY LOCAL CLIMATOLOGICAL DATA (WS FORM: F-6)

                                          STATION:   BOWIE
                                          MONTH:     NOVEMBER
                                          YEAR:      2014
                                          LATITUDE:   33 36 N
                                          LONGITUDE:  97 47 W

  TEMPERATURE IN F:       :PCPN:    SNOW:  WIND      :SUNSHINE: SKY     :PK WND
================================================================================
1   2   3   4   5  6A  6B    7    8   9   10  11  12  13   14  15   16   17  18
                                     12Z  AVG MX 2MIN
DY MAX MIN AVG DEP HDD CDD  WTR  SNW DPTH SPD SPD DIR MIN PSBL S-S WX    SPD DR
================================================================================

 1   M   M   M   M   M   M    M    M    M   M   M   M   M    M   M         M  M
 2   M   M   M   M   M   M    M    M    M   M   M   M   M    M   M         M  M
 3   M   M   M   M   M   M    M    M    M   M   M   M   M    M   M         M  M
 4   M   M   M   M   M   M    M    M    M   M   M   M   M    M   M         M  M
 5  58  46  52  -5  13   0    M  0.0    0  2.4  7 340   M    M   M         M  M
 6  70  44  57   0   8   0 0.00  0.0    0  4.9  9 350   M    M   0         M  M
 7  69  39  54  -2  11   0 0.00  0.0    0  5.9 15 170   M    M   0        21 170
 8  67  45  56   0   9   0 0.00  0.0    0  8.1 23 350   M    M   0        29 350
 9  75  36  56   1   9   0 0.00  0.0    0  6.6 16 180   M    M   0        22 180
10  80  49  65  10   0   0 0.00  0.0    0 12.6 21 180   M    M   0        32 180
11  49  32  41 -13  24   0 0.00  0.0    0 17.4 27 340   M    M   3        40 330
12  35  27  31 -23  34   0 0.00  0.0    0 14.0 20 340   M    M   7        27 350
13  35  26  31 -23  34   0 0.00  0.0    0  9.9 17 330   M    M   6        24 340
14  40  23  32 -21  33   0 0.00  0.0    0  1.9  7 140   M    M   6         M  M
15  48  28  38 -15  27   0 0.00  0.0    0  8.6 17 160   M    M   4 1      25 150
16  41  23  32 -20  33   0    M    M    0 10.8 20 330   M    M  10 1      24 350
17  39  20  30 -22  35   0 0.00  0.0    M  7.3 17 320   M    M   0        23 320
18  55  19  37 -15  28   0 0.00  0.0    0  5.0 15 240   M    M   0        21 250
19  62  33  48  -3  17   0 0.00  0.0    0  4.9 12 250   M    M   0         M  M
20  71  36  54   3  11   0 0.00  0.0    0  4.1 14 170   M    M   0        20 180
21  72  52  62  12   3   0 0.00  0.0    0  8.5 10 150   M    M   9 1      18 150
22  63  53  58   8   7   0 1.63  0.0    0  7.3 12 160   M    M   8 13     17 160
23  72  46  59  10   6   0 0.01  0.0    0 12.7 32 320   M    M   2        41 320
24  60  34  47  -2  18   0 0.00  0.0    0  6.4 13 290   M    M   0        18 300
25  57  32  45  -3  20   0 0.00  0.0    0  3.5 10 280   M    M   0         M  M
26  60  33  47  -1  18   0 0.00  0.0    0  8.2 17 340   M    M   0        23 340
27  56  31  44  -4  21   0 0.00  0.0    0  4.1  8 190   M    M   0         M  M
================================================================================
SM 1334  807       419   0  1.64     0.0 175.1          M       55
================================================================================
AV 58.0 35.1                               7.6 FASTST   M    M   3    MAX(MPH)
                                 MISC ---->    32   M                 41    M
================================================================================
NOTES:
# LAST OF SEVERAL OCCURRENCES

COLUMN 17 PEAK WIND IN M.P.H.

PRELIMINARY LOCAL CLIMATOLOGICAL DATA (WS FORM: F-6) , PAGE 2

                                          STATION:  BOWIE
                                          MONTH:    NOVEMBER
                                          YEAR:     2014
                                          LATITUDE:   33 36 N
                                          LONGITUDE:  97 47 W

[TEMPERATURE DATA]      [PRECIPITATION DATA]       SYMBOLS USED IN COLUMN 16

AVERAGE MONTHLY: 46.5   TOTAL FOR MONTH:   1.64    1 = FOG OR MIST
DPTR FM NORMAL:  -6.6   DPTR FM NORMAL:   -0.37    2 = FOG REDUCING VISIBILITY
HIGHEST:    80 ON 10    GRTST 24HR  1.63 ON 22-22      TO 1/4 MILE OR LESS
LOWEST:     19 ON 18                               3 = THUNDER
                        SNOW, ICE PELLETS, HAIL    4 = ICE PELLETS
                        TOTAL MONTH:   0.0 INCH    5 = HAIL
                        GRTST 24HR     0.0         6 = FREEZING RAIN OR DRIZZLE
                        GRTST DEPTH:   0           7 = DUSTSTORM OR SANDSTORM:
                                                       VSBY 1/2 MILE OR LESS
                                                   8 = SMOKE OR HAZE
[NO. OF DAYS WITH]      [WEATHER - DAYS WITH]      9 = BLOWING SNOW
                                                   X = TORNADO
MAX 32 OR BELOW:   0    0.01 INCH OR MORE:   2
MAX 90 OR ABOVE:   0    0.10 INCH OR MORE:   1
MIN 32 OR BELOW:  10    0.50 INCH OR MORE:   1
MIN  0 OR BELOW:   0    1.00 INCH OR MORE:   1

[HDD (BASE 65) ]
TOTAL THIS MO.   419    CLEAR  (SCALE 0-3)  15
DPTR FM NORMAL    90    PTCLDY (SCALE 4-7)   4
TOTAL FM JUL 1   470    CLOUDY (SCALE 8-10)  3
DPTR FM NORMAL     1

[CDD (BASE 65) ]
TOTAL THIS MO.     0
DPTR FM NORMAL    -9    [PRESSURE DATA]
TOTAL FM JAN 1  2286    HIGHEST SLP M ON M
DPTR FM NORMAL   215    LOWEST  SLP M ON M

[REMARKS]




U.S. Dept. of Commerce
NOAA National Weather Service
1325 East West Highway
Silver Spring, MD 20910
E-mail: w-nws.webmaster@noaa.gov
Page last modified: May 16, 2007
NATIONAL WEATHER SERVICE: for Safety, for Work, for Fun - FOR LIFE