797
CXUS54 KFWD 220730
CF60F2
PRELIMINARY LOCAL CLIMATOLOGICAL DATA (WS FORM: F-6)

                                          STATION:   BOWIE
                                          MONTH:     SEPTEMBER
                                          YEAR:      2014
                                          LATITUDE:   33 36 N
                                          LONGITUDE:  97 47 W

  TEMPERATURE IN F:       :PCPN:    SNOW:  WIND      :SUNSHINE: SKY     :PK WND
================================================================================
1   2   3   4   5  6A  6B    7    8   9   10  11  12  13   14  15   16   17  18
                                     12Z  AVG MX 2MIN
DY MAX MIN AVG DEP HDD CDD  WTR  SNW DPTH SPD SPD DIR MIN PSBL S-S WX    SPD DR
================================================================================

 1  95  75  85   5   0  20 0.00  0.0    0 11.8 18 170   M    M   0        25 150
 2  94  75  85   6   0  20 0.00  0.0    0  8.0 14 160   M    M   0        22 140
 3  95  75  85   6   0  20 0.00  0.0    0  9.8 17 190   M    M   1        25 170
 4  94  72  83   4   0  18 0.00  0.0    0  7.7 15 180   M    M   1        24 140
 5  95  71  83   5   0  18 0.00  0.0    0  5.3 14 190   M    M   1        17 170
 6  81  67  74  -4   0   9 0.00  0.0    0  7.8 17 350   M    M   7        21 350
 7  83  66  75  -3   0  10 0.04  0.0    0  3.6  8 350   M    M   8 3       M  M
 8  94  67  81   4   0  16 0.00  0.0    0  3.7  9 180   M    M   1 1       M  M
 9  97  74  86   9   0  21 0.00  0.0    0  9.6 16 180   M    M   0        30 180
10 101  73  87  11   0  22 0.05  0.0    0 11.2 17 190   M    M   3 3      24 180
11  76  68  72  -4   0   7 0.00  0.0    0  7.9 12 350   M    M   9        17  10
12  68  56  62 -14   3   0 0.57  0.0    0 10.2 16 350   M    M  10 13     23 350
13  69  54  62 -13   3   0 0.00  0.0    0  5.4 12 360   M    M   7        17  10
14  78  57  68  -7   0   3 0.00  0.0    0  2.1  8 150   M    M   2 1       M  M
15  85  66  76   2   0  11 0.01  0.0    0  2.9  8 170   M    M   3         M  M
16  88  70  79   5   0  14 0.00  0.0    0  1.5  6 170   M    M   3 1       M  M
17  92  69  81   7   0  16 0.00  0.0    0  1.9  7 150   M    M   1 1       M  M
18  85  70  78   5   0  13 0.00  0.0    0  2.0  8  60   M    M   2 1      17  60
19  85  66  76   3   0  11 0.00  0.0    0  4.1 10 160   M    M   5 1      17 160
20  89  69  79   7   0  14 0.00  0.0    0  3.4 12 150   M    M   4 1       M  M
21  93  64  79   7   0  14 0.00  0.0    0  2.6  8  30   M    M   2         M  M
================================================================================
SM 1837 1424         6 277  0.67     0.0 122.5          M       70
================================================================================
AV 87.5 67.8                               5.8 FASTST   M    M   3    MAX(MPH)
                                 MISC ---->    18   M                 30    M
================================================================================
NOTES:
# LAST OF SEVERAL OCCURRENCES

COLUMN 17 PEAK WIND IN M.P.H.

PRELIMINARY LOCAL CLIMATOLOGICAL DATA (WS FORM: F-6) , PAGE 2

                                          STATION:  BOWIE
                                          MONTH:    SEPTEMBER
                                          YEAR:     2014
                                          LATITUDE:   33 36 N
                                          LONGITUDE:  97 47 W

[TEMPERATURE DATA]      [PRECIPITATION DATA]       SYMBOLS USED IN COLUMN 16

AVERAGE MONTHLY: 77.6   TOTAL FOR MONTH:   0.67    1 = FOG OR MIST
DPTR FM NORMAL:   1.7   DPTR FM NORMAL:   -1.78    2 = FOG REDUCING VISIBILITY
HIGHEST:   101 ON 10    GRTST 24HR  0.57 ON 12-12      TO 1/4 MILE OR LESS
LOWEST:     54 ON 13                               3 = THUNDER
                        SNOW, ICE PELLETS, HAIL    4 = ICE PELLETS
                        TOTAL MONTH:   0.0 INCH    5 = HAIL
                        GRTST 24HR     0.0         6 = FREEZING RAIN OR DRIZZLE
                        GRTST DEPTH:   0           7 = DUSTSTORM OR SANDSTORM:
                                                       VSBY 1/2 MILE OR LESS
                                                   8 = SMOKE OR HAZE
[NO. OF DAYS WITH]      [WEATHER - DAYS WITH]      9 = BLOWING SNOW
                                                   X = TORNADO
MAX 32 OR BELOW:   0    0.01 INCH OR MORE:   4
MAX 90 OR ABOVE:  10    0.10 INCH OR MORE:   1
MIN 32 OR BELOW:   0    0.50 INCH OR MORE:   1
MIN  0 OR BELOW:   0    1.00 INCH OR MORE:   0

[HDD (BASE 65) ]
TOTAL THIS MO.     6    CLEAR  (SCALE 0-3)  12
DPTR FM NORMAL     2    PTCLDY (SCALE 4-7)   7
TOTAL FM JUL 1     6    CLOUDY (SCALE 8-10)  2
DPTR FM NORMAL     2

[CDD (BASE 65) ]
TOTAL THIS MO.   277
DPTR FM NORMAL    42    [PRESSURE DATA]
TOTAL FM JAN 1  2046    HIGHEST SLP M ON M
DPTR FM NORMAL   120    LOWEST  SLP M ON M

[REMARKS]




U.S. Dept. of Commerce
NOAA National Weather Service
1325 East West Highway
Silver Spring, MD 20910
E-mail: w-nws.webmaster@noaa.gov
Page last modified: May 16, 2007
NATIONAL WEATHER SERVICE: for Safety, for Work, for Fun - FOR LIFE