265
CXUS54 KFWD 300730
CF60F2
PRELIMINARY LOCAL CLIMATOLOGICAL DATA (WS FORM: F-6)

                                          STATION:   BOWIE
                                          MONTH:     AUGUST
                                          YEAR:      2014
                                          LATITUDE:   33 36 N
                                          LONGITUDE:  97 47 W

  TEMPERATURE IN F:       :PCPN:    SNOW:  WIND      :SUNSHINE: SKY     :PK WND
================================================================================
1   2   3   4   5  6A  6B    7    8   9   10  11  12  13   14  15   16   17  18
                                     12Z  AVG MX 2MIN
DY MAX MIN AVG DEP HDD CDD  WTR  SNW DPTH SPD SPD DIR MIN PSBL S-S WX    SPD DR
================================================================================

 1  82  65  74  -9   0   9 0.00  0.0    0  3.6  7  30   M    M   5         M  M
 2  87  61  74  -9   0   9 0.00  0.0    0  1.8  7  80   M    M   2 1       M  M
 3  90  64  77  -6   0  12 0.00  0.0    0  1.8  6  40   M    M   1         M  M
 4  91  66  79  -4   0  14 0.00  0.0    0  1.8  6  90   M    M   1         M  M
 5  92  66  79  -4   0  14 0.00  0.0    0  3.2  7 130   M    M   1         M  M
 6  97  74  86   3   0  21 0.00  0.0    0  6.3 13 170   M    M   0        16 180
 7  96  75  86   3   0  21 0.11  0.0    0  5.9 12  90   M    M   2 3      21  90
 8  97  75  86   3   0  21    M  0.0    0  3.2 12 140   M    M   2 3      21 140
 9  98  71  85   2   0  20 0.05  0.0    0  3.6 17 320   M    M   2 3      23 320
10  98  75  87   4   0  22 0.13  0.0    0  4.8 16 350   M    M   3 3      27 350
11  93  71  82  -1   0  17 0.00  0.0    0  4.5 12  10   M    M   3         M  M
12  91  70  81  -2   0  16 0.00  0.0    0  5.0 13  10   M    M   0        20  30
13  91  65  78  -5   0  13 0.00  0.0    0  2.3  7  90   M    M   0         M  M
14  94  65  80  -3   0  15 0.00  0.0    0  4.0 12 160   M    M   0         M  M
15  97  67  82  -1   0  17 0.00  0.0    0  6.3 12 150   M    M   0        18 140
16  93  74  84   1   0  19 0.00  0.0    0  5.7 10 220   M    M   2 3       M  M
17  94  74  84   1   0  19 0.00  0.0    0  6.9 16 150   M    M   1 3      25 150
18  96  68  82   0   0  17 0.00  0.0    0  3.7 12 210   M    M   0        17 220
19  92  67  80  -2   0  15 0.00  0.0    0  6.7 15 170   M    M   3        18 170
20  97  76  87   5   0  22 0.03  0.0    0 10.4 16 150   M    M   2        25 170
21  97  76  87   5   0  22 0.09  0.0    0  9.4 16 180   M    M   1 3      23 180
22  99  77  88   6   0  23 0.00  0.0    0  8.7 16 200   M    M   0        24 160
23  99  73  86   4   0  21 0.00  0.0    0  7.0 13 170   M    M   0        18 170
24  98  71  85   3   0  20 0.00  0.0    0  5.3 16 180   M    M   0        20 140
25 101  71  86   5   0  21 0.00  0.0    0  4.1  9 170   M    M   1         M  M
26  99  72  86   5   0  21 0.00  0.0    0  3.9 10  90   M    M   1        20  90
27  96  71  84   3   0  19 0.00  0.0    0  2.9  8 160   M    M   1        20 120
28  95  68  82   1   0  17    M  0.0    0  5.6 21 320   M    M   2 38     33 320
29  84  66  75  -5   0  10 0.94  0.0    0  2.6  8 210   M    M   3 3       M  M
================================================================================
SM 2734 2034         0 507  1.35     0.0 141.0          M       39
================================================================================
AV 94.3 70.1                               4.9 FASTST   M    M   1    MAX(MPH)
                                 MISC ---->    21   M                 33    M
================================================================================
NOTES:
# LAST OF SEVERAL OCCURRENCES

COLUMN 17 PEAK WIND IN M.P.H.

PRELIMINARY LOCAL CLIMATOLOGICAL DATA (WS FORM: F-6) , PAGE 2

                                          STATION:  BOWIE
                                          MONTH:    AUGUST
                                          YEAR:     2014
                                          LATITUDE:   33 36 N
                                          LONGITUDE:  97 47 W

[TEMPERATURE DATA]      [PRECIPITATION DATA]       SYMBOLS USED IN COLUMN 16

AVERAGE MONTHLY: 82.2   TOTAL FOR MONTH:   1.35    1 = FOG OR MIST
DPTR FM NORMAL:  -0.2   DPTR FM NORMAL:   -0.54    2 = FOG REDUCING VISIBILITY
HIGHEST:   101 ON 25    GRTST 24HR  0.94 ON 29-29      TO 1/4 MILE OR LESS
LOWEST:     61 ON  2                               3 = THUNDER
                        SNOW, ICE PELLETS, HAIL    4 = ICE PELLETS
                        TOTAL MONTH:   0.0 INCH    5 = HAIL
                        GRTST 24HR     0.0         6 = FREEZING RAIN OR DRIZZLE
                        GRTST DEPTH:   0           7 = DUSTSTORM OR SANDSTORM:
                                                       VSBY 1/2 MILE OR LESS
                                                   8 = SMOKE OR HAZE
[NO. OF DAYS WITH]      [WEATHER - DAYS WITH]      9 = BLOWING SNOW
                                                   X = TORNADO
MAX 32 OR BELOW:   0    0.01 INCH OR MORE:   6
MAX 90 OR ABOVE:  26    0.10 INCH OR MORE:   3
MIN 32 OR BELOW:   0    0.50 INCH OR MORE:   1
MIN  0 OR BELOW:   0    1.00 INCH OR MORE:   0

[HDD (BASE 65) ]
TOTAL THIS MO.     0    CLEAR  (SCALE 0-3)  26
DPTR FM NORMAL     0    PTCLDY (SCALE 4-7)   3
TOTAL FM JUL 1     0    CLOUDY (SCALE 8-10)  0
DPTR FM NORMAL     0

[CDD (BASE 65) ]
TOTAL THIS MO.   507
DPTR FM NORMAL     2    [PRESSURE DATA]
TOTAL FM JAN 1  1734    HIGHEST SLP M ON M
DPTR FM NORMAL    74    LOWEST  SLP M ON M

[REMARKS]




U.S. Dept. of Commerce
NOAA National Weather Service
1325 East West Highway
Silver Spring, MD 20910
E-mail: w-nws.webmaster@noaa.gov
Page last modified: May 16, 2007
NATIONAL WEATHER SERVICE: for Safety, for Work, for Fun - FOR LIFE