943
CXUS54 KFWD 170730
CF60F2
PRELIMINARY LOCAL CLIMATOLOGICAL DATA (WS FORM: F-6)

                                          STATION:   BOWIE
                                          MONTH:     APRIL
                                          YEAR:      2014
                                          LATITUDE:   33 36 N
                                          LONGITUDE:  97 47 W

  TEMPERATURE IN F:       :PCPN:    SNOW:  WIND      :SUNSHINE: SKY     :PK WND
================================================================================
1   2   3   4   5  6A  6B    7    8   9   10  11  12  13   14  15   16   17  18
                                     12Z  AVG MX 2MIN
DY MAX MIN AVG DEP HDD CDD  WTR  SNW DPTH SPD SPD DIR MIN PSBL S-S WX    SPD DR
================================================================================

 1  84  61  73  15   0   8 0.00  0.0    0 11.3 28 150   M    M   3        36 150
 2  82  68  75  17   0  10 0.00  0.0    0 14.4 18 140   M    M   5        27 140
 3  90  53  72  14   0   7 0.00  0.0    0 13.9 24 310   M    M   2 13     35 320
 4  66  36  51  -7  14   0 0.00  0.0    0  9.6 24 300   M    M   0        30 300
 5  62  46  54  -5  11   0 0.00  0.0    0  6.2 10 110   M    M   4        21  90
 6  51  44  48 -11  17   0 0.99  0.0    0  6.2 10  60   M    M  10 13     16  60
 7  67  48  58  -1   7   0 0.20  0.0    0  5.7 14 300   M    M   7 13      M  M
 8  70  45  58  -2   7   0 0.00  0.0    0 12.0 24 310   M    M   0        31 310
 9  83  41  62   2   3   0 0.00  0.0    0  8.5 17 140   M    M   0        25 140
10  90  59  75  15   0  10 0.00  0.0    0 12.8 18 160   M    M   0        25 160
11  83  58  71  11   0   6 0.00  0.0    0  8.6 14 120   M    M   0        22 120
12  85  62  74  13   0   9 0.00  0.0    0 14.9 18 140   M    M   1        33 140
13  81  50  66   5   0   1 0.28  0.0    0 17.6 24 150   M    M   3 3      36 150
14  53  37  45 -16  20   0 0.00  0.0    0 19.4 27 320   M    M   7        38 320
15  64  33  49 -13  16   0 0.00  0.0    0  4.3 10 150   M    M   0         M  M
16  68  42  55  -7  10   0 0.00  0.0    0 11.9 20 150   M    M   0        31 150
================================================================================
SM 1179  783       105  51  1.47     0.0 177.3          M       42
================================================================================
AV 73.7 48.9                              11.1 FASTST   M    M   3    MAX(MPH)
                                 MISC ---->    28   M               # 38  320
================================================================================
NOTES:
# LAST OF SEVERAL OCCURRENCES

COLUMN 17 PEAK WIND IN M.P.H.

PRELIMINARY LOCAL CLIMATOLOGICAL DATA (WS FORM: F-6) , PAGE 2

                                          STATION:  BOWIE
                                          MONTH:    APRIL
                                          YEAR:     2014
                                          LATITUDE:   33 36 N
                                          LONGITUDE:  97 47 W

[TEMPERATURE DATA]      [PRECIPITATION DATA]       SYMBOLS USED IN COLUMN 16

AVERAGE MONTHLY: 61.3   TOTAL FOR MONTH:   1.47    1 = FOG OR MIST
DPTR FM NORMAL:   1.6   DPTR FM NORMAL:    0.18    2 = FOG REDUCING VISIBILITY
HIGHEST:    90 ON 10, 3 GRTST 24HR  0.99 ON  6- 6      TO 1/4 MILE OR LESS
LOWEST:     33 ON 15                               3 = THUNDER
                        SNOW, ICE PELLETS, HAIL    4 = ICE PELLETS
                        TOTAL MONTH:   0.0 INCH    5 = HAIL
                        GRTST 24HR     0.0         6 = FREEZING RAIN OR DRIZZLE
                        GRTST DEPTH:   0           7 = DUSTSTORM OR SANDSTORM:
                                                       VSBY 1/2 MILE OR LESS
                                                   8 = SMOKE OR HAZE
[NO. OF DAYS WITH]      [WEATHER - DAYS WITH]      9 = BLOWING SNOW
                                                   X = TORNADO
MAX 32 OR BELOW:   0    0.01 INCH OR MORE:   3
MAX 90 OR ABOVE:   2    0.10 INCH OR MORE:   3
MIN 32 OR BELOW:   0    0.50 INCH OR MORE:   1
MIN  0 OR BELOW:   0    1.00 INCH OR MORE:   0

[HDD (BASE 65) ]
TOTAL THIS MO.   105    CLEAR  (SCALE 0-3)  10
DPTR FM NORMAL    -2    PTCLDY (SCALE 4-7)   5
TOTAL FM JUL 1  3310    CLOUDY (SCALE 8-10)  1
DPTR FM NORMAL   311

[CDD (BASE 65) ]
TOTAL THIS MO.    51
DPTR FM NORMAL    28    [PRESSURE DATA]
TOTAL FM JAN 1    59    HIGHEST SLP M ON M
DPTR FM NORMAL    21    LOWEST  SLP M ON M

[REMARKS]




U.S. Dept. of Commerce
NOAA National Weather Service
1325 East West Highway
Silver Spring, MD 20910
E-mail: w-nws.webmaster@noaa.gov
Page last modified: May 16, 2007
NATIONAL WEATHER SERVICE: for Safety, for Work, for Fun - FOR LIFE